-- https://www.phpmyadmin.net/
--

START TRANSACTION;



--
-- Database: `dhakapri_dhakaprinting`
--

-- --------------------------------------------------------

--
-- Table structure for table `activations`
--

CREATE TABLE `activations` (
  `id` bigint(20) UNSIGNED NOT NULL,
  `user_id` bigint(20) UNSIGNED NOT NULL,
  `code` varchar(120) NOT NULL,
  `completed` tinyint(1) NOT NULL DEFAULT 0,
  `completed_at` timestamp NULL DEFAULT NULL,
  `created_at` timestamp NULL DEFAULT NULL,
  `updated_at` timestamp NULL DEFAULT NULL
) ENGINE=InnoDB DEFAULT CHARSET=utf8mb4 COLLATE=utf8mb4_unicode_ci;

--
-- Dumping data for table `activations`
--

INSERT INTO `activations` (`id`, `user_id`, `code`, `completed`, `completed_at`, `created_at`, `updated_at`) VALUES
(1, 1, 'fik8WDzyM5taBP6Eu1hEgx11ix748Efu', 1, '2023-05-02 21:10:13', '2023-05-02 21:10:13', '2023-05-02 21:10:13'),
(2, 2, 'fKdPwWjZoAZ7XNDWVJY1GjrqRrdzysdi', 1, '2023-05-02 21:10:13', '2023-05-02 21:10:13', '2023-05-02 21:10:13');

-- --------------------------------------------------------

--
-- Table structure for table `admin_notifications`
--

CREATE TABLE `admin_notifications` (
  `id` bigint(20) UNSIGNED NOT NULL,
  `title` varchar(191) NOT NULL,
  `action_label` varchar(191) DEFAULT NULL,
  `action_url` varchar(191) DEFAULT NULL,
  `description` varchar(400) NOT NULL,
  `read_at` timestamp NULL DEFAULT NULL,
  `created_at` timestamp NULL DEFAULT NULL,
  `updated_at` timestamp NULL DEFAULT NULL,
  `permission` varchar(191) DEFAULT NULL
) ENGINE=InnoDB DEFAULT CHARSET=utf8mb4 COLLATE=utf8mb4_unicode_ci;

-- --------------------------------------------------------

--
-- Table structure for table `ads_translations`
--

CREATE TABLE `ads_translations` (
  `lang_code` varchar(191) NOT NULL,
  `ads_id` bigint(20) UNSIGNED NOT NULL,
  `name` varchar(255) DEFAULT NULL,
  `image` varchar(255) DEFAULT NULL,
  `url` varchar(255) DEFAULT NULL
) ENGINE=InnoDB DEFAULT CHARSET=utf8mb4 COLLATE=utf8mb4_unicode_ci;

-- --------------------------------------------------------

--
-- Table structure for table `audit_histories`
--

CREATE TABLE `audit_histories` (
  `id` bigint(20) UNSIGNED NOT NULL,
  `user_id` bigint(20) UNSIGNED NOT NULL,
  `module` varchar(60) NOT NULL,
  `request` text DEFAULT NULL,
  `action` varchar(120) NOT NULL,
  `user_agent` text DEFAULT NULL,
  `ip_address` varchar(39) DEFAULT NULL,
  `reference_user` bigint(20) UNSIGNED NOT NULL,
  `reference_id` bigint(20) UNSIGNED NOT NULL,
  `reference_name` varchar(255) NOT NULL,
  `type` varchar(20) NOT NULL,
  `created_at` timestamp NULL DEFAULT NULL,
  `updated_at` timestamp NULL DEFAULT NULL
) ENGINE=InnoDB DEFAULT CHARSET=utf8mb4 COLLATE=utf8mb4_unicode_ci;

--
-- Dumping data for table `audit_histories`
--

INSERT INTO `audit_histories` (`id`, `user_id`, `module`, `request`, `action`, `user_agent`, `ip_address`, `reference_user`, `reference_id`, `reference_name`, `type`, `created_at`, `updated_at`) VALUES
(245, 2, 'to the system', NULL, 'logged in', 'Mozilla/5.0 (Windows NT 10.0; Win64; x64) AppleWebKit/537.36 (KHTML, like Gecko) Chrome/136.0.0.0 Safari/537.36', '202.181.6.5', 0, 2, 'Dhaka Prinitng', 'info', '2025-05-21 05:19:36', '2025-05-21 05:19:36'),
(246, 2, 'to the system', NULL, 'logged in', 'Mozilla/5.0 (Windows NT 10.0; Win64; x64) AppleWebKit/537.36 (KHTML, like Gecko) Chrome/136.0.0.0 Safari/537.36', '202.181.6.5', 0, 2, 'Dhaka Prinitng', 'info', '2025-05-21 18:38:31', '2025-05-21 18:38:31'),
(247, 2, 'to the system', NULL, 'logged in', 'Mozilla/5.0 (Windows NT 10.0; Win64; x64) AppleWebKit/537.36 (KHTML, like Gecko) Chrome/136.0.0.0 Safari/537.36', '202.181.6.5', 0, 2, 'Dhaka Prinitng', 'info', '2025-05-22 07:44:20', '2025-05-22 07:44:20'),
(248, 2, 'to the system', NULL, 'logged in', 'Mozilla/5.0 (Windows NT 10.0; Win64; x64) AppleWebKit/537.36 (KHTML, like Gecko) Chrome/136.0.0.0 Safari/537.36', '202.181.6.5', 0, 2, 'Dhaka Prinitng', 'info', '2025-05-22 18:25:02', '2025-05-22 18:25:02'),
(249, 2, 'to the system', NULL, 'logged in', 'Mozilla/5.0 (Windows NT 10.0; Win64; x64) AppleWebKit/537.36 (KHTML, like Gecko) Chrome/136.0.0.0 Safari/537.36', '202.181.6.5', 0, 2, 'Dhaka Prinitng', 'info', '2025-05-23 18:19:04', '2025-05-23 18:19:04'),
(250, 2, 'to the system', NULL, 'logged in', 'Mozilla/5.0 (Windows NT 10.0; Win64; x64) AppleWebKit/537.36 (KHTML, like Gecko) Chrome/136.0.0.0 Safari/537.36', '202.181.6.5', 0, 2, 'Dhaka Prinitng', 'info', '2025-05-24 08:37:19', '2025-05-24 08:37:19'),
(251, 2, 'to the system', NULL, 'logged in', 'Mozilla/5.0 (Windows NT 10.0; Win64; x64) AppleWebKit/537.36 (KHTML, like Gecko) Chrome/136.0.0.0 Safari/537.36', '202.181.6.5', 0, 2, 'Dhaka Prinitng', 'info', '2025-05-25 19:07:50', '2025-05-25 19:07:50'),
(252, 2, 'to the system', NULL, 'logged in', 'Mozilla/5.0 (Windows NT 10.0; Win64; x64) AppleWebKit/537.36 (KHTML, like Gecko) Chrome/136.0.0.0 Safari/537.36', '202.181.6.5', 0, 2, 'Dhaka Prinitng', 'info', '2025-05-26 05:58:15', '2025-05-26 05:58:15'),
(253, 2, 'to the system', NULL, 'logged in', 'Mozilla/5.0 (Windows NT 10.0; Win64; x64) AppleWebKit/537.36 (KHTML, like Gecko) Chrome/136.0.0.0 Safari/537.36', '202.181.6.5', 0, 2, 'Dhaka Prinitng', 'info', '2025-05-26 16:16:56', '2025-05-26 16:16:56'),
(254, 2, 'to the system', NULL, 'logged in', 'Mozilla/5.0 (Windows NT 10.0; Win64; x64) AppleWebKit/537.36 (KHTML, like Gecko) Chrome/136.0.0.0 Safari/537.36', '202.181.6.5', 0, 2, 'Dhaka Prinitng', 'info', '2025-05-26 19:32:11', '2025-05-26 19:32:11'),
(255, 2, 'to the system', NULL, 'logged in', 'Mozilla/5.0 (Windows NT 10.0; Win64; x64) AppleWebKit/537.36 (KHTML, like Gecko) Chrome/136.0.0.0 Safari/537.36', '202.181.6.5', 0, 2, 'Dhaka Prinitng', 'info', '2025-05-27 12:44:23', '2025-05-27 12:44:23'),
(256, 2, 'to the system', NULL, 'logged in', 'Mozilla/5.0 (Windows NT 10.0; Win64; x64) AppleWebKit/537.36 (KHTML, like Gecko) Chrome/136.0.0.0 Safari/537.36', '202.181.6.5', 0, 2, 'Dhaka Prinitng', 'info', '2025-05-28 09:58:58', '2025-05-28 09:58:58'),
(257, 2, 'to the system', NULL, 'logged in', 'Mozilla/5.0 (Windows NT 10.0; Win64; x64) AppleWebKit/537.36 (KHTML, like Gecko) Chrome/136.0.0.0 Safari/537.36', '202.181.6.5', 0, 2, 'Dhaka Prinitng', 'info', '2025-05-28 13:35:16', '2025-05-28 13:35:16'),
(258, 2, 'to the system', NULL, 'logged in', 'Mozilla/5.0 (Windows NT 10.0; Win64; x64) AppleWebKit/537.36 (KHTML, like Gecko) Chrome/136.0.0.0 Safari/537.36', '202.181.6.5', 0, 2, 'Dhaka Prinitng', 'info', '2025-05-29 07:00:55', '2025-05-29 07:00:55'),
(259, 2, 'to the system', NULL, 'logged in', 'Mozilla/5.0 (Windows NT 10.0; Win64; x64) AppleWebKit/537.36 (KHTML, like Gecko) Chrome/136.0.0.0 Safari/537.36', '202.181.6.5', 0, 2, 'Dhaka Prinitng', 'info', '2025-05-29 13:55:30', '2025-05-29 13:55:30'),
(260, 2, 'to the system', NULL, 'logged in', 'Mozilla/5.0 (Windows NT 10.0; Win64; x64) AppleWebKit/537.36 (KHTML, like Gecko) Chrome/136.0.0.0 Safari/537.36', '202.181.6.5', 0, 2, 'Dhaka Prinitng', 'info', '2025-05-30 09:32:11', '2025-05-30 09:32:11'),
(261, 2, 'to the system', NULL, 'logged in', 'Mozilla/5.0 (Windows NT 10.0; Win64; x64) AppleWebKit/537.36 (KHTML, like Gecko) Chrome/136.0.0.0 Safari/537.36', '202.181.6.5', 0, 2, 'Dhaka Prinitng', 'info', '2025-05-31 09:29:46', '2025-05-31 09:29:46'),
(262, 2, 'to the system', NULL, 'logged in', 'Mozilla/5.0 (Windows NT 10.0; Win64; x64) AppleWebKit/537.36 (KHTML, like Gecko) Chrome/136.0.0.0 Safari/537.36', '202.181.6.5', 0, 2, 'Dhaka Prinitng', 'info', '2025-06-01 15:37:24', '2025-06-01 15:37:24'),
(263, 2, 'to the system', NULL, 'logged in', 'Mozilla/5.0 (Windows NT 10.0; Win64; x64) AppleWebKit/537.36 (KHTML, like Gecko) Chrome/136.0.0.0 Safari/537.36', '103.17.36.59', 0, 2, 'Dhaka Prinitng', 'info', '2025-06-02 13:17:29', '2025-06-02 13:17:29'),
(264, 2, 'to the system', NULL, 'logged in', 'Mozilla/5.0 (Windows NT 10.0; Win64; x64) AppleWebKit/537.36 (KHTML, like Gecko) Chrome/136.0.0.0 Safari/537.36', '202.181.6.5', 0, 2, 'Dhaka Prinitng', 'info', '2025-06-02 19:14:47', '2025-06-02 19:14:47'),
(265, 2, 'to the system', NULL, 'logged in', 'Mozilla/5.0 (Windows NT 10.0; Win64; x64) AppleWebKit/537.36 (KHTML, like Gecko) Chrome/137.0.0.0 Safari/537.36', '202.181.6.5', 0, 2, 'Dhaka Prinitng', 'info', '2025-06-03 17:16:22', '2025-06-03 17:16:22'),
(266, 2, 'to the system', NULL, 'logged in', 'Mozilla/5.0 (Windows NT 10.0; Win64; x64) AppleWebKit/537.36 (KHTML, like Gecko) Chrome/137.0.0.0 Safari/537.36', '59.152.5.153', 0, 2, 'Dhaka Prinitng', 'info', '2025-06-04 08:05:48', '2025-06-04 08:05:48'),
(267, 2, 'to the system', NULL, 'logged in', 'Mozilla/5.0 (Windows NT 10.0; Win64; x64) AppleWebKit/537.36 (KHTML, like Gecko) Chrome/137.0.0.0 Safari/537.36', '202.181.6.5', 0, 2, 'Dhaka Prinitng', 'info', '2025-06-04 21:18:34', '2025-06-04 21:18:34'),
(268, 2, 'to the system', NULL, 'logged in', 'Mozilla/5.0 (Windows NT 10.0; Win64; x64) AppleWebKit/537.36 (KHTML, like Gecko) Chrome/137.0.0.0 Safari/537.36', '42.0.7.237', 0, 2, 'Dhaka Prinitng', 'info', '2025-06-06 19:58:31', '2025-06-06 19:58:31'),
(269, 2, 'to the system', NULL, 'logged in', 'Mozilla/5.0 (Windows NT 10.0; Win64; x64) AppleWebKit/537.36 (KHTML, like Gecko) Chrome/137.0.0.0 Safari/537.36', '42.0.7.247', 0, 2, 'Dhaka Prinitng', 'info', '2025-06-07 15:44:49', '2025-06-07 15:44:49'),
(270, 2, 'to the system', NULL, 'logged in', 'Mozilla/5.0 (Windows NT 10.0; Win64; x64) AppleWebKit/537.36 (KHTML, like Gecko) Chrome/137.0.0.0 Safari/537.36', '42.0.7.228', 0, 2, 'Dhaka Prinitng', 'info', '2025-06-09 06:23:00', '2025-06-09 06:23:00'),
(271, 2, 'to the system', NULL, 'logged in', 'Mozilla/5.0 (Windows NT 10.0; Win64; x64) AppleWebKit/537.36 (KHTML, like Gecko) Chrome/137.0.0.0 Safari/537.36', '202.181.6.5', 0, 2, 'Dhaka Prinitng', 'info', '2025-06-18 07:16:56', '2025-06-18 07:16:56'),
(272, 2, 'to the system', NULL, 'logged in', 'Mozilla/5.0 (Windows NT 10.0; Win64; x64) AppleWebKit/537.36 (KHTML, like Gecko) Chrome/137.0.0.0 Safari/537.36', '202.181.6.5', 0, 2, 'Dhaka Prinitng', 'info', '2025-06-18 17:22:29', '2025-06-18 17:22:29'),
(273, 2, 'to the system', NULL, 'logged in', 'Mozilla/5.0 (Windows NT 10.0; Win64; x64) AppleWebKit/537.36 (KHTML, like Gecko) Chrome/137.0.0.0 Safari/537.36', '202.181.6.5', 0, 2, 'Dhaka Prinitng', 'info', '2025-06-19 02:51:57', '2025-06-19 02:51:57'),
(274, 2, 'to the system', NULL, 'logged in', 'Mozilla/5.0 (Windows NT 10.0; Win64; x64) AppleWebKit/537.36 (KHTML, like Gecko) Chrome/137.0.0.0 Safari/537.36', '202.181.6.5', 0, 2, 'Dhaka Prinitng', 'info', '2025-06-19 19:57:31', '2025-06-19 19:57:31'),
(275, 2, 'plugin-order', '{\"_method\":\"DELETE\"}', 'deleted', 'Mozilla/5.0 (Windows NT 10.0; Win64; x64) AppleWebKit/537.36 (KHTML, like Gecko) Chrome/137.0.0.0 Safari/537.36', '202.181.6.5', 2, 135, 'ID: 135', 'danger', '2025-06-19 19:58:09', '2025-06-19 19:58:09'),
(276, 2, 'contact', '{\"_method\":\"DELETE\",\"ids\":[\"116\",\"115\",\"114\",\"113\",\"112\",\"111\",\"110\",\"109\",\"108\",\"107\"],\"class\":\"Botble\\\\Contact\\\\Tables\\\\ContactTable\"}', 'deleted', 'Mozilla/5.0 (Windows NT 10.0; Win64; x64) AppleWebKit/537.36 (KHTML, like Gecko) Chrome/137.0.0.0 Safari/537.36', '202.181.6.5', 2, 116, 'Bemi Brooks', 'danger', '2025-06-19 19:58:26', '2025-06-19 19:58:26'),
(277, 2, 'contact', '{\"_method\":\"DELETE\",\"ids\":[\"116\",\"115\",\"114\",\"113\",\"112\",\"111\",\"110\",\"109\",\"108\",\"107\"],\"class\":\"Botble\\\\Contact\\\\Tables\\\\ContactTable\"}', 'deleted', 'Mozilla/5.0 (Windows NT 10.0; Win64; x64) AppleWebKit/537.36 (KHTML, like Gecko) Chrome/137.0.0.0 Safari/537.36', '202.181.6.5', 2, 115, 'SimonKes', 'danger', '2025-06-19 19:58:26', '2025-06-19 19:58:26'),
(278, 2, 'contact', '{\"_method\":\"DELETE\",\"ids\":[\"116\",\"115\",\"114\",\"113\",\"112\",\"111\",\"110\",\"109\",\"108\",\"107\"],\"class\":\"Botble\\\\Contact\\\\Tables\\\\ContactTable\"}', 'deleted', 'Mozilla/5.0 (Windows NT 10.0; Win64; x64) AppleWebKit/537.36 (KHTML, like Gecko) Chrome/137.0.0.0 Safari/537.36', '202.181.6.5', 2, 114, 'Adelaida', 'danger', '2025-06-19 19:58:26', '2025-06-19 19:58:26'),
(279, 2, 'contact', '{\"_method\":\"DELETE\",\"ids\":[\"116\",\"115\",\"114\",\"113\",\"112\",\"111\",\"110\",\"109\",\"108\",\"107\"],\"class\":\"Botble\\\\Contact\\\\Tables\\\\ContactTable\"}', 'deleted', 'Mozilla/5.0 (Windows NT 10.0; Win64; x64) AppleWebKit/537.36 (KHTML, like Gecko) Chrome/137.0.0.0 Safari/537.36', '202.181.6.5', 2, 113, 'Joanna Riggs', 'danger', '2025-06-19 19:58:26', '2025-06-19 19:58:26'),
(280, 2, 'contact', '{\"_method\":\"DELETE\",\"ids\":[\"116\",\"115\",\"114\",\"113\",\"112\",\"111\",\"110\",\"109\",\"108\",\"107\"],\"class\":\"Botble\\\\Contact\\\\Tables\\\\ContactTable\"}', 'deleted', 'Mozilla/5.0 (Windows NT 10.0; Win64; x64) AppleWebKit/537.36 (KHTML, like Gecko) Chrome/137.0.0.0 Safari/537.36', '202.181.6.5', 2, 112, 'Fae Hudd', 'danger', '2025-06-19 19:58:26', '2025-06-19 19:58:26'),
(281, 2, 'contact', '{\"_method\":\"DELETE\",\"ids\":[\"116\",\"115\",\"114\",\"113\",\"112\",\"111\",\"110\",\"109\",\"108\",\"107\"],\"class\":\"Botble\\\\Contact\\\\Tables\\\\ContactTable\"}', 'deleted', 'Mozilla/5.0 (Windows NT 10.0; Win64; x64) AppleWebKit/537.36 (KHTML, like Gecko) Chrome/137.0.0.0 Safari/537.36', '202.181.6.5', 2, 111, 'Robt Embling', 'danger', '2025-06-19 19:58:26', '2025-06-19 19:58:26'),
(282, 2, 'contact', '{\"_method\":\"DELETE\",\"ids\":[\"116\",\"115\",\"114\",\"113\",\"112\",\"111\",\"110\",\"109\",\"108\",\"107\"],\"class\":\"Botble\\\\Contact\\\\Tables\\\\ContactTable\"}', 'deleted', 'Mozilla/5.0 (Windows NT 10.0; Win64; x64) AppleWebKit/537.36 (KHTML, like Gecko) Chrome/137.0.0.0 Safari/537.36', '202.181.6.5', 2, 110, 'Eric Jones', 'danger', '2025-06-19 19:58:26', '2025-06-19 19:58:26'),
(283, 2, 'contact', '{\"_method\":\"DELETE\",\"ids\":[\"116\",\"115\",\"114\",\"113\",\"112\",\"111\",\"110\",\"109\",\"108\",\"107\"],\"class\":\"Botble\\\\Contact\\\\Tables\\\\ContactTable\"}', 'deleted', 'Mozilla/5.0 (Windows NT 10.0; Win64; x64) AppleWebKit/537.36 (KHTML, like Gecko) Chrome/137.0.0.0 Safari/537.36', '202.181.6.5', 2, 109, 'Dorothea', 'danger', '2025-06-19 19:58:26', '2025-06-19 19:58:26'),
(284, 2, 'contact', '{\"_method\":\"DELETE\",\"ids\":[\"116\",\"115\",\"114\",\"113\",\"112\",\"111\",\"110\",\"109\",\"108\",\"107\"],\"class\":\"Botble\\\\Contact\\\\Tables\\\\ContactTable\"}', 'deleted', 'Mozilla/5.0 (Windows NT 10.0; Win64; x64) AppleWebKit/537.36 (KHTML, like Gecko) Chrome/137.0.0.0 Safari/537.36', '202.181.6.5', 2, 108, 'Eric Jones', 'danger', '2025-06-19 19:58:26', '2025-06-19 19:58:26'),
(285, 2, 'contact', '{\"_method\":\"DELETE\",\"ids\":[\"116\",\"115\",\"114\",\"113\",\"112\",\"111\",\"110\",\"109\",\"108\",\"107\"],\"class\":\"Botble\\\\Contact\\\\Tables\\\\ContactTable\"}', 'deleted', 'Mozilla/5.0 (Windows NT 10.0; Win64; x64) AppleWebKit/537.36 (KHTML, like Gecko) Chrome/137.0.0.0 Safari/537.36', '202.181.6.5', 2, 107, 'Eric Jones', 'danger', '2025-06-19 19:58:26', '2025-06-19 19:58:26'),
(286, 2, 'contact', '{\"_method\":\"DELETE\",\"ids\":[\"106\",\"105\",\"104\",\"103\",\"102\"],\"class\":\"Botble\\\\Contact\\\\Tables\\\\ContactTable\"}', 'deleted', 'Mozilla/5.0 (Windows NT 10.0; Win64; x64) AppleWebKit/537.36 (KHTML, like Gecko) Chrome/137.0.0.0 Safari/537.36', '202.181.6.5', 2, 106, 'Florrie Bentham', 'danger', '2025-06-19 19:58:35', '2025-06-19 19:58:35'),
(287, 2, 'contact', '{\"_method\":\"DELETE\",\"ids\":[\"106\",\"105\",\"104\",\"103\",\"102\"],\"class\":\"Botble\\\\Contact\\\\Tables\\\\ContactTable\"}', 'deleted', 'Mozilla/5.0 (Windows NT 10.0; Win64; x64) AppleWebKit/537.36 (KHTML, like Gecko) Chrome/137.0.0.0 Safari/537.36', '202.181.6.5', 2, 105, 'Mike Thijs Smit', 'danger', '2025-06-19 19:58:35', '2025-06-19 19:58:35'),
(288, 2, 'contact', '{\"_method\":\"DELETE\",\"ids\":[\"106\",\"105\",\"104\",\"103\",\"102\"],\"class\":\"Botble\\\\Contact\\\\Tables\\\\ContactTable\"}', 'deleted', 'Mozilla/5.0 (Windows NT 10.0; Win64; x64) AppleWebKit/537.36 (KHTML, like Gecko) Chrome/137.0.0.0 Safari/537.36', '202.181.6.5', 2, 104, 'Anna Wilson', 'danger', '2025-06-19 19:58:35', '2025-06-19 19:58:35'),
(289, 2, 'contact', '{\"_method\":\"DELETE\",\"ids\":[\"106\",\"105\",\"104\",\"103\",\"102\"],\"class\":\"Botble\\\\Contact\\\\Tables\\\\ContactTable\"}', 'deleted', 'Mozilla/5.0 (Windows NT 10.0; Win64; x64) AppleWebKit/537.36 (KHTML, like Gecko) Chrome/137.0.0.0 Safari/537.36', '202.181.6.5', 2, 103, 'Nichole Marchant', 'danger', '2025-06-19 19:58:35', '2025-06-19 19:58:35'),
(290, 2, 'contact', '{\"_method\":\"DELETE\",\"ids\":[\"106\",\"105\",\"104\",\"103\",\"102\"],\"class\":\"Botble\\\\Contact\\\\Tables\\\\ContactTable\"}', 'deleted', 'Mozilla/5.0 (Windows NT 10.0; Win64; x64) AppleWebKit/537.36 (KHTML, like Gecko) Chrome/137.0.0.0 Safari/537.36', '202.181.6.5', 2, 102, 'JohnKes', 'danger', '2025-06-19 19:58:35', '2025-06-19 19:58:35'),
(291, 2, 'to the system', NULL, 'logged in', 'Mozilla/5.0 (Windows NT 10.0; Win64; x64) AppleWebKit/537.36 (KHTML, like Gecko) Chrome/137.0.0.0 Safari/537.36', '202.181.6.5', 0, 2, 'Dhaka Prinitng', 'info', '2025-06-19 20:05:48', '2025-06-19 20:05:48'),
(292, 2, 'to the system', NULL, 'logged in', 'Mozilla/5.0 (Windows NT 10.0; Win64; x64) AppleWebKit/537.36 (KHTML, like Gecko) Chrome/137.0.0.0 Safari/537.36', '202.181.6.5', 0, 2, 'Dhaka Prinitng', 'info', '2025-06-20 05:18:43', '2025-06-20 05:18:43'),
(293, 2, 'to the system', NULL, 'logged in', 'Mozilla/5.0 (Windows NT 10.0; Win64; x64) AppleWebKit/537.36 (KHTML, like Gecko) Chrome/137.0.0.0 Safari/537.36', '202.181.6.5', 0, 2, 'Dhaka Prinitng', 'info', '2025-06-20 08:03:29', '2025-06-20 08:03:29'),
(294, 2, 'to the system', NULL, 'logged in', 'Mozilla/5.0 (Windows NT 10.0; Win64; x64) AppleWebKit/537.36 (KHTML, like Gecko) Chrome/137.0.0.0 Safari/537.36', '202.181.6.5', 0, 2, 'Dhaka Prinitng', 'info', '2025-06-20 15:01:55', '2025-06-20 15:01:55'),
(295, 2, 'to the system', NULL, 'logged in', 'Mozilla/5.0 (Windows NT 10.0; Win64; x64) AppleWebKit/537.36 (KHTML, like Gecko) Chrome/137.0.0.0 Safari/537.36', '202.181.6.5', 0, 2, 'Dhaka Prinitng', 'info', '2025-06-21 04:54:06', '2025-06-21 04:54:06'),
(296, 2, 'to the system', NULL, 'logged in', 'Mozilla/5.0 (Windows NT 10.0; Win64; x64) AppleWebKit/537.36 (KHTML, like Gecko) Chrome/137.0.0.0 Safari/537.36', '202.181.6.5', 0, 2, 'Dhaka Prinitng', 'info', '2025-06-21 17:46:51', '2025-06-21 17:46:51'),
(297, 2, 'to the system', NULL, 'logged in', 'Mozilla/5.0 (Windows NT 10.0; Win64; x64) AppleWebKit/537.36 (KHTML, like Gecko) Chrome/137.0.0.0 Safari/537.36', '202.181.6.5', 0, 2, 'Dhaka Prinitng', 'info', '2025-06-22 06:09:58', '2025-06-22 06:09:58'),
(298, 2, 'to the system', NULL, 'logged in', 'Mozilla/5.0 (Windows NT 10.0; Win64; x64) AppleWebKit/537.36 (KHTML, like Gecko) Chrome/137.0.0.0 Safari/537.36', '202.181.6.5', 0, 2, 'Dhaka Prinitng', 'info', '2025-06-22 09:58:00', '2025-06-22 09:58:00'),
(299, 2, 'to the system', NULL, 'logged in', 'Mozilla/5.0 (Windows NT 10.0; Win64; x64) AppleWebKit/537.36 (KHTML, like Gecko) Chrome/137.0.0.0 Safari/537.36', '202.181.6.5', 0, 2, 'Dhaka Prinitng', 'info', '2025-06-22 21:44:18', '2025-06-22 21:44:18'),
(300, 2, 'to the system', NULL, 'logged in', 'Mozilla/5.0 (Windows NT 10.0; Win64; x64) AppleWebKit/537.36 (KHTML, like Gecko) Chrome/137.0.0.0 Safari/537.36', '202.181.6.5', 0, 2, 'Dhaka Prinitng', 'info', '2025-06-23 07:00:12', '2025-06-23 07:00:12'),
(301, 2, 'to the system', NULL, 'logged in', 'Mozilla/5.0 (Windows NT 10.0; Win64; x64) AppleWebKit/537.36 (KHTML, like Gecko) Chrome/137.0.0.0 Safari/537.36', '202.181.6.5', 0, 2, 'Dhaka Prinitng', 'info', '2025-06-24 19:48:34', '2025-06-24 19:48:34'),
(302, 2, 'to the system', NULL, 'logged in', 'Mozilla/5.0 (Windows NT 10.0; Win64; x64) AppleWebKit/537.36 (KHTML, like Gecko) Chrome/137.0.0.0 Safari/537.36', '202.181.6.5', 0, 2, 'Dhaka Prinitng', 'info', '2025-06-30 15:37:08', '2025-06-30 15:37:08');

-- --------------------------------------------------------

--
-- Table structure for table `categories`
--

CREATE TABLE `categories` (
  `id` bigint(20) UNSIGNED NOT NULL,
  `name` varchar(120) NOT NULL,
  `parent_id` bigint(20) UNSIGNED NOT NULL DEFAULT 0,
  `description` varchar(400) DEFAULT NULL,
  `status` varchar(60) NOT NULL DEFAULT 'published',
  `author_id` bigint(20) UNSIGNED NOT NULL,
  `author_type` varchar(255) NOT NULL DEFAULT 'Botble\\ACL\\Models\\User',
  `icon` varchar(60) DEFAULT NULL,
  `order` tinyint(4) NOT NULL DEFAULT 0,
  `is_featured` tinyint(4) NOT NULL DEFAULT 0,
  `is_default` tinyint(3) UNSIGNED NOT NULL DEFAULT 0,
  `created_at` timestamp NULL DEFAULT NULL,
  `updated_at` timestamp NULL DEFAULT NULL
) ENGINE=InnoDB DEFAULT CHARSET=utf8mb4 COLLATE=utf8mb4_unicode_ci;

-- --------------------------------------------------------

--
-- Table structure for table `categories_translations`
--

CREATE TABLE `categories_translations` (
  `lang_code` varchar(191) NOT NULL,
  `categories_id` bigint(20) UNSIGNED NOT NULL,
  `name` varchar(255) DEFAULT NULL,
  `description` varchar(400) DEFAULT NULL
) ENGINE=InnoDB DEFAULT CHARSET=utf8mb4 COLLATE=utf8mb4_unicode_ci;

-- --------------------------------------------------------

--
-- Table structure for table `cities`
--

CREATE TABLE `cities` (
  `id` bigint(20) UNSIGNED NOT NULL,
  `name` varchar(120) NOT NULL,
  `state_id` bigint(20) UNSIGNED NOT NULL,
  `country_id` bigint(20) UNSIGNED DEFAULT NULL,
  `record_id` varchar(40) DEFAULT NULL,
  `order` tinyint(4) NOT NULL DEFAULT 0,
  `is_default` tinyint(3) UNSIGNED NOT NULL DEFAULT 0,
  `status` varchar(60) NOT NULL DEFAULT 'published',
  `created_at` timestamp NULL DEFAULT NULL,
  `updated_at` timestamp NULL DEFAULT NULL
) ENGINE=InnoDB DEFAULT CHARSET=utf8mb4 COLLATE=utf8mb4_unicode_ci;

--
-- Dumping data for table `cities`
--

INSERT INTO `cities` (`id`, `name`, `state_id`, `country_id`, `record_id`, `order`, `is_default`, `status`, `created_at`, `updated_at`) VALUES
(1, 'Barguna ', 1, 1, NULL, 0, 0, 'published', '2024-12-30 22:03:34', '2024-12-30 22:03:34'),
(2, 'Barisal ', 1, 1, NULL, 0, 0, 'published', '2024-12-30 22:03:34', '2024-12-30 22:03:34'),
(3, 'Bhola ', 1, 1, NULL, 0, 0, 'published', '2024-12-30 22:03:34', '2024-12-30 22:03:34'),
(4, 'Jhalokati ', 1, 1, NULL, 0, 0, 'published', '2024-12-30 22:03:34', '2024-12-30 22:03:34'),
(5, 'Patuakhali ', 1, 1, NULL, 0, 0, 'published', '2024-12-30 22:03:34', '2024-12-30 22:03:34'),
(6, 'Pirojpur ', 1, 1, NULL, 0, 0, 'published', '2024-12-30 22:03:34', '2024-12-30 22:03:34'),
(7, 'Bandarban', 2, 1, NULL, 0, 0, 'published', '2024-12-30 22:03:35', '2024-12-30 22:03:35'),
(8, 'Brahmanbaria', 2, 1, NULL, 0, 0, 'published', '2024-12-30 22:03:35', '2024-12-30 22:03:35'),
(9, 'Chandpur', 2, 1, NULL, 0, 0, 'published', '2024-12-30 22:03:35', '2024-12-30 22:03:35'),
(10, 'Chittagong', 2, 1, NULL, 0, 0, 'published', '2024-12-30 22:03:35', '2024-12-30 22:03:35'),
(11, 'Comilla', 2, 1, NULL, 0, 0, 'published', '2024-12-30 22:03:35', '2024-12-30 22:03:35'),
(12, 'Cox\'s Bazar', 2, 1, NULL, 0, 0, 'published', '2024-12-30 22:03:35', '2024-12-30 22:03:35'),
(13, 'Feni', 2, 1, NULL, 0, 0, 'published', '2024-12-30 22:03:35', '2024-12-30 22:03:35'),
(14, 'Khagrachhari', 2, 1, NULL, 0, 0, 'published', '2024-12-30 22:03:35', '2024-12-30 22:03:35'),
(15, 'Lakshmipur', 2, 1, NULL, 0, 0, 'published', '2024-12-30 22:03:35', '2024-12-30 22:03:35'),
(16, 'Noakhali', 2, 1, NULL, 0, 0, 'published', '2024-12-30 22:03:35', '2024-12-30 22:03:35'),
(17, 'Rangamati', 2, 1, NULL, 0, 0, 'published', '2024-12-30 22:03:35', '2024-12-30 22:03:35'),
(18, 'Dhaka ', 3, 1, NULL, 0, 0, 'published', '2024-12-30 22:03:35', '2024-12-30 22:03:35'),
(19, 'Faridpur ', 3, 1, NULL, 0, 0, 'published', '2024-12-30 22:03:35', '2024-12-30 22:03:35'),
(20, 'Gazipur ', 3, 1, NULL, 0, 0, 'published', '2024-12-30 22:03:35', '2024-12-30 22:03:35'),
(21, 'Gopalganj ', 3, 1, NULL, 0, 0, 'published', '2024-12-30 22:03:35', '2024-12-30 22:03:35'),
(22, 'Kishoreganj ', 3, 1, NULL, 0, 0, 'published', '2024-12-30 22:03:35', '2024-12-30 22:03:35'),
(23, 'Madaripur ', 3, 1, NULL, 0, 0, 'published', '2024-12-30 22:03:35', '2024-12-30 22:03:35'),
(24, 'Manikganj ', 3, 1, NULL, 0, 0, 'published', '2024-12-30 22:03:35', '2024-12-30 22:03:35'),
(25, 'Munshiganj ', 3, 1, NULL, 0, 0, 'published', '2024-12-30 22:03:35', '2024-12-30 22:03:35'),
(26, 'Narayanganj ', 3, 1, NULL, 0, 0, 'published', '2024-12-30 22:03:35', '2024-12-30 22:03:35'),
(27, 'Narsingdi ', 3, 1, NULL, 0, 0, 'published', '2024-12-30 22:03:35', '2024-12-30 22:03:35'),
(28, 'Rajbari ', 3, 1, NULL, 0, 0, 'published', '2024-12-30 22:03:35', '2024-12-30 22:03:35'),
(29, 'Shariatpur ', 3, 1, NULL, 0, 0, 'published', '2024-12-30 22:03:35', '2024-12-30 22:03:35'),
(30, 'Tangail ', 3, 1, NULL, 0, 0, 'published', '2024-12-30 22:03:35', '2024-12-30 22:03:35'),
(31, 'Bagerhat ', 4, 1, NULL, 0, 0, 'published', '2024-12-30 22:03:35', '2024-12-30 22:03:35'),
(32, 'Chuadanga ', 4, 1, NULL, 0, 0, 'published', '2024-12-30 22:03:35', '2024-12-30 22:03:35'),
(33, 'Jessore ', 4, 1, NULL, 0, 0, 'published', '2024-12-30 22:03:35', '2024-12-30 22:03:35'),
(34, 'Jhenaidah ', 4, 1, NULL, 0, 0, 'published', '2024-12-30 22:03:35', '2024-12-30 22:03:35'),
(35, 'Khulna ', 4, 1, NULL, 0, 0, 'published', '2024-12-30 22:03:35', '2024-12-30 22:03:35'),
(36, 'Kushtia ', 4, 1, NULL, 0, 0, 'published', '2024-12-30 22:03:35', '2024-12-30 22:03:35'),
(37, 'Magura ', 4, 1, NULL, 0, 0, 'published', '2024-12-30 22:03:35', '2024-12-30 22:03:35'),
(38, 'Meherpur ', 4, 1, NULL, 0, 0, 'published', '2024-12-30 22:03:35', '2024-12-30 22:03:35'),
(39, 'Narail ', 4, 1, NULL, 0, 0, 'published', '2024-12-30 22:03:35', '2024-12-30 22:03:35'),
(40, 'Satkhira ', 4, 1, NULL, 0, 0, 'published', '2024-12-30 22:03:35', '2024-12-30 22:03:35'),
(41, 'Jamalpur ', 5, 1, NULL, 0, 0, 'published', '2024-12-30 22:03:35', '2024-12-30 22:03:35'),
(42, 'Mymensingh ', 5, 1, NULL, 0, 0, 'published', '2024-12-30 22:03:35', '2024-12-30 22:03:35'),
(43, 'Netrokona ', 5, 1, NULL, 0, 0, 'published', '2024-12-30 22:03:35', '2024-12-30 22:03:35'),
(44, 'Sherpur ', 5, 1, NULL, 0, 0, 'published', '2024-12-30 22:03:35', '2024-12-30 22:03:35'),
(45, 'Bogra ', 6, 1, NULL, 0, 0, 'published', '2024-12-30 22:03:35', '2024-12-30 22:03:35'),
(46, 'Chapai Nawabganj', 6, 1, NULL, 0, 0, 'published', '2024-12-30 22:03:35', '2024-12-30 22:03:35'),
(47, 'Joypurhat ', 6, 1, NULL, 0, 0, 'published', '2024-12-30 22:03:35', '2024-12-30 22:03:35'),
(48, 'Naogaon ', 6, 1, NULL, 0, 0, 'published', '2024-12-30 22:03:35', '2024-12-30 22:03:35'),
(49, 'Natore ', 6, 1, NULL, 0, 0, 'published', '2024-12-30 22:03:35', '2024-12-30 22:03:35'),
(50, 'Pabna ', 6, 1, NULL, 0, 0, 'published', '2024-12-30 22:03:35', '2024-12-30 22:03:35'),
(51, 'Rajshahi ', 6, 1, NULL, 0, 0, 'published', '2024-12-30 22:03:35', '2024-12-30 22:03:35'),
(52, 'Sirajganj ', 6, 1, NULL, 0, 0, 'published', '2024-12-30 22:03:35', '2024-12-30 22:03:35'),
(53, 'Dinajpur ', 7, 1, NULL, 0, 0, 'published', '2024-12-30 22:03:35', '2024-12-30 22:03:35'),
(54, 'Gaibandha ', 7, 1, NULL, 0, 0, 'published', '2024-12-30 22:03:35', '2024-12-30 22:03:35'),
(55, 'Kurigram ', 7, 1, NULL, 0, 0, 'published', '2024-12-30 22:03:35', '2024-12-30 22:03:35'),
(56, 'Lalmonirhat ', 7, 1, NULL, 0, 0, 'published', '2024-12-30 22:03:35', '2024-12-30 22:03:35'),
(57, 'Nilphamari ', 7, 1, NULL, 0, 0, 'published', '2024-12-30 22:03:35', '2024-12-30 22:03:35'),
(58, 'Panchagarh ', 7, 1, NULL, 0, 0, 'published', '2024-12-30 22:03:35', '2024-12-30 22:03:35'),
(59, 'Rangpur ', 7, 1, NULL, 0, 0, 'published', '2024-12-30 22:03:35', '2024-12-30 22:03:35'),
(60, 'Thakurgaon ', 7, 1, NULL, 0, 0, 'published', '2024-12-30 22:03:35', '2024-12-30 22:03:35'),
(61, 'Habiganj ', 8, 1, NULL, 0, 0, 'published', '2024-12-30 22:03:35', '2024-12-30 22:03:35'),
(62, 'Moulvibazar ', 8, 1, NULL, 0, 0, 'published', '2024-12-30 22:03:35', '2024-12-30 22:03:35'),
(63, 'Sunamganj ', 8, 1, NULL, 0, 0, 'published', '2024-12-30 22:03:35', '2024-12-30 22:03:35'),
(64, 'Sylhet ', 8, 1, NULL, 0, 0, 'published', '2024-12-30 22:03:35', '2024-12-30 22:03:35');

-- --------------------------------------------------------

--
-- Table structure for table `cities_translations`
--

CREATE TABLE `cities_translations` (
  `lang_code` varchar(191) NOT NULL,
  `cities_id` bigint(20) UNSIGNED NOT NULL,
  `name` varchar(120) DEFAULT NULL
) ENGINE=InnoDB DEFAULT CHARSET=utf8mb4 COLLATE=utf8mb4_unicode_ci;

-- --------------------------------------------------------

--
-- Table structure for table `contacts`
--

CREATE TABLE `contacts` (
  `id` bigint(20) UNSIGNED NOT NULL,
  `name` varchar(60) NOT NULL,
  `email` varchar(60) NOT NULL,
  `phone` varchar(60) DEFAULT NULL,
  `address` varchar(120) DEFAULT NULL,
  `subject` varchar(120) DEFAULT NULL,
  `content` longtext NOT NULL,
  `status` varchar(60) NOT NULL DEFAULT 'unread',
  `created_at` timestamp NULL DEFAULT NULL,
  `updated_at` timestamp NULL DEFAULT NULL
) ENGINE=InnoDB DEFAULT CHARSET=utf8mb4 COLLATE=utf8mb4_unicode_ci;

--
-- Dumping data for table `contacts`
--

INSERT INTO `contacts` (`id`, `name`, `email`, `phone`, `address`, `subject`, `content`, `status`, `created_at`, `updated_at`) VALUES
(117, 'GeorgeKes', 'yawiviseya67@gmail.com', '84752328397', NULL, 'Aloha,   wrote about your   price', 'Ola, quería saber o seu prezo.', 'unread', '2025-06-20 22:42:15', '2025-06-20 22:42:15'),
(118, 'Dannielle Martens', 'martens.dannielle@gmail.com', '495720357', NULL, 'One Dashboard. All Top AI Models', 'Stop hopping between AI tools — we’ve unified them.\n\nGet  lifetime  access to  every cutting-edge AI you’ve heard of — from a single, unified dashboard.\n\n    [✓ | » | ➤] No subscriptions, no monthly fees — pay once, use forever\n\n    [✓ | » | ➤] Auto-switch between models — let the system choose the best AI for each task\n\n    [✓ | » | ➤]  Built for creators, pros, and AI power users\n\n*[! | ] Limited lifetime access — only available for the first  few users\n\n &gt;&gt; Claim your all-in-one AI access  → http://www.novaai.expert/AI-IntelliKit', 'unread', '2025-06-26 13:57:33', '2025-06-26 13:57:33'),
(119, 'Eli Ferris', 'eli.ferris@gmail.com', '5194826003', NULL, 'WordPress Training Videos with PLR Rights - Ready-to-Sell Business Package', 'Hi there,\n\nI\'m reaching out because we\'ve just released a complete WordPress video training package with unrestricted Private Label Rights. The package includes 19 professional video lessons across 4 courses, covering everything from WordPress basics to local development.\n\nKey features:\n\nFull PLR rights (rebrand, resell, repurpose as you wish)\n4 complete courses with 19 video lessons\nProfessional production quality\nReady-to-launch sales materials included\n\nThis is ideal if you\'re looking to quickly launch your own WordPress training business or add to your existing product line.\n\nFor detailed information and pricing, visit:  https://furtherinfo.info/wpmk\n\nKind regards,\nEli', 'unread', '2025-06-26 18:55:56', '2025-06-26 18:55:56'),
(120, 'Myron Philp', 'philp.myron@hotmail.com', '740027995', NULL, '$500/Day Cash Machine', '30-Second Trick Turns My Phone Into a $500/Day Cash Machine”\nJust Tap The \"Secret Button\" To Cash In From This $385 Billion WiFi Profit Loophole!\n\nAnd much more ... https://www.novaai.expert/PassiveIncome', 'unread', '2025-07-01 11:38:06', '2025-07-01 11:38:06'),
(121, 'Josefina Pidgeon', 'josefina.pidgeon@gmail.com', '9852094023', NULL, 'Launch-Ready Sales Funnels with Instant Access to Pre-Approved Products', 'You Don’t Need Tech Skills To Succeed. Just a Funnel That Handles the Heavy Lifting For You Ready to Go in Minutes From Now\nLaunch Your Own Funnel Featuring Share-Worthy AI Tools Built to Spark Engagement\nBuilt-In Tools Help You Get Traffic + Preloaded Emails Feature Your Affiliate Links\nNo Ads. No Writing. No Tech Skills Needed – Just Follow a Few Simple Steps\nEMAILS, GIVEAWAYS &amp; BUILT-IN TRAFFIC TOOLS\n\nmore ... https://www.novaai.expert/WarriorFunnels', 'unread', '2025-07-06 04:07:07', '2025-07-06 04:07:07');

-- --------------------------------------------------------

--
-- Table structure for table `contact_replies`
--

CREATE TABLE `contact_replies` (
  `id` bigint(20) UNSIGNED NOT NULL,
  `message` longtext NOT NULL,
  `contact_id` bigint(20) UNSIGNED NOT NULL,
  `created_at` timestamp NULL DEFAULT NULL,
  `updated_at` timestamp NULL DEFAULT NULL
) ENGINE=InnoDB DEFAULT CHARSET=utf8mb4 COLLATE=utf8mb4_unicode_ci;

--
-- Dumping data for table `contact_replies`
--

INSERT INTO `contact_replies` (`id`, `message`, `contact_id`, `created_at`, `updated_at`) VALUES
(1, 'Dear Mr. Tarikul Islam Turjo,\n\nThank you for reaching out to us. I hope you are doing well.\n\nYes, we do provide fabric printing services. Our minimum fabric limit depends on the type of project.\nIf you could share more details about your requirements, such as the type of fabric, design, or quantity, we’d be happy to provide a more precise quote and timeline.\n\nFeel free to reach out for any further assistance!\n\nBest regards,\nMd Ariful Islam Nijum\nCreative Director\nDhaka Printing\nPhone: +880 1618755353\nEmail: contact@dhakaprinting.com', 22, '2025-01-28 21:37:32', '2025-01-28 21:37:32');

-- --------------------------------------------------------

--
-- Table structure for table `countries`
--

CREATE TABLE `countries` (
  `id` bigint(20) UNSIGNED NOT NULL,
  `name` varchar(120) NOT NULL,
  `nationality` varchar(120) DEFAULT NULL,
  `order` tinyint(4) NOT NULL DEFAULT 0,
  `is_default` tinyint(3) UNSIGNED NOT NULL DEFAULT 0,
  `status` varchar(60) NOT NULL DEFAULT 'published',
  `created_at` timestamp NULL DEFAULT NULL,
  `updated_at` timestamp NULL DEFAULT NULL,
  `code` varchar(10) DEFAULT NULL
) ENGINE=InnoDB DEFAULT CHARSET=utf8mb4 COLLATE=utf8mb4_unicode_ci;

--
-- Dumping data for table `countries`
--

INSERT INTO `countries` (`id`, `name`, `nationality`, `order`, `is_default`, `status`, `created_at`, `updated_at`, `code`) VALUES
(1, 'Bangladesh', 'Bangladesh', 0, 0, 'published', '2024-12-30 22:03:34', '2024-12-30 22:03:34', 'BD');

-- --------------------------------------------------------

--
-- Table structure for table `countries_translations`
--

CREATE TABLE `countries_translations` (
  `lang_code` varchar(191) NOT NULL,
  `countries_id` bigint(20) UNSIGNED NOT NULL,
  `name` varchar(120) DEFAULT NULL,
  `nationality` varchar(120) DEFAULT NULL
) ENGINE=InnoDB DEFAULT CHARSET=utf8mb4 COLLATE=utf8mb4_unicode_ci;

-- --------------------------------------------------------

--
-- Table structure for table `dashboard_widgets`
--

CREATE TABLE `dashboard_widgets` (
  `id` bigint(20) UNSIGNED NOT NULL,
  `name` varchar(120) NOT NULL,
  `created_at` timestamp NULL DEFAULT NULL,
  `updated_at` timestamp NULL DEFAULT NULL
) ENGINE=InnoDB DEFAULT CHARSET=utf8mb4 COLLATE=utf8mb4_unicode_ci;

--
-- Dumping data for table `dashboard_widgets`
--

INSERT INTO `dashboard_widgets` (`id`, `name`, `created_at`, `updated_at`) VALUES
(1, 'widget_total_1', '2023-05-30 10:50:15', '2023-05-30 10:50:15'),
(2, 'widget_total_2', '2023-05-30 10:50:15', '2023-05-30 10:50:15'),
(3, 'widget_total_themes', '2023-05-30 10:50:15', '2023-05-30 10:50:15'),
(4, 'widget_total_3', '2023-05-30 10:50:15', '2023-05-30 10:50:15'),
(5, 'widget_total_4', '2023-05-30 10:50:15', '2023-05-30 10:50:15'),
(6, 'widget_total_users', '2023-05-30 10:50:15', '2023-05-30 10:50:15'),
(7, 'widget_total_pages', '2023-05-30 10:50:15', '2023-05-30 10:50:15'),
(8, 'widget_total_plugins', '2023-05-30 10:50:15', '2023-05-30 10:50:15'),
(9, 'widget_analytics_general', '2023-05-30 10:50:15', '2023-05-30 10:50:15'),
(10, 'widget_analytics_page', '2023-05-30 10:50:15', '2023-05-30 10:50:15'),
(11, 'widget_analytics_browser', '2023-05-30 10:50:15', '2023-05-30 10:50:15'),
(12, 'widget_analytics_referrer', '2023-05-30 10:50:15', '2023-05-30 10:50:15'),
(13, 'widget_posts_recent', '2023-05-30 10:50:15', '2023-05-30 10:50:15'),
(14, 'widget_audit_logs', '2023-05-30 10:50:15', '2023-05-30 10:50:15'),
(15, 'widget_ecommerce_report_general', '2023-05-30 10:50:15', '2023-05-30 10:50:15');

-- --------------------------------------------------------

--
-- Table structure for table `dashboard_widget_settings`
--

CREATE TABLE `dashboard_widget_settings` (
  `id` bigint(20) UNSIGNED NOT NULL,
  `settings` text DEFAULT NULL,
  `user_id` bigint(20) UNSIGNED NOT NULL,
  `widget_id` bigint(20) UNSIGNED NOT NULL,
  `order` tinyint(3) UNSIGNED NOT NULL DEFAULT 0,
  `status` tinyint(3) UNSIGNED NOT NULL DEFAULT 1,
  `created_at` timestamp NULL DEFAULT NULL,
  `updated_at` timestamp NULL DEFAULT NULL
) ENGINE=InnoDB DEFAULT CHARSET=utf8mb4 COLLATE=utf8mb4_unicode_ci;

--
-- Dumping data for table `dashboard_widget_settings`
--

INSERT INTO `dashboard_widget_settings` (`id`, `settings`, `user_id`, `widget_id`, `order`, `status`, `created_at`, `updated_at`) VALUES
(1, NULL, 1, 9, 0, 1, '2024-03-21 19:16:38', '2024-03-21 19:16:38'),
(2, NULL, 1, 10, 1, 1, '2024-03-21 19:16:38', '2024-03-21 19:16:38'),
(3, NULL, 1, 11, 2, 1, '2024-03-21 19:16:38', '2024-03-21 19:16:38'),
(4, NULL, 1, 12, 3, 1, '2024-03-21 19:16:38', '2024-03-21 19:16:38'),
(5, NULL, 1, 13, 4, 1, '2024-03-21 19:16:38', '2024-03-21 19:16:38'),
(6, NULL, 1, 14, 5, 1, '2024-03-21 19:16:38', '2024-03-21 19:16:38'),
(7, NULL, 1, 15, 6, 1, '2024-03-21 19:16:38', '2024-03-21 19:16:38'),
(8, NULL, 2, 9, 0, 1, '2025-01-30 18:09:56', '2025-01-30 18:09:56'),
(9, NULL, 2, 10, 1, 1, '2025-01-30 18:09:56', '2025-01-30 18:09:56'),
(10, NULL, 2, 11, 2, 1, '2025-01-30 18:09:56', '2025-01-30 18:09:56'),
(11, NULL, 2, 12, 3, 1, '2025-01-30 18:09:56', '2025-01-30 18:09:56'),
(12, NULL, 2, 13, 4, 1, '2025-01-30 18:09:56', '2025-01-30 18:09:56'),
(13, NULL, 2, 14, 5, 1, '2025-01-30 18:09:56', '2025-01-30 18:09:56'),
(14, NULL, 2, 15, 6, 1, '2025-01-30 18:09:56', '2025-01-30 18:09:56');

-- --------------------------------------------------------

--
-- Table structure for table `ec_brands`
--

CREATE TABLE `ec_brands` (
  `id` bigint(20) UNSIGNED NOT NULL,
  `name` varchar(191) NOT NULL,
  `description` mediumtext DEFAULT NULL,
  `website` varchar(255) DEFAULT NULL,
  `logo` varchar(255) DEFAULT NULL,
  `status` varchar(60) NOT NULL DEFAULT 'published',
  `order` tinyint(3) UNSIGNED NOT NULL DEFAULT 0,
  `is_featured` tinyint(3) UNSIGNED NOT NULL DEFAULT 0,
  `created_at` timestamp NULL DEFAULT NULL,
  `updated_at` timestamp NULL DEFAULT NULL
) ENGINE=InnoDB DEFAULT CHARSET=utf8mb4 COLLATE=utf8mb4_unicode_ci;

-- --------------------------------------------------------

--
-- Table structure for table `ec_brands_translations`
--

CREATE TABLE `ec_brands_translations` (
  `lang_code` varchar(191) NOT NULL,
  `ec_brands_id` bigint(20) UNSIGNED NOT NULL,
  `name` varchar(191) DEFAULT NULL,
  `description` varchar(191) DEFAULT NULL
) ENGINE=InnoDB DEFAULT CHARSET=utf8mb4 COLLATE=utf8mb4_unicode_ci;

-- --------------------------------------------------------

--
-- Table structure for table `ec_cart`
--

CREATE TABLE `ec_cart` (
  `identifier` varchar(60) NOT NULL,
  `instance` varchar(60) NOT NULL,
  `content` longtext NOT NULL,
  `created_at` timestamp NULL DEFAULT NULL,
  `updated_at` timestamp NULL DEFAULT NULL
) ENGINE=InnoDB DEFAULT CHARSET=utf8mb4 COLLATE=utf8mb4_unicode_ci;

-- --------------------------------------------------------

--
-- Table structure for table `ec_currencies`
--

CREATE TABLE `ec_currencies` (
  `id` bigint(20) UNSIGNED NOT NULL,
  `title` varchar(191) NOT NULL,
  `symbol` varchar(10) NOT NULL,
  `is_prefix_symbol` tinyint(3) UNSIGNED NOT NULL DEFAULT 0,
  `decimals` tinyint(3) UNSIGNED DEFAULT 0,
  `order` int(10) UNSIGNED DEFAULT 0,
  `is_default` tinyint(4) NOT NULL DEFAULT 0,
  `exchange_rate` double NOT NULL DEFAULT 1,
  `created_at` timestamp NULL DEFAULT NULL,
  `updated_at` timestamp NULL DEFAULT NULL
) ENGINE=InnoDB DEFAULT CHARSET=utf8mb4 COLLATE=utf8mb4_unicode_ci;

--
-- Dumping data for table `ec_currencies`
--

INSERT INTO `ec_currencies` (`id`, `title`, `symbol`, `is_prefix_symbol`, `decimals`, `order`, `is_default`, `exchange_rate`, `created_at`, `updated_at`) VALUES
(1, 'BDT', 'TK', 1, 2, 2, 1, 1, '2023-05-02 21:09:59', '2025-04-30 18:08:14');

-- --------------------------------------------------------

--
-- Table structure for table `ec_customers`
--

CREATE TABLE `ec_customers` (
  `id` bigint(20) UNSIGNED NOT NULL,
  `name` varchar(191) NOT NULL,
  `email` varchar(191) NOT NULL,
  `password` varchar(191) NOT NULL,
  `avatar` varchar(255) DEFAULT NULL,
  `dob` date DEFAULT NULL,
  `phone` varchar(25) DEFAULT NULL,
  `remember_token` varchar(100) DEFAULT NULL,
  `created_at` timestamp NULL DEFAULT NULL,
  `updated_at` timestamp NULL DEFAULT NULL,
  `confirmed_at` datetime DEFAULT NULL,
  `email_verify_token` varchar(120) DEFAULT NULL,
  `status` varchar(60) NOT NULL DEFAULT 'activated',
  `is_vendor` tinyint(1) NOT NULL DEFAULT 0,
  `vendor_verified_at` datetime DEFAULT NULL
) ENGINE=InnoDB DEFAULT CHARSET=utf8mb4 COLLATE=utf8mb4_unicode_ci;

-- --------------------------------------------------------

--
-- Table structure for table `ec_customer_addresses`
--

CREATE TABLE `ec_customer_addresses` (
  `id` bigint(20) UNSIGNED NOT NULL,
  `name` varchar(191) NOT NULL,
  `email` varchar(60) DEFAULT NULL,
  `phone` varchar(20) DEFAULT NULL,
  `country` varchar(120) DEFAULT NULL,
  `state` varchar(120) DEFAULT NULL,
  `city` varchar(120) DEFAULT NULL,
  `address` varchar(191) NOT NULL,
  `customer_id` bigint(20) UNSIGNED NOT NULL,
  `is_default` tinyint(3) UNSIGNED NOT NULL DEFAULT 0,
  `created_at` timestamp NULL DEFAULT NULL,
  `updated_at` timestamp NULL DEFAULT NULL,
  `zip_code` varchar(20) DEFAULT NULL
) ENGINE=InnoDB DEFAULT CHARSET=utf8mb4 COLLATE=utf8mb4_unicode_ci;

-- --------------------------------------------------------

--
-- Table structure for table `ec_customer_password_resets`
--

CREATE TABLE `ec_customer_password_resets` (
  `email` varchar(191) NOT NULL,
  `token` varchar(191) NOT NULL,
  `created_at` timestamp NULL DEFAULT NULL
) ENGINE=InnoDB DEFAULT CHARSET=utf8mb4 COLLATE=utf8mb4_unicode_ci;

-- --------------------------------------------------------

--
-- Table structure for table `ec_customer_recently_viewed_products`
--

CREATE TABLE `ec_customer_recently_viewed_products` (
  `id` bigint(20) UNSIGNED NOT NULL,
  `customer_id` bigint(20) UNSIGNED NOT NULL,
  `product_id` bigint(20) UNSIGNED NOT NULL
) ENGINE=InnoDB DEFAULT CHARSET=utf8mb4 COLLATE=utf8mb4_unicode_ci;

--
-- Dumping data for table `ec_customer_recently_viewed_products`
--

INSERT INTO `ec_customer_recently_viewed_products` (`id`, `customer_id`, `product_id`) VALUES
(1, 11, 2),
(2, 12, 30),
(3, 13, 3),
(4, 14, 63),
(5, 14, 1),
(6, 15, 50),
(7, 15, 13),
(8, 18, 64),
(9, 89, 256),
(10, 92, 255),
(11, 93, 255);

-- --------------------------------------------------------

--
-- Table structure for table `ec_customer_used_coupons`
--

CREATE TABLE `ec_customer_used_coupons` (
  `discount_id` bigint(20) UNSIGNED NOT NULL,
  `customer_id` bigint(20) UNSIGNED NOT NULL
) ENGINE=InnoDB DEFAULT CHARSET=utf8mb4 COLLATE=utf8mb4_unicode_ci;

-- --------------------------------------------------------

--
-- Table structure for table `ec_discounts`
--

CREATE TABLE `ec_discounts` (
  `id` bigint(20) UNSIGNED NOT NULL,
  `title` varchar(120) DEFAULT NULL,
  `code` varchar(20) DEFAULT NULL,
  `start_date` datetime DEFAULT NULL,
  `end_date` datetime DEFAULT NULL,
  `quantity` int(11) DEFAULT NULL,
  `total_used` int(10) UNSIGNED NOT NULL DEFAULT 0,
  `value` double DEFAULT NULL,
  `type` varchar(60) DEFAULT 'coupon',
  `can_use_with_promotion` tinyint(1) NOT NULL DEFAULT 0,
  `discount_on` varchar(20) DEFAULT NULL,
  `product_quantity` int(10) UNSIGNED DEFAULT NULL,
  `type_option` varchar(100) NOT NULL DEFAULT 'amount',
  `target` varchar(100) NOT NULL DEFAULT 'all-orders',
  `min_order_price` decimal(15,2) DEFAULT NULL,
  `created_at` timestamp NULL DEFAULT NULL,
  `updated_at` timestamp NULL DEFAULT NULL,
  `store_id` bigint(20) UNSIGNED DEFAULT NULL
) ENGINE=InnoDB DEFAULT CHARSET=utf8mb4 COLLATE=utf8mb4_unicode_ci;

-- --------------------------------------------------------

--
-- Table structure for table `ec_discount_customers`
--

CREATE TABLE `ec_discount_customers` (
  `discount_id` bigint(20) UNSIGNED NOT NULL,
  `customer_id` bigint(20) UNSIGNED NOT NULL
) ENGINE=InnoDB DEFAULT CHARSET=utf8mb4 COLLATE=utf8mb4_unicode_ci;

-- --------------------------------------------------------

--
-- Table structure for table `ec_discount_products`
--

CREATE TABLE `ec_discount_products` (
  `discount_id` bigint(20) UNSIGNED NOT NULL,
  `product_id` bigint(20) UNSIGNED NOT NULL
) ENGINE=InnoDB DEFAULT CHARSET=utf8mb4 COLLATE=utf8mb4_unicode_ci;

-- --------------------------------------------------------

--
-- Table structure for table `ec_discount_product_collections`
--

CREATE TABLE `ec_discount_product_collections` (
  `discount_id` bigint(20) UNSIGNED NOT NULL,
  `product_collection_id` bigint(20) UNSIGNED NOT NULL
) ENGINE=InnoDB DEFAULT CHARSET=utf8mb4 COLLATE=utf8mb4_unicode_ci;

-- --------------------------------------------------------

--
-- Table structure for table `ec_flash_sales`
--

CREATE TABLE `ec_flash_sales` (
  `id` bigint(20) UNSIGNED NOT NULL,
  `name` varchar(255) NOT NULL,
  `end_date` datetime NOT NULL,
  `status` varchar(60) NOT NULL DEFAULT 'published',
  `created_at` timestamp NULL DEFAULT NULL,
  `updated_at` timestamp NULL DEFAULT NULL
) ENGINE=InnoDB DEFAULT CHARSET=utf8mb4 COLLATE=utf8mb4_unicode_ci;

-- --------------------------------------------------------

--
-- Table structure for table `ec_flash_sales_translations`
--

CREATE TABLE `ec_flash_sales_translations` (
  `lang_code` varchar(191) NOT NULL,
  `ec_flash_sales_id` bigint(20) UNSIGNED NOT NULL,
  `name` varchar(191) DEFAULT NULL
) ENGINE=InnoDB DEFAULT CHARSET=utf8mb4 COLLATE=utf8mb4_unicode_ci;

-- --------------------------------------------------------

--
-- Table structure for table `ec_flash_sale_products`
--

CREATE TABLE `ec_flash_sale_products` (
  `flash_sale_id` bigint(20) UNSIGNED NOT NULL,
  `product_id` bigint(20) UNSIGNED NOT NULL,
  `price` double UNSIGNED DEFAULT NULL,
  `quantity` int(10) UNSIGNED DEFAULT NULL,
  `sold` int(10) UNSIGNED NOT NULL DEFAULT 0
) ENGINE=InnoDB DEFAULT CHARSET=utf8mb4 COLLATE=utf8mb4_unicode_ci;

-- --------------------------------------------------------

--
-- Table structure for table `ec_global_options`
--

CREATE TABLE `ec_global_options` (
  `id` bigint(20) UNSIGNED NOT NULL,
  `name` varchar(191) NOT NULL COMMENT 'Name of options',
  `option_type` varchar(191) NOT NULL COMMENT 'option type',
  `required` tinyint(1) NOT NULL DEFAULT 0 COMMENT 'Checked if this option is required',
  `created_at` timestamp NULL DEFAULT NULL,
  `updated_at` timestamp NULL DEFAULT NULL
) ENGINE=InnoDB DEFAULT CHARSET=utf8mb4 COLLATE=utf8mb4_unicode_ci;

-- --------------------------------------------------------

--
-- Table structure for table `ec_global_options_translations`
--

CREATE TABLE `ec_global_options_translations` (
  `lang_code` varchar(191) NOT NULL,
  `ec_global_options_id` bigint(20) UNSIGNED NOT NULL,
  `name` varchar(255) DEFAULT NULL
) ENGINE=InnoDB DEFAULT CHARSET=utf8mb4 COLLATE=utf8mb4_unicode_ci;

-- --------------------------------------------------------

--
-- Table structure for table `ec_global_option_value`
--

CREATE TABLE `ec_global_option_value` (
  `option_id` bigint(20) UNSIGNED NOT NULL COMMENT 'option id',
  `id` bigint(20) UNSIGNED NOT NULL,
  `option_value` tinytext DEFAULT NULL COMMENT 'option value',
  `affect_price` double DEFAULT NULL COMMENT 'value of price of this option affect',
  `order` int(11) NOT NULL DEFAULT 9999,
  `affect_type` tinyint(4) NOT NULL DEFAULT 0 COMMENT '0. fixed 1. percent',
  `created_at` timestamp NULL DEFAULT NULL,
  `updated_at` timestamp NULL DEFAULT NULL
) ENGINE=InnoDB DEFAULT CHARSET=utf8mb4 COLLATE=utf8mb4_unicode_ci;

-- --------------------------------------------------------

--
-- Table structure for table `ec_global_option_value_translations`
--

CREATE TABLE `ec_global_option_value_translations` (
  `lang_code` varchar(191) NOT NULL,
  `ec_global_option_value_id` bigint(20) UNSIGNED NOT NULL,
  `option_value` varchar(255) DEFAULT NULL
) ENGINE=InnoDB DEFAULT CHARSET=utf8mb4 COLLATE=utf8mb4_unicode_ci;

-- --------------------------------------------------------

--
-- Table structure for table `ec_grouped_products`
--

CREATE TABLE `ec_grouped_products` (
  `id` bigint(20) UNSIGNED NOT NULL,
  `parent_product_id` bigint(20) UNSIGNED NOT NULL,
  `product_id` bigint(20) UNSIGNED NOT NULL,
  `fixed_qty` int(11) NOT NULL DEFAULT 1
) ENGINE=InnoDB DEFAULT CHARSET=utf8mb4 COLLATE=utf8mb4_unicode_ci;

-- --------------------------------------------------------

--
-- Table structure for table `ec_invoices`
--

CREATE TABLE `ec_invoices` (
  `id` bigint(20) UNSIGNED NOT NULL,
  `reference_type` varchar(191) NOT NULL,
  `reference_id` bigint(20) UNSIGNED NOT NULL,
  `code` varchar(191) NOT NULL,
  `customer_name` varchar(191) DEFAULT NULL,
  `company_name` varchar(191) DEFAULT NULL,
  `company_logo` varchar(191) DEFAULT NULL,
  `customer_email` varchar(191) DEFAULT NULL,
  `customer_phone` varchar(191) DEFAULT NULL,
  `customer_address` varchar(191) DEFAULT NULL,
  `customer_tax_id` varchar(191) DEFAULT NULL,
  `sub_total` decimal(15,2) UNSIGNED NOT NULL,
  `tax_amount` decimal(15,2) UNSIGNED NOT NULL DEFAULT 0.00,
  `shipping_amount` decimal(15,2) UNSIGNED NOT NULL DEFAULT 0.00,
  `discount_amount` decimal(15,2) UNSIGNED NOT NULL DEFAULT 0.00,
  `shipping_option` varchar(60) DEFAULT NULL,
  `shipping_method` varchar(60) NOT NULL DEFAULT 'default',
  `coupon_code` varchar(120) DEFAULT NULL,
  `discount_description` varchar(255) DEFAULT NULL,
  `amount` decimal(15,2) UNSIGNED NOT NULL,
  `description` text DEFAULT NULL,
  `payment_id` bigint(20) UNSIGNED DEFAULT NULL,
  `status` varchar(191) NOT NULL DEFAULT 'pending',
  `paid_at` timestamp NULL DEFAULT NULL,
  `created_at` timestamp NULL DEFAULT NULL,
  `updated_at` timestamp NULL DEFAULT NULL
) ENGINE=InnoDB DEFAULT CHARSET=utf8mb4 COLLATE=utf8mb4_unicode_ci;

-- --------------------------------------------------------

--
-- Table structure for table `ec_invoice_items`
--

CREATE TABLE `ec_invoice_items` (
  `id` bigint(20) UNSIGNED NOT NULL,
  `invoice_id` bigint(20) UNSIGNED NOT NULL,
  `reference_type` varchar(191) NOT NULL,
  `reference_id` bigint(20) UNSIGNED NOT NULL,
  `name` varchar(191) NOT NULL,
  `description` varchar(191) DEFAULT NULL,
  `image` varchar(191) DEFAULT NULL,
  `qty` int(10) UNSIGNED NOT NULL,
  `price` decimal(15,2) NOT NULL DEFAULT 0.00,
  `sub_total` decimal(15,2) UNSIGNED NOT NULL,
  `tax_amount` decimal(15,2) UNSIGNED NOT NULL DEFAULT 0.00,
  `discount_amount` decimal(15,2) UNSIGNED NOT NULL DEFAULT 0.00,
  `amount` decimal(15,2) UNSIGNED NOT NULL,
  `options` text DEFAULT NULL,
  `created_at` timestamp NULL DEFAULT NULL,
  `updated_at` timestamp NULL DEFAULT NULL
) ENGINE=InnoDB DEFAULT CHARSET=utf8mb4 COLLATE=utf8mb4_unicode_ci;

--
-- Dumping data for table `ec_invoice_items`
--

INSERT INTO `ec_invoice_items` (`id`, `invoice_id`, `reference_type`, `reference_id`, `name`, `description`, `image`, `qty`, `price`, `sub_total`, `tax_amount`, `discount_amount`, `amount`, `options`, `created_at`, `updated_at`) VALUES
(1, 1, 'Botble\\Ecommerce\\Models\\Product', 74, 'Smart Watch External (Digital)', NULL, 'products/5.jpg', 1, 895.00, 895.00, 0.00, 0.00, 895.00, '[]', '2023-05-02 21:10:15', '2023-05-02 21:10:15'),
(2, 2, 'Botble\\Ecommerce\\Models\\Product', 93, 'Xbox One Wireless Controller Black Color', NULL, 'products/11-3.jpg', 1, 1275.00, 1275.00, 0.00, 0.00, 1275.00, '[]', '2023-05-02 21:10:15', '2023-05-02 21:10:15'),
(3, 3, 'Botble\\Ecommerce\\Models\\Product', 123, 'Vimto Squash Remix Apple 1.5 Litres', NULL, 'products/24.jpg', 1, 683.00, 683.00, 0.00, 0.00, 683.00, '[]', '2023-05-02 21:10:15', '2023-05-02 21:10:15'),
(4, 4, 'Botble\\Ecommerce\\Models\\Product', 175, 'Italia Beef Lasagne', NULL, 'products/44.jpg', 1, 699.00, 699.00, 0.00, 0.00, 699.00, '[]', '2023-05-02 21:10:15', '2023-05-02 21:10:15'),
(5, 5, 'Botble\\Ecommerce\\Models\\Product', 157, 'Sitema BakeIT Plastic Box', NULL, 'products/38-1.jpg', 2, 504.00, 1008.00, 0.00, 0.00, 1008.00, '[]', '2023-05-02 21:10:15', '2023-05-02 21:10:15'),
(6, 5, 'Botble\\Ecommerce\\Models\\Product', 216, 'Iceland Spaghetti Bolognese', NULL, 'products/60.jpg', 2, 1116.00, 2232.00, 0.00, 0.00, 2232.00, '[]', '2023-05-02 21:10:15', '2023-05-02 21:10:15'),
(7, 6, 'Botble\\Ecommerce\\Models\\Product', 84, 'Smart Televisions', NULL, 'products/8-3.jpg', 2, 1138.00, 2276.00, 0.00, 0.00, 2276.00, '[]', '2023-05-02 21:10:15', '2023-05-02 21:10:15'),
(8, 7, 'Botble\\Ecommerce\\Models\\Product', 136, 'Broccoli Crowns', NULL, 'products/31.jpg', 1, 925.00, 925.00, 0.00, 0.00, 925.00, '[]', '2023-05-02 21:10:15', '2023-05-02 21:10:15'),
(9, 8, 'Botble\\Ecommerce\\Models\\Product', 119, 'Ciate Palemore Lipstick Bold Red Color', NULL, 'products/23.jpg', 1, 1294.00, 1294.00, 0.00, 0.00, 1294.00, '[]', '2023-05-02 21:10:15', '2023-05-02 21:10:15'),
(10, 9, 'Botble\\Ecommerce\\Models\\Product', 140, 'Häagen-Dazs Salted Caramel (Digital)', NULL, 'products/33.jpg', 3, 1244.00, 3732.00, 0.00, 0.00, 3732.00, '[]', '2023-05-02 21:10:16', '2023-05-02 21:10:16'),
(11, 10, 'Botble\\Ecommerce\\Models\\Product', 126, 'Vimto Squash Remix Apple 1.5 Litres', NULL, 'products/24.jpg', 1, 683.00, 683.00, 0.00, 0.00, 683.00, '[]', '2023-05-02 21:10:16', '2023-05-02 21:10:16'),
(12, 11, 'Botble\\Ecommerce\\Models\\Product', 169, 'Sesame Seed Bread (Digital)', NULL, 'products/41-2.jpg', 3, 926.00, 2778.00, 0.00, 0.00, 2778.00, '[]', '2023-05-02 21:10:16', '2023-05-02 21:10:16'),
(13, 12, 'Botble\\Ecommerce\\Models\\Product', 125, 'Vimto Squash Remix Apple 1.5 Litres', NULL, 'products/24-2.jpg', 1, 683.00, 683.00, 0.00, 0.00, 683.00, '[]', '2023-05-02 21:10:16', '2023-05-02 21:10:16'),
(14, 13, 'Botble\\Ecommerce\\Models\\Product', 147, 'Extreme Budweiser Light Can', NULL, 'products/35-1.jpg', 3, 1108.00, 3324.00, 0.00, 0.00, 3324.00, '[]', '2023-05-02 21:10:16', '2023-05-02 21:10:16'),
(15, 14, 'Botble\\Ecommerce\\Models\\Product', 223, 'Large Green Bell Pepper', NULL, 'products/63-1.jpg', 3, 651.00, 1953.00, 0.00, 0.00, 1953.00, '[]', '2023-05-02 21:10:16', '2023-05-02 21:10:16'),
(16, 15, 'Botble\\Ecommerce\\Models\\Product', 114, 'MVMTH Classical Leather Watch In Black (Digital)', NULL, 'products/21.jpg', 3, 731.00, 2193.00, 0.00, 0.00, 2193.00, '[]', '2023-05-02 21:10:16', '2023-05-02 21:10:16'),
(17, 16, 'Botble\\Ecommerce\\Models\\Product', 117, 'Baxter Care Hair Kit For Bearded Mens', NULL, 'products/22.jpg', 2, 420.00, 840.00, 0.00, 0.00, 840.00, '[]', '2023-05-02 21:10:16', '2023-05-02 21:10:16'),
(18, 17, 'Botble\\Ecommerce\\Models\\Product', 89, 'Herschel Leather Duffle Bag In Brown Color', NULL, 'products/10-1.jpg', 3, 1297.00, 3891.00, 0.00, 0.00, 3891.00, '[]', '2023-05-02 21:10:16', '2023-05-02 21:10:16'),
(19, 17, 'Botble\\Ecommerce\\Models\\Product', 229, 'Province Piece Glass Drinking Glass (Digital)', NULL, 'products/65.jpg', 2, 627.00, 1254.00, 0.00, 0.00, 1254.00, '[]', '2023-05-02 21:10:16', '2023-05-02 21:10:16'),
(20, 18, 'Botble\\Ecommerce\\Models\\Product', 115, 'MVMTH Classical Leather Watch In Black (Digital)', NULL, 'products/21-1.jpg', 1, 731.00, 731.00, 0.00, 0.00, 731.00, '[]', '2023-05-02 21:10:16', '2023-05-02 21:10:16'),
(21, 19, 'Botble\\Ecommerce\\Models\\Product', 137, 'Broccoli Crowns', NULL, 'products/31-1.jpg', 1, 925.00, 925.00, 0.00, 0.00, 925.00, '[]', '2023-05-02 21:10:16', '2023-05-02 21:10:16'),
(22, 20, 'Botble\\Ecommerce\\Models\\Product', 174, 'Avocado, Hass Large', NULL, 'products/43-2.jpg', 1, 873.00, 873.00, 0.00, 0.00, 873.00, '[]', '2023-05-02 21:10:16', '2023-05-02 21:10:16'),
(23, 20, 'Botble\\Ecommerce\\Models\\Product', 218, 'Iceland Spaghetti Bolognese', NULL, 'products/60-2.jpg', 3, 1116.00, 3348.00, 0.00, 0.00, 3348.00, '[]', '2023-05-02 21:10:16', '2023-05-02 21:10:16'),
(24, 21, 'Botble\\Ecommerce\\Models\\Product', 96, 'Sound Intone I65 Earphone White Version (Digital)', NULL, 'products/13.jpg', 1, 572.00, 572.00, 0.00, 0.00, 572.00, '[]', '2023-05-02 21:10:16', '2023-05-02 21:10:16'),
(25, 21, 'Botble\\Ecommerce\\Models\\Product', 97, 'Sound Intone I65 Earphone White Version (Digital)', NULL, 'products/13-1.jpg', 3, 572.00, 1716.00, 0.00, 0.00, 1716.00, '[]', '2023-05-02 21:10:16', '2023-05-02 21:10:16'),
(26, 22, 'Botble\\Ecommerce\\Models\\Product', 103, 'Apple MacBook Air Retina 12-Inch Laptop', NULL, 'products/16.jpg', 2, 594.00, 1188.00, 0.00, 0.00, 1188.00, '[]', '2023-05-02 21:10:17', '2023-05-02 21:10:17'),
(27, 23, 'Botble\\Ecommerce\\Models\\Product', 191, 'Arla Organic Free Range Milk', NULL, 'products/50-1.jpg', 2, 913.00, 1826.00, 0.00, 0.00, 1826.00, '[]', '2023-05-02 21:10:17', '2023-05-02 21:10:17'),
(28, 24, 'Botble\\Ecommerce\\Models\\Product', 102, 'Apple MacBook Air Retina 12-Inch Laptop', NULL, 'products/16.jpg', 2, 594.00, 1188.00, 0.00, 0.00, 1188.00, '[]', '2023-05-02 21:10:17', '2023-05-02 21:10:17'),
(29, 25, 'Botble\\Ecommerce\\Models\\Product', 152, 'Dolmio Bolognese Pasta Sauce (Digital)', NULL, 'products/37-1.jpg', 1, 1092.00, 1092.00, 0.00, 0.00, 1092.00, '[]', '2023-05-02 21:10:17', '2023-05-02 21:10:17'),
(30, 26, 'Botble\\Ecommerce\\Models\\Product', 125, 'Vimto Squash Remix Apple 1.5 Litres', NULL, 'products/24-2.jpg', 3, 683.00, 2049.00, 0.00, 0.00, 2049.00, '[]', '2023-05-02 21:10:17', '2023-05-02 21:10:17'),
(31, 27, 'Botble\\Ecommerce\\Models\\Product', 130, 'Taylors of Harrogate Yorkshire Coffee', NULL, 'products/26-1.jpg', 2, 964.00, 1928.00, 0.00, 0.00, 1928.00, '[]', '2023-05-02 21:10:17', '2023-05-02 21:10:17'),
(32, 28, 'Botble\\Ecommerce\\Models\\Product', 70, 'Beat Headphone', NULL, 'products/3.jpg', 2, 20.00, 40.00, 0.00, 0.00, 40.00, '[]', '2023-05-02 21:10:17', '2023-05-02 21:10:17'),
(33, 29, 'Botble\\Ecommerce\\Models\\Product', 113, 'NYX Beauty Couton Pallete Makeup 12', NULL, 'products/20.jpg', 2, 827.00, 1654.00, 0.00, 0.00, 1654.00, '[]', '2023-05-02 21:10:17', '2023-05-02 21:10:17'),
(34, 30, 'Botble\\Ecommerce\\Models\\Product', 192, 'Arla Organic Free Range Milk', NULL, 'products/50.jpg', 3, 913.00, 2739.00, 0.00, 0.00, 2739.00, '[]', '2023-05-02 21:10:17', '2023-05-02 21:10:17'),
(35, 31, 'Botble\\Ecommerce\\Models\\Product', 100, 'Apple MacBook Air Retina 13.3-Inch Laptop', NULL, 'products/15.jpg', 1, 591.00, 591.00, 0.00, 0.00, 591.00, '[]', '2023-05-02 21:10:17', '2023-05-02 21:10:17'),
(36, 31, 'Botble\\Ecommerce\\Models\\Product', 165, 'Miko The Panda Water Bottle', NULL, 'products/40.jpg', 3, 659.00, 1977.00, 0.00, 0.00, 1977.00, '[]', '2023-05-02 21:10:17', '2023-05-02 21:10:17'),
(37, 32, 'Botble\\Ecommerce\\Models\\Product', 169, 'Sesame Seed Bread (Digital)', NULL, 'products/41-2.jpg', 1, 926.00, 926.00, 0.00, 0.00, 926.00, '[]', '2023-05-02 21:10:17', '2023-05-02 21:10:17'),
(38, 33, 'Botble\\Ecommerce\\Models\\Product', 85, 'Samsung Smart Phone (Digital)', NULL, 'products/9.jpg', 3, 548.00, 1644.00, 0.00, 0.00, 1644.00, '[]', '2023-05-02 21:10:17', '2023-05-02 21:10:17'),
(39, 34, 'Botble\\Ecommerce\\Models\\Product', 91, 'Xbox One Wireless Controller Black Color', NULL, 'products/11-1.jpg', 3, 1275.00, 3825.00, 0.00, 0.00, 3825.00, '[]', '2023-05-02 21:10:17', '2023-05-02 21:10:17'),
(40, 34, 'Botble\\Ecommerce\\Models\\Product', 102, 'Apple MacBook Air Retina 12-Inch Laptop', NULL, 'products/16.jpg', 3, 594.00, 1782.00, 0.00, 0.00, 1782.00, '[]', '2023-05-02 21:10:17', '2023-05-02 21:10:17'),
(41, 35, 'Botble\\Ecommerce\\Models\\Product', 75, 'Smart Watch External (Digital)', NULL, 'products/5-1.jpg', 2, 895.00, 1790.00, 0.00, 0.00, 1790.00, '[]', '2023-05-02 21:10:18', '2023-05-02 21:10:18'),
(42, 36, 'Botble\\Ecommerce\\Models\\Product', 214, 'Iceland Soft Scoop Vanilla', NULL, 'products/59-1.jpg', 1, 567.00, 567.00, 0.00, 0.00, 567.00, '[]', '2023-05-02 21:10:18', '2023-05-02 21:10:18'),
(43, 37, 'Botble\\Ecommerce\\Models\\Product', 90, 'Xbox One Wireless Controller Black Color', NULL, 'products/11.jpg', 2, 1275.00, 2550.00, 0.00, 0.00, 2550.00, '[]', '2023-05-02 21:10:18', '2023-05-02 21:10:18'),
(44, 38, 'Botble\\Ecommerce\\Models\\Product', 113, 'NYX Beauty Couton Pallete Makeup 12', NULL, 'products/20.jpg', 2, 827.00, 1654.00, 0.00, 0.00, 1654.00, '[]', '2023-05-02 21:10:18', '2023-05-02 21:10:18'),
(45, 39, 'Botble\\Ecommerce\\Models\\Product', 177, 'Italia Beef Lasagne', NULL, 'products/44-2.jpg', 1, 699.00, 699.00, 0.00, 0.00, 699.00, '[]', '2023-05-02 21:10:18', '2023-05-02 21:10:18'),
(46, 40, 'Botble\\Ecommerce\\Models\\Product', 107, 'Aveeno Moisturizing Body Shower 450ml', NULL, 'products/18.jpg', 2, 1294.00, 2588.00, 0.00, 0.00, 2588.00, '[]', '2023-05-02 21:10:18', '2023-05-02 21:10:18'),
(47, 41, 'Botble\\Ecommerce\\Models\\Product', 121, 'Ciate Palemore Lipstick Bold Red Color', NULL, 'products/23-2.jpg', 3, 1294.00, 3882.00, 0.00, 0.00, 3882.00, '[]', '2023-05-02 21:10:18', '2023-05-02 21:10:18'),
(48, 42, 'Botble\\Ecommerce\\Models\\Product', 134, 'Saute Pan Silver (Digital)', NULL, 'products/29.jpg', 1, 735.00, 735.00, 0.00, 0.00, 735.00, '[]', '2023-05-02 21:10:18', '2023-05-02 21:10:18'),
(49, 43, 'Botble\\Ecommerce\\Models\\Product', 88, 'Herschel Leather Duffle Bag In Brown Color', NULL, 'products/10.jpg', 2, 1297.00, 2594.00, 0.00, 0.00, 2594.00, '[]', '2023-05-02 21:10:18', '2023-05-02 21:10:18'),
(50, 43, 'Botble\\Ecommerce\\Models\\Product', 196, 'Aptamil Follow On Baby Milk', NULL, 'products/51.jpg', 1, 720.00, 720.00, 0.00, 0.00, 720.00, '[]', '2023-05-02 21:10:18', '2023-05-02 21:10:18'),
(51, 44, 'Botble\\Ecommerce\\Models\\Product', 124, 'Vimto Squash Remix Apple 1.5 Litres', NULL, 'products/24-1.jpg', 2, 683.00, 1366.00, 0.00, 0.00, 1366.00, '[]', '2023-05-02 21:10:18', '2023-05-02 21:10:18'),
(52, 45, 'Botble\\Ecommerce\\Models\\Product', 154, 'Dolmio Bolognese Pasta Sauce (Digital)', NULL, 'products/37.jpg', 1, 1092.00, 1092.00, 0.00, 0.00, 1092.00, '[]', '2023-05-02 21:10:18', '2023-05-02 21:10:18'),
(53, 46, 'Botble\\Ecommerce\\Models\\Product', 173, 'Avocado, Hass Large', NULL, 'products/43-1.jpg', 2, 873.00, 1746.00, 0.00, 0.00, 1746.00, '[]', '2023-05-02 21:10:18', '2023-05-02 21:10:18'),
(54, 47, 'Botble\\Ecommerce\\Models\\Product', 221, 'Kit Kat Chunky Milk Chocolate', NULL, '0003036-nestle-kit-kat-chunky-milk-chocolate-40-gm-510.png', 1, 854.00, 854.00, 85.40, 0.00, 939.40, NULL, '2023-06-22 05:40:48', '2023-06-22 05:40:48'),
(55, 47, 'Botble\\Ecommerce\\Models\\Product', 66, 'Dual Camera 20MP (Digital)', NULL, '730359825-max.jpg', 1, 80.25, 80.25, 8.03, 0.00, 88.28, NULL, '2023-06-22 05:40:48', '2023-06-22 05:40:48'),
(56, 48, 'Botble\\Ecommerce\\Models\\Product', 222, 'Large Green Bell Pepper', NULL, 'green-bell-peppers-variety-page.png', 1, 651.00, 651.00, 65.10, 0.00, 716.10, NULL, '2023-06-22 05:40:49', '2023-06-22 05:40:49'),
(57, 49, 'Botble\\Ecommerce\\Models\\Product', 69, 'Smart Watches', NULL, '71ju-but-sl-ac-sl1500.jpg', 1, 40.50, 40.50, 4.05, 0.00, 44.55, NULL, '2023-06-22 05:40:50', '2023-06-22 05:40:50'),
(58, 50, 'Botble\\Ecommerce\\Models\\Product', 3, 'Beat Headphone', NULL, 'mx422.jpeg', 1, 20.00, 20.00, 2.00, 0.00, 22.00, NULL, '2023-07-24 17:45:32', '2023-07-24 17:45:32'),
(59, 51, 'Botble\\Ecommerce\\Models\\Product', 3, 'Beat Headphone', NULL, 'mx422.jpeg', 1, 20.00, 20.00, 2.00, 0.00, 22.00, NULL, '2023-09-27 00:59:45', '2023-09-27 00:59:45'),
(60, 52, 'Botble\\Ecommerce\\Models\\Product', 222, 'Large Green Bell Pepper', NULL, 'green-bell-peppers-variety-page.png', 1, 651.00, 651.00, 65.10, 0.00, 716.10, NULL, '2023-10-10 21:07:03', '2023-10-10 21:07:03'),
(61, 53, 'Botble\\Ecommerce\\Models\\Product', 197, 'Cuisinart Chef’S Classic Hard-Anodized', NULL, '354-6610-silo1-1.webp', 2, 700.56, 1401.12, 70.06, 0.00, 1471.18, NULL, '2023-10-10 21:07:04', '2023-10-10 21:07:04'),
(62, 54, 'Botble\\Ecommerce\\Models\\Product', 228, 'Province Piece Glass Drinking Glass (Digital)', NULL, '81b88ziril.jpg', 1, 627.00, 627.00, 62.70, 0.00, 689.70, NULL, '2024-03-19 12:11:09', '2024-03-19 12:11:09'),
(63, 55, 'Botble\\Ecommerce\\Models\\Product', 221, 'Kit Kat Chunky Milk Chocolate', NULL, '0003036-nestle-kit-kat-chunky-milk-chocolate-40-gm-510.png', 2, 854.00, 1708.00, 85.40, 0.00, 1793.40, NULL, '2024-09-26 11:26:58', '2024-09-26 11:26:58'),
(64, 56, 'Botble\\Ecommerce\\Models\\Product', 220, 'Kellogg’s Coco Pops Cereal (Digital)', NULL, 'prod-img-1360855-sg-08852756304077-2203301610-p-1.png', 1, 590.00, 590.00, 59.00, 0.00, 649.00, NULL, '2024-09-26 11:27:02', '2024-09-26 11:27:02'),
(65, 57, 'Botble\\Ecommerce\\Models\\Product', 222, 'Large Green Bell Pepper', NULL, 'green-bell-peppers-variety-page.png', 1, 651.00, 651.00, 65.10, 0.00, 716.10, NULL, '2024-10-10 06:15:18', '2024-10-10 06:15:18'),
(66, 58, 'Botble\\Ecommerce\\Models\\Product', 143, 'Häagen-Dazs Salted Caramel (Digital)', NULL, 'haagen-dazs-salted-caramel-450ml.webp', 1, 1244.00, 1244.00, 124.40, 0.00, 1368.40, NULL, '2024-11-20 16:37:02', '2024-11-20 16:37:02'),
(67, 59, 'Botble\\Ecommerce\\Models\\Product', 123, 'Vimto Squash Remix Apple 1.5 Litres', NULL, 'vimto-squash-remix-orange-strawberry-lime-15-litre-79802-t1.jpg', 1, 587.38, 587.38, 58.74, 0.00, 646.12, NULL, '2024-11-20 22:59:37', '2024-11-20 22:59:37'),
(68, 60, 'Botble\\Ecommerce\\Models\\Product', 222, 'Large Green Bell Pepper', NULL, 'green-bell-peppers-variety-page.png', 1, 651.00, 651.00, 0.00, 0.00, 651.00, NULL, '2024-12-30 22:19:47', '2024-12-30 22:19:47'),
(69, 60, 'Botble\\Ecommerce\\Models\\Product', 110, 'NYX Beauty Couton Pallete Makeup 12', NULL, 'download-6.jpeg', 1, 1158.00, 1158.00, 0.00, 0.00, 1158.00, NULL, '2024-12-30 22:19:47', '2024-12-30 22:19:47'),
(70, 61, 'Botble\\Ecommerce\\Models\\Product', 228, 'Province Piece Glass Drinking Glass (Digital)', NULL, '81b88ziril.jpg', 1, 627.00, 627.00, 0.00, 0.00, 627.00, NULL, '2024-12-31 09:46:40', '2024-12-31 09:46:40'),
(71, 62, 'Botble\\Ecommerce\\Models\\Product', 143, 'Häagen-Dazs Salted Caramel (Digital)', NULL, 'haagen-dazs-salted-caramel-450ml.webp', 1, 1244.00, 1244.00, 0.00, 0.00, 1244.00, NULL, '2024-12-31 09:47:21', '2024-12-31 09:47:21'),
(72, 63, 'Botble\\Ecommerce\\Models\\Product', 231, 'Illana Kennedy', NULL, 'id-card-1.jpg', 1, 0.00, 0.00, 0.00, 0.00, 0.00, NULL, '2025-01-03 22:15:45', '2025-01-03 22:15:45'),
(73, 64, 'Botble\\Ecommerce\\Models\\Product', 252, 'Catalogs Printing Services', NULL, 'custom-booklet-printing-services.jpg', 1, 0.00, 0.00, 0.00, 0.00, 0.00, NULL, '2025-01-15 23:03:46', '2025-01-15 23:03:46'),
(74, 65, 'Botble\\Ecommerce\\Models\\Product', 253, 'Tri Fold Brochure Printing', NULL, 'tri-fold1-500x500.png', 1, 4.00, 4.00, 0.00, 0.00, 4.00, NULL, '2025-01-17 13:57:45', '2025-01-17 13:57:45'),
(75, 66, 'Botble\\Ecommerce\\Models\\Product', 257, 'Aluminum ID Card Holder - For Students &amp; Official Use', NULL, 'id-card-holder/287212f72f89d65c3cf18c5c328ff3a3-1.jpg', 2, 45.00, 90.00, 0.00, 0.00, 90.00, NULL, '2025-01-24 22:03:50', '2025-01-24 22:03:50'),
(76, 67, 'Botble\\Ecommerce\\Models\\Product', 248, 'Laser Engraving Services', NULL, 'new-product.jpeg', 1, 0.00, 0.00, 0.00, 0.00, 0.00, NULL, '2025-03-09 15:34:32', '2025-03-09 15:34:32'),
(77, 68, 'Botble\\Ecommerce\\Models\\Product', 257, 'Aluminum ID Card Holder - For Students &amp; Official Use', NULL, 'id-card-holder/287212f72f89d65c3cf18c5c328ff3a3-1.jpg', 4, 45.00, 180.00, 0.00, 0.00, 180.00, NULL, '2025-04-30 17:50:02', '2025-04-30 17:50:02'),
(78, 69, 'Botble\\Ecommerce\\Models\\Product', 257, 'Aluminum ID Card Holder - For Students &amp; Official Use', NULL, 'id-card-holder/287212f72f89d65c3cf18c5c328ff3a3-1.jpg', 1, 45.00, 45.00, 0.00, 0.00, 45.00, NULL, '2025-04-30 18:15:38', '2025-04-30 18:15:38'),
(79, 70, 'Botble\\Ecommerce\\Models\\Product', 257, 'Aluminum ID Card Holder - For Students &amp; Official Use', NULL, 'id-card-holder/287212f72f89d65c3cf18c5c328ff3a3-1.jpg', 1, 45.00, 45.00, 0.00, 0.00, 45.00, NULL, '2025-04-30 18:21:12', '2025-04-30 18:21:12'),
(80, 71, 'Botble\\Ecommerce\\Models\\Product', 256, 'Custom ID Card Ribbons - High-Quality &amp; Personalized', NULL, 'id-card-ribbon/1-1.jpg', 1, 65.00, 65.00, 0.00, 0.00, 65.00, NULL, '2025-04-30 18:54:25', '2025-04-30 18:54:25'),
(81, 71, 'Botble\\Ecommerce\\Models\\Product', 257, 'Aluminum ID Card Holder - For Students &amp; Official Use', NULL, 'id-card-holder/287212f72f89d65c3cf18c5c328ff3a3-1.jpg', 1, 45.00, 45.00, 0.00, 0.00, 45.00, NULL, '2025-04-30 18:54:25', '2025-04-30 18:54:25'),
(82, 72, 'Botble\\Ecommerce\\Models\\Product', 250, 'Customized Notebooks with Prints', NULL, 'main.jpg', 20, 78.00, 1560.00, 0.00, 0.00, 1560.00, NULL, '2025-05-19 13:04:39', '2025-05-19 13:04:39');

-- --------------------------------------------------------

--
-- Table structure for table `ec_options`
--

CREATE TABLE `ec_options` (
  `id` bigint(20) UNSIGNED NOT NULL,
  `name` varchar(191) NOT NULL COMMENT 'Name of options',
  `option_type` varchar(191) DEFAULT NULL COMMENT 'option type',
  `product_id` bigint(20) UNSIGNED NOT NULL DEFAULT 0,
  `order` int(11) NOT NULL DEFAULT 9999,
  `required` tinyint(1) NOT NULL DEFAULT 0 COMMENT 'Checked if this option is required',
  `created_at` timestamp NULL DEFAULT NULL,
  `updated_at` timestamp NULL DEFAULT NULL
) ENGINE=InnoDB DEFAULT CHARSET=utf8mb4 COLLATE=utf8mb4_unicode_ci;

-- --------------------------------------------------------

--
-- Table structure for table `ec_options_translations`
--

CREATE TABLE `ec_options_translations` (
  `lang_code` varchar(191) NOT NULL,
  `ec_options_id` bigint(20) UNSIGNED NOT NULL,
  `name` varchar(255) DEFAULT NULL
) ENGINE=InnoDB DEFAULT CHARSET=utf8mb4 COLLATE=utf8mb4_unicode_ci;

-- --------------------------------------------------------

--
-- Table structure for table `ec_option_value`
--

CREATE TABLE `ec_option_value` (
  `option_id` bigint(20) UNSIGNED NOT NULL COMMENT 'option id',
  `id` bigint(20) UNSIGNED NOT NULL,
  `option_value` tinytext DEFAULT NULL COMMENT 'option value',
  `affect_price` double DEFAULT NULL COMMENT 'value of price of this option affect',
  `order` int(11) NOT NULL DEFAULT 9999,
  `affect_type` tinyint(4) NOT NULL DEFAULT 0 COMMENT '0. fixed 1. percent',
  `created_at` timestamp NULL DEFAULT NULL,
  `updated_at` timestamp NULL DEFAULT NULL
) ENGINE=InnoDB DEFAULT CHARSET=utf8mb4 COLLATE=utf8mb4_unicode_ci;

-- --------------------------------------------------------

--
-- Table structure for table `ec_option_value_translations`
--

CREATE TABLE `ec_option_value_translations` (
  `lang_code` varchar(191) NOT NULL,
  `ec_option_value_id` bigint(20) UNSIGNED NOT NULL,
  `option_value` varchar(255) DEFAULT NULL
) ENGINE=InnoDB DEFAULT CHARSET=utf8mb4 COLLATE=utf8mb4_unicode_ci;

-- --------------------------------------------------------

--
-- Table structure for table `ec_order_addresses`
--

CREATE TABLE `ec_order_addresses` (
  `id` bigint(20) UNSIGNED NOT NULL,
  `name` varchar(191) NOT NULL,
  `phone` varchar(20) DEFAULT NULL,
  `email` varchar(191) DEFAULT NULL,
  `country` varchar(120) DEFAULT NULL,
  `state` varchar(120) DEFAULT NULL,
  `city` varchar(120) DEFAULT NULL,
  `address` varchar(255) DEFAULT NULL,
  `order_id` bigint(20) UNSIGNED NOT NULL,
  `zip_code` varchar(20) DEFAULT NULL,
  `type` varchar(60) NOT NULL DEFAULT 'shipping_address'
) ENGINE=InnoDB DEFAULT CHARSET=utf8mb4 COLLATE=utf8mb4_unicode_ci;

-- --------------------------------------------------------

--
-- Table structure for table `ec_order_histories`
--

CREATE TABLE `ec_order_histories` (
  `id` bigint(20) UNSIGNED NOT NULL,
  `action` varchar(120) NOT NULL,
  `description` varchar(255) NOT NULL,
  `user_id` bigint(20) UNSIGNED DEFAULT NULL,
  `order_id` bigint(20) UNSIGNED NOT NULL,
  `extras` text DEFAULT NULL,
  `created_at` timestamp NULL DEFAULT NULL,
  `updated_at` timestamp NULL DEFAULT NULL
) ENGINE=InnoDB DEFAULT CHARSET=utf8mb4 COLLATE=utf8mb4_unicode_ci;

-- --------------------------------------------------------

--
-- Table structure for table `ec_order_product`
--

CREATE TABLE `ec_order_product` (
  `id` bigint(20) UNSIGNED NOT NULL,
  `order_id` bigint(20) UNSIGNED NOT NULL,
  `qty` int(11) NOT NULL,
  `price` decimal(15,2) NOT NULL,
  `tax_amount` decimal(15,2) NOT NULL,
  `options` text DEFAULT NULL,
  `product_options` text DEFAULT NULL COMMENT 'product option data',
  `product_id` bigint(20) UNSIGNED DEFAULT NULL,
  `product_name` varchar(191) NOT NULL,
  `product_image` varchar(191) DEFAULT NULL,
  `weight` double(8,2) DEFAULT 0.00,
  `restock_quantity` int(10) UNSIGNED DEFAULT 0,
  `created_at` timestamp NULL DEFAULT NULL,
  `updated_at` timestamp NULL DEFAULT NULL,
  `product_type` varchar(60) NOT NULL DEFAULT 'physical',
  `times_downloaded` int(11) NOT NULL DEFAULT 0
) ENGINE=InnoDB DEFAULT CHARSET=utf8mb4 COLLATE=utf8mb4_unicode_ci;

--
-- Dumping data for table `ec_order_product`
--

INSERT INTO `ec_order_product` (`id`, `order_id`, `qty`, `price`, `tax_amount`, `options`, `product_options`, `product_id`, `product_name`, `product_image`, `weight`, `restock_quantity`, `created_at`, `updated_at`, `product_type`, `times_downloaded`) VALUES
(144, 131, 1, 45.00, 0.00, '{\"image\":\"id-card-holder\\/287212f72f89d65c3cf18c5c328ff3a3-1.jpg\",\"attributes\":\"\",\"taxRate\":0,\"options\":[],\"extras\":[],\"sku\":null,\"weight\":0}', '[]', 257, 'Aluminum ID Card Holder - For Students &amp; Official Use', 'id-card-holder/287212f72f89d65c3cf18c5c328ff3a3-1.jpg', 0.00, 0, '2025-04-30 18:12:01', '2025-04-30 18:12:01', 'physical', 0),
(145, 131, 1, 390.00, 0.00, '{\"image\":\"tshirt\\/1-1.jpg\",\"attributes\":\"\",\"taxRate\":0,\"options\":[],\"extras\":[],\"sku\":null,\"weight\":0}', '[]', 255, 'DTF Printed T-Shirts - Soft &amp; Comfortable Cotton Fabric', 'tshirt/1-1.jpg', 0.00, 0, '2025-04-30 18:12:01', '2025-04-30 18:12:01', 'physical', 0),
(152, 136, 1, 399.00, 0.00, '{\"image\":\"mug-printing\\/3-1.jpg\",\"attributes\":\"\",\"taxRate\":0,\"options\":[],\"extras\":[],\"sku\":null,\"weight\":\"0.00\"}', '[]', 254, 'Mug Printing with your name, logo &amp; photos', 'mug-printing/3-1.jpg', 0.00, 0, '2025-06-29 07:06:31', '2025-06-29 07:06:31', 'physical', 0);

-- --------------------------------------------------------

--
-- Table structure for table `ec_order_referrals`
--

CREATE TABLE `ec_order_referrals` (
  `id` bigint(20) UNSIGNED NOT NULL,
  `ip` varchar(39) DEFAULT NULL,
  `landing_domain` varchar(255) DEFAULT NULL,
  `landing_page` varchar(255) DEFAULT NULL,
  `landing_params` varchar(255) DEFAULT NULL,
  `referral` varchar(255) DEFAULT NULL,
  `gclid` varchar(255) DEFAULT NULL,
  `fclid` varchar(255) DEFAULT NULL,
  `utm_source` varchar(255) DEFAULT NULL,
  `utm_campaign` varchar(255) DEFAULT NULL,
  `utm_medium` varchar(255) DEFAULT NULL,
  `utm_term` varchar(255) DEFAULT NULL,
  `utm_content` varchar(255) DEFAULT NULL,
  `referrer_url` text DEFAULT NULL,
  `referrer_domain` varchar(255) DEFAULT NULL,
  `order_id` bigint(20) UNSIGNED DEFAULT NULL,
  `created_at` timestamp NULL DEFAULT NULL,
  `updated_at` timestamp NULL DEFAULT NULL
) ENGINE=InnoDB DEFAULT CHARSET=utf8mb4 COLLATE=utf8mb4_unicode_ci;

-- --------------------------------------------------------

--
-- Table structure for table `ec_order_returns`
--

CREATE TABLE `ec_order_returns` (
  `id` bigint(20) UNSIGNED NOT NULL,
  `code` varchar(191) DEFAULT NULL,
  `order_id` bigint(20) UNSIGNED NOT NULL COMMENT 'Order ID',
  `store_id` bigint(20) UNSIGNED DEFAULT NULL COMMENT 'Store ID',
  `user_id` bigint(20) UNSIGNED NOT NULL COMMENT 'Customer ID',
  `reason` text DEFAULT NULL COMMENT 'Reason return order',
  `order_status` varchar(191) DEFAULT NULL COMMENT 'Order current status',
  `return_status` varchar(191) NOT NULL COMMENT 'Return status',
  `created_at` timestamp NULL DEFAULT NULL,
  `updated_at` timestamp NULL DEFAULT NULL
) ENGINE=InnoDB DEFAULT CHARSET=utf8mb4 COLLATE=utf8mb4_unicode_ci;

-- --------------------------------------------------------

--
-- Table structure for table `ec_order_return_items`
--

CREATE TABLE `ec_order_return_items` (
  `id` bigint(20) UNSIGNED NOT NULL,
  `order_return_id` bigint(20) UNSIGNED NOT NULL COMMENT 'Order return id',
  `order_product_id` bigint(20) UNSIGNED NOT NULL COMMENT 'Order product id',
  `product_id` bigint(20) UNSIGNED NOT NULL COMMENT 'Product id',
  `product_name` varchar(191) NOT NULL,
  `product_image` varchar(191) DEFAULT NULL,
  `qty` int(11) NOT NULL COMMENT 'Quantity return',
  `price` decimal(15,2) NOT NULL COMMENT 'Price Product',
  `reason` text DEFAULT NULL,
  `created_at` timestamp NULL DEFAULT NULL,
  `updated_at` timestamp NULL DEFAULT NULL,
  `refund_amount` decimal(12,2) DEFAULT 0.00
) ENGINE=InnoDB DEFAULT CHARSET=utf8mb4 COLLATE=utf8mb4_unicode_ci;

-- --------------------------------------------------------

--
-- Table structure for table `ec_products`
--

CREATE TABLE `ec_products` (
  `id` bigint(20) UNSIGNED NOT NULL,
  `name` varchar(191) NOT NULL,
  `description` text DEFAULT NULL,
  `content` longtext DEFAULT NULL,
  `status` varchar(60) NOT NULL DEFAULT 'published',
  `images` text DEFAULT NULL,
  `sku` varchar(191) DEFAULT NULL,
  `order` int(10) UNSIGNED NOT NULL DEFAULT 0,
  `quantity` int(10) UNSIGNED DEFAULT NULL,
  `allow_checkout_when_out_of_stock` tinyint(3) UNSIGNED NOT NULL DEFAULT 0,
  `with_storehouse_management` tinyint(3) UNSIGNED NOT NULL DEFAULT 0,
  `is_featured` tinyint(3) UNSIGNED NOT NULL DEFAULT 0,
  `brand_id` bigint(20) UNSIGNED DEFAULT NULL,
  `is_variation` tinyint(4) NOT NULL DEFAULT 0,
  `sale_type` tinyint(4) NOT NULL DEFAULT 0,
  `price` double UNSIGNED DEFAULT NULL,
  `sale_price` double UNSIGNED DEFAULT NULL,
  `start_date` timestamp NULL DEFAULT NULL,
  `end_date` timestamp NULL DEFAULT NULL,
  `length` double(8,2) DEFAULT NULL,
  `wide` double(8,2) DEFAULT NULL,
  `height` double(8,2) DEFAULT NULL,
  `weight` double(8,2) DEFAULT NULL,
  `tax_id` bigint(20) UNSIGNED DEFAULT NULL,
  `views` bigint(20) NOT NULL DEFAULT 0,
  `created_at` timestamp NULL DEFAULT NULL,
  `updated_at` timestamp NULL DEFAULT NULL,
  `stock_status` varchar(191) DEFAULT 'in_stock',
  `created_by_id` bigint(20) UNSIGNED DEFAULT 0,
  `created_by_type` varchar(255) NOT NULL DEFAULT 'Botble\\ACL\\Models\\User',
  `image` varchar(255) DEFAULT NULL,
  `product_type` varchar(60) DEFAULT 'physical',
  `barcode` varchar(50) DEFAULT NULL,
  `cost_per_item` double DEFAULT NULL,
  `store_id` bigint(20) UNSIGNED DEFAULT NULL,
  `approved_by` bigint(20) UNSIGNED DEFAULT 0
) ENGINE=InnoDB DEFAULT CHARSET=utf8mb4 COLLATE=utf8mb4_unicode_ci;

--
-- Dumping data for table `ec_products`
--

INSERT INTO `ec_products` (`id`, `name`, `description`, `content`, `status`, `images`, `sku`, `order`, `quantity`, `allow_checkout_when_out_of_stock`, `with_storehouse_management`, `is_featured`, `brand_id`, `is_variation`, `sale_type`, `price`, `sale_price`, `start_date`, `end_date`, `length`, `wide`, `height`, `weight`, `tax_id`, `views`, `created_at`, `updated_at`, `stock_status`, `created_by_id`, `created_by_type`, `image`, `product_type`, `barcode`, `cost_per_item`, `store_id`, `approved_by`) VALUES
(66, 'Dual Camera 20MP (Digital)', NULL, NULL, 'published', '[\"products\\/1.jpg\"]', 'SW-174-A0', 0, 17, 0, 1, 0, 3, 1, 0, 80.25, NULL, NULL, NULL, 11.00, 18.00, 10.00, 788.00, NULL, 0, '2023-05-02 21:10:06', '2023-06-22 05:40:49', 'in_stock', 0, 'Botble\\ACL\\Models\\User', NULL, 'digital', NULL, NULL, NULL, 0),
(67, 'Dual Camera 20MP (Digital)', NULL, NULL, 'published', '[\"products\\/1.jpg\"]', 'SW-174-A0-A1', 0, 18, 0, 1, 0, 3, 1, 0, 80.25, NULL, NULL, NULL, 11.00, 18.00, 10.00, 788.00, NULL, 0, '2023-05-02 21:10:06', '2023-06-22 05:40:49', 'in_stock', 0, 'Botble\\ACL\\Models\\User', NULL, 'digital', NULL, NULL, NULL, 0),
(68, 'Dual Camera 20MP (Digital)', NULL, NULL, 'published', '[\"products\\/1.jpg\"]', 'SW-174-A0-A2', 0, 18, 0, 1, 0, 3, 1, 0, 80.25, NULL, NULL, NULL, 11.00, 18.00, 10.00, 788.00, NULL, 0, '2023-05-02 21:10:06', '2023-06-22 05:40:49', 'in_stock', 0, 'Botble\\ACL\\Models\\User', NULL, 'digital', NULL, NULL, NULL, 0),
(69, 'Smart Watches', NULL, NULL, 'published', '[\"products\\/2.jpg\"]', 'SW-102-A0', 0, 13, 0, 1, 0, 2, 1, 0, 40.5, NULL, NULL, NULL, 14.00, 17.00, 12.00, 590.00, NULL, 0, '2023-05-02 21:10:06', '2023-06-22 05:40:50', 'in_stock', 0, 'Botble\\ACL\\Models\\User', NULL, 'physical', NULL, NULL, NULL, 0),
(102, 'Apple MacBook Air Retina 12-Inch Laptop', NULL, NULL, 'published', '[\"products\\/16.jpg\"]', 'SW-188-A0', 0, 18, 0, 1, 0, 4, 1, 0, 594, 439.56, NULL, NULL, 19.00, 10.00, 12.00, 754.00, NULL, 0, '2023-05-02 21:10:07', '2023-05-31 01:57:56', 'in_stock', 0, 'Botble\\ACL\\Models\\User', NULL, 'physical', NULL, NULL, NULL, 0),
(103, 'Apple MacBook Air Retina 12-Inch Laptop', NULL, NULL, 'published', '[\"products\\/16.jpg\"]', 'SW-188-A0-A1', 0, 18, 0, 1, 0, 4, 1, 0, 594, 534.6, NULL, NULL, 19.00, 10.00, 12.00, 754.00, NULL, 0, '2023-05-02 21:10:07', '2023-05-31 01:57:56', 'in_stock', 0, 'Botble\\ACL\\Models\\User', NULL, 'physical', NULL, NULL, NULL, 0),
(104, 'Apple MacBook Air Retina 12-Inch Laptop', NULL, NULL, 'published', '[\"products\\/16.jpg\"]', 'SW-188-A0-A2', 0, 18, 0, 1, 0, 4, 1, 0, 594, 481.14, NULL, NULL, 19.00, 10.00, 12.00, 754.00, NULL, 0, '2023-05-02 21:10:07', '2023-05-31 01:57:56', 'in_stock', 0, 'Botble\\ACL\\Models\\User', NULL, 'physical', NULL, NULL, NULL, 0),
(105, 'Samsung Gear VR Virtual Reality Headset (Digital)', NULL, NULL, 'published', '[\"products\\/17.jpg\"]', 'SW-144-A0', 0, 18, 0, 1, 0, 1, 1, 0, 502, NULL, NULL, NULL, 12.00, 15.00, 12.00, 519.00, NULL, 0, '2023-05-02 21:10:07', '2023-05-31 01:55:23', 'in_stock', 0, 'Botble\\ACL\\Models\\User', NULL, 'digital', NULL, NULL, NULL, 0),
(106, 'Samsung Gear VR Virtual Reality Headset (Digital)', NULL, NULL, 'published', '[\"products\\/17-1.jpg\"]', 'SW-144-A0-A1', 0, 18, 0, 1, 0, 1, 1, 0, 502, NULL, NULL, NULL, 12.00, 15.00, 12.00, 519.00, NULL, 0, '2023-05-02 21:10:07', '2023-05-31 01:55:23', 'in_stock', 0, 'Botble\\ACL\\Models\\User', NULL, 'digital', NULL, NULL, NULL, 0),
(107, 'Aveeno Moisturizing Body Shower 450ml', NULL, NULL, 'published', '[\"products\\/18.jpg\"]', 'SW-115-A0', 0, 20, 0, 1, 0, 2, 1, 0, 1294, NULL, NULL, NULL, 16.00, 18.00, 12.00, 517.00, NULL, 0, '2023-05-02 21:10:07', '2023-05-31 01:54:30', 'in_stock', 0, 'Botble\\ACL\\Models\\User', NULL, 'physical', NULL, NULL, NULL, 0),
(108, 'Aveeno Moisturizing Body Shower 450ml', NULL, NULL, 'published', '[\"products\\/18-1.jpg\"]', 'SW-115-A0-A1', 0, 20, 0, 1, 0, 2, 1, 0, 1294, NULL, NULL, NULL, 16.00, 18.00, 12.00, 517.00, NULL, 0, '2023-05-02 21:10:07', '2023-05-31 01:54:30', 'in_stock', 0, 'Botble\\ACL\\Models\\User', NULL, 'physical', NULL, NULL, NULL, 0),
(109, 'Aveeno Moisturizing Body Shower 450ml', NULL, NULL, 'published', '[\"products\\/18-2.jpg\"]', 'SW-115-A0-A2', 0, 20, 0, 1, 0, 2, 1, 0, 1294, NULL, NULL, NULL, 16.00, 18.00, 12.00, 517.00, NULL, 0, '2023-05-02 21:10:07', '2023-05-31 01:54:30', 'in_stock', 0, 'Botble\\ACL\\Models\\User', NULL, 'physical', NULL, NULL, NULL, 0),
(110, 'NYX Beauty Couton Pallete Makeup 12', NULL, NULL, 'published', '[\"products\\/19.jpg\"]', 'SW-199-A0', 0, 11, 0, 1, 0, 3, 1, 0, 1158, NULL, NULL, NULL, 17.00, 18.00, 18.00, 730.00, NULL, 0, '2023-05-02 21:10:07', '2024-12-30 22:19:48', 'in_stock', 0, 'Botble\\ACL\\Models\\User', NULL, 'physical', NULL, NULL, NULL, 0),
(111, 'NYX Beauty Couton Pallete Makeup 12', NULL, NULL, 'published', '[\"products\\/19-1.jpg\"]', 'SW-199-A0-A1', 0, 12, 0, 1, 0, 3, 1, 0, 1158, NULL, NULL, NULL, 17.00, 18.00, 18.00, 730.00, NULL, 0, '2023-05-02 21:10:07', '2024-12-30 22:19:48', 'in_stock', 0, 'Botble\\ACL\\Models\\User', NULL, 'physical', NULL, NULL, NULL, 0),
(112, 'NYX Beauty Couton Pallete Makeup 12', NULL, NULL, 'published', '[\"products\\/19-2.jpg\"]', 'SW-199-A0-A2', 0, 12, 0, 1, 0, 3, 1, 0, 1158, NULL, NULL, NULL, 17.00, 18.00, 18.00, 730.00, NULL, 0, '2023-05-02 21:10:07', '2024-12-30 22:19:48', 'in_stock', 0, 'Botble\\ACL\\Models\\User', NULL, 'physical', NULL, NULL, NULL, 0),
(113, 'NYX Beauty Couton Pallete Makeup 12', NULL, NULL, 'published', '[\"products\\/20.jpg\"]', 'SW-139-A0', 0, 15, 0, 1, 0, 4, 1, 0, 827, 678.14, NULL, NULL, 18.00, 12.00, 16.00, 799.00, NULL, 0, '2023-05-02 21:10:07', '2023-05-31 01:52:42', 'in_stock', 0, 'Botble\\ACL\\Models\\User', NULL, 'physical', NULL, NULL, NULL, 0),
(114, 'MVMTH Classical Leather Watch In Black (Digital)', NULL, NULL, 'published', '[\"products\\/21.jpg\"]', 'SW-185-A0', 0, 15, 0, 1, 0, 3, 1, 0, 731, NULL, NULL, NULL, 20.00, 11.00, 13.00, 685.00, NULL, 0, '2023-05-02 21:10:07', '2023-05-31 01:52:01', 'in_stock', 0, 'Botble\\ACL\\Models\\User', NULL, 'digital', NULL, NULL, NULL, 0),
(115, 'MVMTH Classical Leather Watch In Black (Digital)', NULL, NULL, 'published', '[\"products\\/21-1.jpg\"]', 'SW-185-A0-A1', 0, 15, 0, 1, 0, 3, 1, 0, 731, NULL, NULL, NULL, 20.00, 11.00, 13.00, 685.00, NULL, 0, '2023-05-02 21:10:07', '2023-05-31 01:52:01', 'in_stock', 0, 'Botble\\ACL\\Models\\User', NULL, 'digital', NULL, NULL, NULL, 0),
(116, 'MVMTH Classical Leather Watch In Black (Digital)', NULL, NULL, 'published', '[\"products\\/21-2.jpg\"]', 'SW-185-A0-A2', 0, 15, 0, 1, 0, 3, 1, 0, 731, NULL, NULL, NULL, 20.00, 11.00, 13.00, 685.00, NULL, 0, '2023-05-02 21:10:07', '2023-05-31 01:52:01', 'in_stock', 0, 'Botble\\ACL\\Models\\User', NULL, 'digital', NULL, NULL, NULL, 0),
(117, 'Baxter Care Hair Kit For Bearded Mens', NULL, NULL, 'published', '[\"products\\/22.jpg\"]', 'SW-145-A0', 0, 10, 0, 1, 0, 3, 1, 0, 420, NULL, NULL, NULL, 15.00, 15.00, 19.00, 586.00, NULL, 0, '2023-05-02 21:10:07', '2023-05-31 01:51:19', 'in_stock', 0, 'Botble\\ACL\\Models\\User', NULL, 'physical', NULL, NULL, NULL, 0),
(118, 'Baxter Care Hair Kit For Bearded Mens', NULL, NULL, 'published', '[\"products\\/22-1.jpg\"]', 'SW-145-A0-A1', 0, 10, 0, 1, 0, 3, 1, 0, 420, NULL, NULL, NULL, 15.00, 15.00, 19.00, 586.00, NULL, 0, '2023-05-02 21:10:07', '2023-05-31 01:51:19', 'in_stock', 0, 'Botble\\ACL\\Models\\User', NULL, 'physical', NULL, NULL, NULL, 0),
(119, 'Ciate Palemore Lipstick Bold Red Color', NULL, NULL, 'published', '[\"products\\/23.jpg\"]', 'SW-196-A0', 0, 17, 0, 1, 0, 2, 1, 0, 1294, NULL, NULL, NULL, 16.00, 12.00, 16.00, 541.00, NULL, 0, '2023-05-02 21:10:07', '2023-05-31 01:50:40', 'in_stock', 0, 'Botble\\ACL\\Models\\User', NULL, 'physical', NULL, NULL, NULL, 0),
(120, 'Ciate Palemore Lipstick Bold Red Color', NULL, NULL, 'published', '[\"products\\/23-1.jpg\"]', 'SW-196-A0-A1', 0, 17, 0, 1, 0, 2, 1, 0, 1294, NULL, NULL, NULL, 16.00, 12.00, 16.00, 541.00, NULL, 0, '2023-05-02 21:10:07', '2023-05-31 01:50:40', 'in_stock', 0, 'Botble\\ACL\\Models\\User', NULL, 'physical', NULL, NULL, NULL, 0),
(121, 'Ciate Palemore Lipstick Bold Red Color', NULL, NULL, 'published', '[\"products\\/23-2.jpg\"]', 'SW-196-A0-A2', 0, 17, 0, 1, 0, 2, 1, 0, 1294, NULL, NULL, NULL, 16.00, 12.00, 16.00, 541.00, NULL, 0, '2023-05-02 21:10:07', '2023-05-31 01:50:40', 'in_stock', 0, 'Botble\\ACL\\Models\\User', NULL, 'physical', NULL, NULL, NULL, 0),
(122, 'Ciate Palemore Lipstick Bold Red Color', NULL, NULL, 'published', '[\"products\\/23-3.jpg\"]', 'SW-196-A0-A3', 0, 17, 0, 1, 0, 2, 1, 0, 1294, NULL, NULL, NULL, 16.00, 12.00, 16.00, 541.00, NULL, 0, '2023-05-02 21:10:07', '2023-05-31 01:50:40', 'in_stock', 0, 'Botble\\ACL\\Models\\User', NULL, 'physical', NULL, NULL, NULL, 0),
(123, 'Vimto Squash Remix Apple 1.5 Litres', NULL, NULL, 'published', '[\"products\\/24.jpg\"]', 'SW-102-A0', 0, 12, 0, 1, 0, 4, 1, 0, 683, 587.38, NULL, NULL, 14.00, 11.00, 16.00, 828.00, NULL, 0, '2023-05-02 21:10:07', '2024-11-20 22:59:37', 'in_stock', 0, 'Botble\\ACL\\Models\\User', NULL, 'physical', NULL, NULL, NULL, 0),
(124, 'Vimto Squash Remix Apple 1.5 Litres', NULL, NULL, 'published', '[\"products\\/24-1.jpg\"]', 'SW-102-A0-A1', 0, 13, 0, 1, 0, 4, 1, 0, 683, 539.57, NULL, NULL, 14.00, 11.00, 16.00, 828.00, NULL, 0, '2023-05-02 21:10:07', '2024-11-20 22:59:37', 'in_stock', 0, 'Botble\\ACL\\Models\\User', NULL, 'physical', NULL, NULL, NULL, 0),
(125, 'Vimto Squash Remix Apple 1.5 Litres', NULL, NULL, 'published', '[\"products\\/24-2.jpg\"]', 'SW-102-A0-A2', 0, 13, 0, 1, 0, 4, 1, 0, 683, 532.74, NULL, NULL, 14.00, 11.00, 16.00, 828.00, NULL, 0, '2023-05-02 21:10:07', '2024-11-20 22:59:37', 'in_stock', 0, 'Botble\\ACL\\Models\\User', NULL, 'physical', NULL, NULL, NULL, 0),
(126, 'Vimto Squash Remix Apple 1.5 Litres', NULL, NULL, 'published', '[\"products\\/24.jpg\"]', 'SW-102-A0-A3', 0, 13, 0, 1, 0, 4, 1, 0, 683, 525.91, NULL, NULL, 14.00, 11.00, 16.00, 828.00, NULL, 0, '2023-05-02 21:10:07', '2024-11-20 22:59:37', 'in_stock', 0, 'Botble\\ACL\\Models\\User', NULL, 'physical', NULL, NULL, NULL, 0),
(127, 'Crock Pot Slow Cooker (Digital)', NULL, NULL, 'published', '[\"products\\/25.jpg\"]', 'SW-179-A0', 0, 14, 0, 1, 0, 3, 1, 0, 1155, NULL, NULL, NULL, 11.00, 20.00, 17.00, 579.00, NULL, 0, '2023-05-02 21:10:07', '2023-05-31 01:49:01', 'in_stock', 0, 'Botble\\ACL\\Models\\User', NULL, 'digital', NULL, NULL, NULL, 0),
(128, 'Crock Pot Slow Cooker (Digital)', NULL, NULL, 'published', '[\"products\\/25-1.jpg\"]', 'SW-179-A0-A1', 0, 14, 0, 1, 0, 3, 1, 0, 1155, NULL, NULL, NULL, 11.00, 20.00, 17.00, 579.00, NULL, 0, '2023-05-02 21:10:07', '2023-05-31 01:49:01', 'in_stock', 0, 'Botble\\ACL\\Models\\User', NULL, 'digital', NULL, NULL, NULL, 0),
(130, 'Taylors of Harrogate Yorkshire Coffee', '', NULL, 'published', '[\"latte-ground-angle.png\"]', 'SW-138-A0-A1', 0, 19, 0, 1, 0, 1, 1, 0, 964, NULL, NULL, NULL, 11.00, 19.00, 14.00, 771.00, NULL, 0, '2023-05-02 21:10:07', '2023-05-30 20:18:48', 'in_stock', 0, 'Botble\\ACL\\Models\\User', NULL, 'physical', NULL, NULL, NULL, 0),
(132, 'Soft Mochi & Galeto Ice Cream', '', NULL, 'published', '[\"1-1.png\"]', 'SW-139-A0-A1', 0, 12, 0, 1, 0, 4, 1, 0, 522, NULL, NULL, NULL, 13.00, 11.00, 13.00, 761.00, NULL, 0, '2023-05-02 21:10:07', '2023-05-30 20:17:19', 'in_stock', 0, 'Botble\\ACL\\Models\\User', NULL, 'physical', NULL, NULL, NULL, 0),
(133, 'Naked Noodle Egg Noodles Singapore', '', NULL, 'published', '[\"61tyzjhei2l-ac-ul600-sr600600.jpg\"]', 'SW-175-A0', 0, 11, 0, 1, 0, 2, 1, 0, 1255, 1116.95, NULL, NULL, 20.00, 10.00, 12.00, 778.00, NULL, 0, '2023-05-02 21:10:08', '2023-05-30 20:16:14', 'in_stock', 0, 'Botble\\ACL\\Models\\User', NULL, 'physical', NULL, NULL, NULL, 0),
(134, 'Saute Pan Silver (Digital)', '', NULL, 'published', '[\"41hijgabpl-sx425.jpg\"]', 'SW-139-A0', 0, 12, 0, 1, 0, 3, 1, 0, 735, NULL, NULL, NULL, 18.00, 17.00, 10.00, 565.00, NULL, 0, '2023-05-02 21:10:08', '2023-05-30 20:15:09', 'in_stock', 0, 'Botble\\ACL\\Models\\User', NULL, 'digital', NULL, NULL, NULL, 0),
(135, 'Bar S – Classic Bun Length Franks', '', NULL, 'published', '[\"download-1.jpeg\"]', 'SW-172-A0', 0, 10, 0, 1, 0, 1, 1, 0, 1274, NULL, NULL, NULL, 19.00, 12.00, 14.00, 535.00, NULL, 0, '2023-05-02 21:10:08', '2023-05-30 20:14:07', 'in_stock', 0, 'Botble\\ACL\\Models\\User', NULL, 'physical', NULL, NULL, NULL, 0),
(138, 'Broccoli Crowns', '', NULL, 'published', '[\"4548.jpg\"]', 'SW-147-A0-A2', 0, 19, 0, 1, 0, 1, 1, 0, 925, NULL, NULL, NULL, 17.00, 15.00, 12.00, 862.00, NULL, 0, '2023-05-02 21:10:08', '2023-05-30 20:12:47', 'in_stock', 0, 'Botble\\ACL\\Models\\User', NULL, 'physical', NULL, NULL, NULL, 0),
(139, 'Slimming World Vegan Mac Greens', '', NULL, 'published', '[\"05-3a.webp\"]', 'SW-196-A0', 0, 14, 0, 1, 0, 3, 1, 0, 832, 607.36, NULL, NULL, 16.00, 13.00, 20.00, 847.00, NULL, 0, '2023-05-02 21:10:08', '2023-05-30 20:11:35', 'in_stock', 0, 'Botble\\ACL\\Models\\User', NULL, 'physical', NULL, NULL, NULL, 0),
(143, 'Häagen-Dazs Salted Caramel (Digital)', '', NULL, 'published', '[\"haagen-dazs-salted-caramel-450ml.webp\"]', 'SW-133-A0-A3', 0, 12, 0, 1, 0, 4, 1, 0, 1244, NULL, NULL, NULL, 16.00, 18.00, 13.00, 627.00, NULL, 0, '2023-05-02 21:10:08', '2024-12-31 09:47:22', 'in_stock', 0, 'Botble\\ACL\\Models\\User', NULL, 'digital', NULL, NULL, NULL, 0),
(144, 'Iceland 3 Solo Exotic Burst', '', NULL, 'published', '[\"iceland-solo-3-exotic-burst-lollies-300ml-58297.jpg\"]', 'SW-106-A0', 0, 14, 0, 1, 0, 1, 1, 0, 502, NULL, NULL, NULL, 11.00, 20.00, 19.00, 701.00, NULL, 0, '2023-05-02 21:10:08', '2023-05-30 20:06:21', 'in_stock', 0, 'Botble\\ACL\\Models\\User', NULL, 'physical', NULL, NULL, NULL, 0),
(145, 'Iceland 3 Solo Exotic Burst', '', NULL, 'published', '[\"iceland-solo-3-exotic-burst-lollies-300ml-58297.jpg\"]', 'SW-106-A0-A1', 0, 14, 0, 1, 0, 1, 1, 0, 502, NULL, NULL, NULL, 11.00, 20.00, 19.00, 701.00, NULL, 0, '2023-05-02 21:10:08', '2023-05-30 20:06:21', 'in_stock', 0, 'Botble\\ACL\\Models\\User', NULL, 'physical', NULL, NULL, NULL, 0),
(146, 'Extreme Budweiser Light Can', '', NULL, 'published', '[\"bl-dolphins-eagles.png\"]', 'SW-190-A0', 0, 11, 0, 1, 0, 4, 1, 0, 1108, NULL, NULL, NULL, 20.00, 13.00, 13.00, 570.00, NULL, 0, '2023-05-02 21:10:08', '2023-05-30 20:04:45', 'in_stock', 0, 'Botble\\ACL\\Models\\User', NULL, 'physical', NULL, NULL, NULL, 0),
(147, 'Extreme Budweiser Light Can', '', NULL, 'published', '[\"bl-dolphins-eagles.png\"]', 'SW-190-A0-A1', 0, 11, 0, 1, 0, 4, 1, 0, 1108, NULL, NULL, NULL, 20.00, 13.00, 13.00, 570.00, NULL, 0, '2023-05-02 21:10:08', '2023-05-30 20:04:45', 'in_stock', 0, 'Botble\\ACL\\Models\\User', NULL, 'physical', NULL, NULL, NULL, 0),
(148, 'Iceland Macaroni Cheese Traybake', NULL, NULL, 'published', '[\"products\\/36.jpg\"]', 'SW-124-A0', 0, 11, 0, 1, 0, 3, 1, 0, 1136, 795.2, NULL, NULL, 19.00, 11.00, 12.00, 679.00, NULL, 0, '2023-05-02 21:10:08', '2023-05-30 20:31:13', 'in_stock', 0, 'Botble\\ACL\\Models\\User', NULL, 'physical', NULL, NULL, NULL, 0),
(149, 'Iceland Macaroni Cheese Traybake', NULL, NULL, 'published', '[\"products\\/36-1.jpg\"]', 'SW-124-A0-A1', 0, 11, 0, 1, 0, 3, 1, 0, 1136, 817.92, NULL, NULL, 19.00, 11.00, 12.00, 679.00, NULL, 0, '2023-05-02 21:10:08', '2023-05-30 20:31:13', 'in_stock', 0, 'Botble\\ACL\\Models\\User', NULL, 'physical', NULL, NULL, NULL, 0),
(150, 'Iceland Macaroni Cheese Traybake', NULL, NULL, 'published', '[\"products\\/36-2.jpg\"]', 'SW-124-A0-A2', 0, 11, 0, 1, 0, 3, 1, 0, 1136, 931.52, NULL, NULL, 19.00, 11.00, 12.00, 679.00, NULL, 0, '2023-05-02 21:10:08', '2023-05-30 20:31:13', 'in_stock', 0, 'Botble\\ACL\\Models\\User', NULL, 'physical', NULL, NULL, NULL, 0),
(151, 'Dolmio Bolognese Pasta Sauce (Digital)', NULL, NULL, 'published', '[\"products\\/37.jpg\"]', 'SW-109-A0', 0, 14, 0, 1, 0, 1, 1, 0, 1092, NULL, NULL, NULL, 15.00, 13.00, 11.00, 598.00, NULL, 0, '2023-05-02 21:10:08', '2023-05-30 20:30:19', 'in_stock', 0, 'Botble\\ACL\\Models\\User', NULL, 'digital', NULL, NULL, NULL, 0),
(152, 'Dolmio Bolognese Pasta Sauce (Digital)', NULL, NULL, 'published', '[\"products\\/37-1.jpg\"]', 'SW-109-A0-A1', 0, 14, 0, 1, 0, 1, 1, 0, 1092, NULL, NULL, NULL, 15.00, 13.00, 11.00, 598.00, NULL, 0, '2023-05-02 21:10:08', '2023-05-30 20:30:19', 'in_stock', 0, 'Botble\\ACL\\Models\\User', NULL, 'digital', NULL, NULL, NULL, 0),
(153, 'Dolmio Bolognese Pasta Sauce (Digital)', NULL, NULL, 'published', '[\"products\\/37-2.jpg\"]', 'SW-109-A0-A2', 0, 14, 0, 1, 0, 1, 1, 0, 1092, NULL, NULL, NULL, 15.00, 13.00, 11.00, 598.00, NULL, 0, '2023-05-02 21:10:08', '2023-05-30 20:30:19', 'in_stock', 0, 'Botble\\ACL\\Models\\User', NULL, 'digital', NULL, NULL, NULL, 0),
(154, 'Dolmio Bolognese Pasta Sauce (Digital)', NULL, NULL, 'published', '[\"products\\/37.jpg\"]', 'SW-109-A0-A3', 0, 14, 0, 1, 0, 1, 1, 0, 1092, NULL, NULL, NULL, 15.00, 13.00, 11.00, 598.00, NULL, 0, '2023-05-02 21:10:08', '2023-05-30 20:30:19', 'in_stock', 0, 'Botble\\ACL\\Models\\User', NULL, 'digital', NULL, NULL, NULL, 0),
(155, 'Dolmio Bolognese Pasta Sauce (Digital)', NULL, NULL, 'published', '[\"products\\/37.jpg\"]', 'SW-109-A0-A4', 0, 14, 0, 1, 0, 1, 1, 0, 1092, NULL, NULL, NULL, 15.00, 13.00, 11.00, 598.00, NULL, 0, '2023-05-02 21:10:08', '2023-05-30 20:30:19', 'in_stock', 0, 'Botble\\ACL\\Models\\User', NULL, 'digital', NULL, NULL, NULL, 0),
(157, 'Sitema BakeIT Plastic Box', NULL, NULL, 'published', '[\"products\\/38-1.jpg\"]', 'SW-175-A0-A1', 0, 15, 0, 1, 0, 5, 1, 0, 504, NULL, NULL, NULL, 11.00, 12.00, 16.00, 695.00, NULL, 0, '2023-05-02 21:10:08', '2023-05-30 20:29:34', 'in_stock', 0, 'Botble\\ACL\\Models\\User', NULL, 'physical', NULL, NULL, NULL, 0),
(165, 'Miko The Panda Water Bottle', '', NULL, 'published', '[\"images-1.jpeg\"]', 'SW-131-A0-A2', 0, 16, 0, 1, 0, 4, 1, 0, 659, 540.38, NULL, NULL, 16.00, 15.00, 10.00, 819.00, NULL, 0, '2023-05-02 21:10:08', '2023-05-30 20:27:06', 'in_stock', 0, 'Botble\\ACL\\Models\\User', NULL, 'physical', NULL, NULL, NULL, 0),
(174, 'Avocado, Hass Large', '', NULL, 'published', '[\"download-2.jpeg\"]', 'SW-185-A0-A2', 0, 19, 0, 1, 0, 2, 1, 0, 873, NULL, NULL, NULL, 12.00, 17.00, 19.00, 689.00, NULL, 0, '2023-05-02 21:10:09', '2023-05-30 20:22:48', 'in_stock', 0, 'Botble\\ACL\\Models\\User', NULL, 'physical', NULL, NULL, NULL, 0),
(178, 'Italia Beef Lasagne', '', NULL, 'published', '[\"91469251-a-portion-of-delicious-italian-lasagna-topped-with-melted-cheese-and-fresh-basil-leaves-sprinkled.webp\"]', 'SW-142-A0-A3', 0, 16, 0, 1, 0, 5, 1, 0, 699, 559.2, NULL, NULL, 14.00, 13.00, 16.00, 772.00, NULL, 0, '2023-05-02 21:10:09', '2023-05-30 20:21:25', 'in_stock', 0, 'Botble\\ACL\\Models\\User', NULL, 'physical', NULL, NULL, NULL, 0),
(180, 'Maxwell House Classic Roast Mocha (Digital)', '', NULL, 'published', '[\"maxwell-house-classic-roast-coffee-95g-buy-in-bd.jpg\"]', 'SW-162-A0-A1', 0, 14, 0, 1, 0, 2, 1, 0, 1261, NULL, NULL, NULL, 12.00, 16.00, 10.00, 719.00, NULL, 0, '2023-05-02 21:10:09', '2023-05-30 20:19:49', 'in_stock', 0, 'Botble\\ACL\\Models\\User', NULL, 'digital', NULL, NULL, NULL, 0),
(181, 'Bottled Pure Water 500ml', '', NULL, 'published', '[\"btvetwqhkeb7bba2reh7igr6iapzqmnehzgs3mst.png\"]', 'SW-179-A0', 0, 14, 0, 1, 0, 1, 1, 0, 933, NULL, NULL, NULL, 11.00, 13.00, 12.00, 692.00, NULL, 0, '2023-05-02 21:10:09', '2023-05-30 19:18:17', 'in_stock', 0, 'Botble\\ACL\\Models\\User', NULL, 'physical', NULL, NULL, NULL, 0),
(182, 'Bottled Pure Water 500ml', '', NULL, 'published', '[\"btvetwqhkeb7bba2reh7igr6iapzqmnehzgs3mst.png\"]', 'SW-179-A0-A1', 0, 14, 0, 1, 0, 1, 1, 0, 933, NULL, NULL, NULL, 11.00, 13.00, 12.00, 692.00, NULL, 0, '2023-05-02 21:10:09', '2023-05-30 19:18:17', 'in_stock', 0, 'Botble\\ACL\\Models\\User', NULL, 'physical', NULL, NULL, NULL, 0),
(186, 'Famart Farmhouse Soft White', '', NULL, 'published', '[\"07-10a.jpg\"]', 'SW-147-A0-A3', 0, 10, 0, 1, 0, 3, 1, 0, 757, NULL, NULL, NULL, 17.00, 14.00, 11.00, 875.00, NULL, 0, '2023-05-02 21:10:09', '2023-05-30 19:16:48', 'in_stock', 0, 'Botble\\ACL\\Models\\User', NULL, 'physical', NULL, NULL, NULL, 0),
(187, 'Coca-Cola Original Taste', '', NULL, 'published', '[\"cocacolaoriginal15ltr-600x.webp\"]', 'SW-108-A0', 0, 14, 0, 1, 0, 1, 1, 0, 819, 606.06, NULL, NULL, 15.00, 10.00, 14.00, 660.00, NULL, 0, '2023-05-02 21:10:09', '2023-05-30 19:15:18', 'in_stock', 0, 'Botble\\ACL\\Models\\User', NULL, 'physical', NULL, NULL, NULL, 0),
(188, 'Coca-Cola Original Taste', '', NULL, 'published', '[\"cocacolaoriginal15ltr-600x.webp\"]', 'SW-108-A0-A1', 0, 14, 0, 1, 0, 1, 1, 0, 819, 647.01, NULL, NULL, 15.00, 10.00, 14.00, 660.00, NULL, 0, '2023-05-02 21:10:09', '2023-05-30 19:15:18', 'in_stock', 0, 'Botble\\ACL\\Models\\User', NULL, 'physical', NULL, NULL, NULL, 0),
(189, 'Casillero Diablo Cabernet Sauvignon (Digital)', '', NULL, 'published', '[\"casillero-del-diablo-cabernet.jpeg\"]', 'SW-144-A0', 0, 15, 0, 1, 0, 5, 1, 0, 682, NULL, NULL, NULL, 11.00, 17.00, 19.00, 505.00, NULL, 0, '2023-05-02 21:10:09', '2023-05-30 19:29:56', 'in_stock', 0, 'Botble\\ACL\\Models\\User', NULL, 'digital', NULL, NULL, NULL, 0),
(192, 'Arla Organic Free Range Milk', '', NULL, 'published', '[\"arla-1lt-semi-skimmed-organic-milk-73567.jpg\"]', 'SW-200-A0-A2', 0, 11, 0, 1, 0, 1, 1, 0, 913, NULL, NULL, NULL, 20.00, 17.00, 15.00, 821.00, NULL, 0, '2023-05-02 21:10:09', '2023-05-30 20:01:53', 'in_stock', 0, 'Botble\\ACL\\Models\\User', NULL, 'physical', NULL, NULL, NULL, 0),
(193, 'Arla Organic Free Range Milk', '', NULL, 'published', '[\"arla-1lt-semi-skimmed-organic-milk-73567.jpg\"]', 'SW-200-A0-A3', 0, 11, 0, 1, 0, 1, 1, 0, 913, NULL, NULL, NULL, 20.00, 17.00, 15.00, 821.00, NULL, 0, '2023-05-02 21:10:09', '2023-05-30 20:01:53', 'in_stock', 0, 'Botble\\ACL\\Models\\User', NULL, 'physical', NULL, NULL, NULL, 0),
(194, 'Aptamil Follow On Baby Milk', '', NULL, 'published', '[\"3bf1b525600c513aadf865a7fedc7c37.jpg\"]', 'SW-114-A0', 0, 19, 0, 1, 0, 2, 1, 0, 720, NULL, NULL, NULL, 15.00, 17.00, 14.00, 747.00, NULL, 0, '2023-05-02 21:10:09', '2023-05-30 20:00:33', 'in_stock', 0, 'Botble\\ACL\\Models\\User', NULL, 'physical', NULL, NULL, NULL, 0),
(195, 'Aptamil Follow On Baby Milk', '', NULL, 'published', '[\"3bf1b525600c513aadf865a7fedc7c37.jpg\"]', 'SW-114-A0-A1', 0, 19, 0, 1, 0, 2, 1, 0, 720, NULL, NULL, NULL, 15.00, 17.00, 14.00, 747.00, NULL, 0, '2023-05-02 21:10:09', '2023-05-30 20:00:33', 'in_stock', 0, 'Botble\\ACL\\Models\\User', NULL, 'physical', NULL, NULL, NULL, 0),
(196, 'Aptamil Follow On Baby Milk', '', NULL, 'published', '[\"3bf1b525600c513aadf865a7fedc7c37.jpg\"]', 'SW-114-A0-A2', 0, 19, 0, 1, 0, 2, 1, 0, 720, NULL, NULL, NULL, 15.00, 17.00, 14.00, 747.00, NULL, 0, '2023-05-02 21:10:09', '2023-05-30 20:00:33', 'in_stock', 0, 'Botble\\ACL\\Models\\User', NULL, 'physical', NULL, NULL, NULL, 0),
(197, 'Cuisinart Chef’S Classic Hard-Anodized', '', NULL, 'published', '[\"354-6610-silo1-1.webp\"]', 'SW-191-A0', 0, 11, 0, 1, 0, 2, 1, 0, 973, 700.56, NULL, NULL, 20.00, 14.00, 16.00, 555.00, NULL, 0, '2023-05-02 21:10:09', '2023-10-10 21:07:05', 'in_stock', 0, 'Botble\\ACL\\Models\\User', NULL, 'physical', NULL, NULL, NULL, 0),
(198, 'Cuisinart Chef’S Classic Hard-Anodized', '', NULL, 'published', '[\"354-6610-silo1-1.webp\"]', 'SW-191-A0-A1', 0, 13, 0, 1, 0, 2, 1, 0, 973, 749.21, NULL, NULL, 20.00, 14.00, 16.00, 555.00, NULL, 0, '2023-05-02 21:10:09', '2023-10-10 21:07:05', 'in_stock', 0, 'Botble\\ACL\\Models\\User', NULL, 'physical', NULL, NULL, NULL, 0),
(199, 'Corn, Yellow Sweet (Digital)', '', NULL, 'published', '[\"320-5aea8ed7-9b31-42da-bde1-f817ee1de993.jpg\"]', 'SW-177-A0', 0, 12, 0, 1, 0, 2, 1, 0, 1118, NULL, NULL, NULL, 13.00, 11.00, 18.00, 782.00, NULL, 0, '2023-05-02 21:10:09', '2023-05-30 19:57:50', 'in_stock', 0, 'Botble\\ACL\\Models\\User', NULL, 'digital', NULL, NULL, NULL, 0),
(200, 'Corn, Yellow Sweet (Digital)', '', NULL, 'published', '[\"320-5aea8ed7-9b31-42da-bde1-f817ee1de993.jpg\"]', 'SW-177-A0-A1', 0, 12, 0, 1, 0, 2, 1, 0, 1118, NULL, NULL, NULL, 13.00, 11.00, 18.00, 782.00, NULL, 0, '2023-05-02 21:10:09', '2023-05-30 19:57:50', 'in_stock', 0, 'Botble\\ACL\\Models\\User', NULL, 'digital', NULL, NULL, NULL, 0),
(201, 'Hobnobs The Nobbly Biscuit', '', NULL, 'published', '[\"original-lemonade-hero.jpg\"]', 'SW-146-A0', 0, 10, 0, 1, 0, 3, 1, 0, 860, NULL, NULL, NULL, 15.00, 18.00, 20.00, 562.00, NULL, 0, '2023-05-02 21:10:09', '2023-05-30 19:55:18', 'in_stock', 0, 'Botble\\ACL\\Models\\User', NULL, 'physical', NULL, NULL, NULL, 0),
(202, 'Hobnobs The Nobbly Biscuit', '', NULL, 'published', '[\"original-lemonade-hero.jpg\"]', 'SW-146-A0-A1', 0, 10, 0, 1, 0, 3, 1, 0, 860, NULL, NULL, NULL, 15.00, 18.00, 20.00, 562.00, NULL, 0, '2023-05-02 21:10:09', '2023-05-30 19:55:18', 'in_stock', 0, 'Botble\\ACL\\Models\\User', NULL, 'physical', NULL, NULL, NULL, 0),
(203, 'Hobnobs The Nobbly Biscuit', '', NULL, 'published', '[\"original-lemonade-hero.jpg\"]', 'SW-146-A0-A2', 0, 10, 0, 1, 0, 3, 1, 0, 860, NULL, NULL, NULL, 15.00, 18.00, 20.00, 562.00, NULL, 0, '2023-05-02 21:10:09', '2023-05-30 19:55:18', 'in_stock', 0, 'Botble\\ACL\\Models\\User', NULL, 'physical', NULL, NULL, NULL, 0),
(204, 'Honest Organic Still Lemonade', '', NULL, 'published', '[\"original-lemonade-hero.jpg\"]', 'SW-143-A0', 0, 10, 0, 1, 0, 2, 1, 0, 920, NULL, NULL, NULL, 20.00, 15.00, 15.00, 557.00, NULL, 0, '2023-05-02 21:10:09', '2023-05-30 19:56:36', 'in_stock', 0, 'Botble\\ACL\\Models\\User', NULL, 'physical', NULL, NULL, NULL, 0),
(205, 'Ice Beck’s Beer 350ml x 24 Pieces', '', NULL, 'published', '[\"download.jpeg\"]', 'SW-123-A0', 0, 13, 0, 1, 0, 4, 1, 0, 984, 688.8, NULL, NULL, 19.00, 11.00, 19.00, 644.00, NULL, 0, '2023-05-02 21:10:09', '2023-05-30 19:19:50', 'in_stock', 0, 'Botble\\ACL\\Models\\User', NULL, 'physical', NULL, NULL, NULL, 0),
(206, 'Ice Beck’s Beer 350ml x 24 Pieces', '', NULL, 'published', '[\"download.jpeg\"]', 'SW-123-A0-A1', 0, 13, 0, 1, 0, 4, 1, 0, 984, 777.36, NULL, NULL, 19.00, 11.00, 19.00, 644.00, NULL, 0, '2023-05-02 21:10:09', '2023-05-30 19:19:50', 'in_stock', 0, 'Botble\\ACL\\Models\\User', NULL, 'physical', NULL, NULL, NULL, 0),
(207, 'Iceland 6 Hot Cross Buns (Digital)', '', NULL, 'published', '[\"iceland-hot-cross-buns-image.jpg\"]', 'SW-161-A0', 0, 13, 0, 1, 0, 4, 1, 0, 525, NULL, NULL, NULL, 15.00, 17.00, 11.00, 709.00, NULL, 0, '2023-05-02 21:10:09', '2023-05-30 19:21:21', 'in_stock', 0, 'Botble\\ACL\\Models\\User', NULL, 'digital', NULL, NULL, NULL, 0),
(208, 'Iceland 6 Hot Cross Buns (Digital)', '', NULL, 'published', '[\"iceland-hot-cross-buns-image.jpg\"]', 'SW-161-A0-A1', 0, 13, 0, 1, 0, 4, 1, 0, 525, NULL, NULL, NULL, 15.00, 17.00, 11.00, 709.00, NULL, 0, '2023-05-02 21:10:09', '2023-05-30 19:21:21', 'in_stock', 0, 'Botble\\ACL\\Models\\User', NULL, 'digital', NULL, NULL, NULL, 0),
(211, 'Iceland Luxury 4 Panini Rolls', '', NULL, 'published', '[\"iceland-luxury-4-panini-rolls-65783.jpg\"]', 'SW-117-A0-A2', 0, 10, 0, 1, 0, 1, 1, 0, 1139, NULL, NULL, NULL, 15.00, 17.00, 11.00, 704.00, NULL, 0, '2023-05-02 21:10:10', '2023-05-30 19:23:41', 'in_stock', 0, 'Botble\\ACL\\Models\\User', NULL, 'physical', NULL, NULL, NULL, 0),
(212, 'Iceland Luxury 4 Panini Rolls', '', NULL, 'published', '[\"iceland-luxury-4-panini-rolls-65783.jpg\"]', 'SW-117-A0-A3', 0, 10, 0, 1, 0, 1, 1, 0, 1139, NULL, NULL, NULL, 15.00, 17.00, 11.00, 704.00, NULL, 0, '2023-05-02 21:10:10', '2023-05-30 19:23:41', 'in_stock', 0, 'Botble\\ACL\\Models\\User', NULL, 'physical', NULL, NULL, NULL, 0),
(213, 'Iceland Soft Scoop Vanilla', '', NULL, 'published', '[\"5010482536756-300x300.webp\"]', 'SW-189-A0', 0, 11, 0, 1, 0, 3, 1, 0, 567, NULL, NULL, NULL, 18.00, 18.00, 18.00, 750.00, NULL, 0, '2023-05-02 21:10:10', '2023-05-30 19:25:29', 'in_stock', 0, 'Botble\\ACL\\Models\\User', NULL, 'physical', NULL, NULL, NULL, 0),
(215, 'Iceland Soft Scoop Vanilla', '', NULL, 'published', '[\"5010482536756-300x300.webp\"]', 'SW-189-A0-A2', 0, 11, 0, 1, 0, 3, 1, 0, 567, NULL, NULL, NULL, 18.00, 18.00, 18.00, 750.00, NULL, 0, '2023-05-02 21:10:10', '2023-05-30 19:25:29', 'in_stock', 0, 'Botble\\ACL\\Models\\User', NULL, 'physical', NULL, NULL, NULL, 0),
(218, 'Iceland Spaghetti Bolognese', '', NULL, 'published', '[\"iceland-meal-in-a-bag-spaghetti-bolognese-800g-62594-4.jpg\"]', 'SW-189-A0-A2', 0, 18, 0, 1, 0, 3, 1, 0, 1116, 982.08, NULL, NULL, 15.00, 16.00, 11.00, 741.00, NULL, 0, '2023-05-02 21:10:10', '2023-05-30 19:27:34', 'in_stock', 0, 'Botble\\ACL\\Models\\User', NULL, 'physical', NULL, NULL, NULL, 0),
(220, 'Kellogg’s Coco Pops Cereal (Digital)', '', NULL, 'published', '[\"prod-img-1360855-sg-08852756304077-2203301610-p-1.png\"]', 'SW-115-A0-A1', 0, 14, 0, 1, 0, 2, 1, 0, 590, NULL, NULL, NULL, 14.00, 10.00, 11.00, 636.00, NULL, 0, '2023-05-02 21:10:10', '2024-09-26 11:27:02', 'in_stock', 0, 'Botble\\ACL\\Models\\User', NULL, 'digital', NULL, NULL, NULL, 0),
(221, 'Kit Kat Chunky Milk Chocolate', '', NULL, 'published', '[\"0003036-nestle-kit-kat-chunky-milk-chocolate-40-gm-510.png\"]', 'SW-156-A0', 0, 16, 0, 1, 0, 3, 1, 0, 854, NULL, NULL, NULL, 16.00, 15.00, 11.00, 636.00, NULL, 0, '2023-05-02 21:10:10', '2024-09-26 11:27:02', 'in_stock', 0, 'Botble\\ACL\\Models\\User', NULL, 'physical', NULL, NULL, NULL, 0),
(222, 'Large Green Bell Pepper', '', NULL, 'published', '[\"green-bell-peppers-variety-page.png\"]', 'SW-147-A0', 0, 13, 0, 1, 0, 5, 1, 0, 651, NULL, NULL, NULL, 12.00, 19.00, 20.00, 629.00, NULL, 0, '2023-05-02 21:10:10', '2024-12-30 22:19:48', 'in_stock', 0, 'Botble\\ACL\\Models\\User', NULL, 'physical', NULL, NULL, NULL, 0),
(223, 'Large Green Bell Pepper', '', NULL, 'published', '[\"green-bell-peppers-variety-page.png\"]', 'SW-147-A0-A1', 0, 17, 0, 1, 0, 5, 1, 0, 651, NULL, NULL, NULL, 12.00, 19.00, 20.00, 629.00, NULL, 0, '2023-05-02 21:10:10', '2024-12-30 22:19:48', 'in_stock', 0, 'Botble\\ACL\\Models\\User', NULL, 'physical', NULL, NULL, NULL, 0),
(224, 'Pice 94w Beasley Journal', '', NULL, 'published', '[\"images.jpeg\"]', 'SW-154-A0', 0, 16, 0, 1, 0, 3, 1, 0, 1031, 845.42, NULL, NULL, 19.00, 11.00, 17.00, 672.00, NULL, 0, '2023-05-02 21:10:10', '2023-05-30 19:08:47', 'in_stock', 0, 'Botble\\ACL\\Models\\User', NULL, 'physical', NULL, NULL, NULL, 0),
(228, 'Province Piece Glass Drinking Glass (Digital)', '', NULL, 'published', '[\"81b88ziril.jpg\"]', 'SW-156-A0-A2', 0, 11, 0, 1, 0, 4, 1, 0, 627, NULL, NULL, NULL, 13.00, 16.00, 10.00, 713.00, NULL, 0, '2023-05-02 21:10:10', '2024-12-31 09:46:41', 'in_stock', 0, 'Botble\\ACL\\Models\\User', NULL, 'digital', NULL, NULL, NULL, 0),
(229, 'Province Piece Glass Drinking Glass (Digital)', '', NULL, 'published', '[\"81b88ziril.jpg\"]', 'SW-156-A0-A3', 0, 13, 0, 1, 0, 4, 1, 0, 627, NULL, NULL, NULL, 13.00, 16.00, 10.00, 713.00, NULL, 0, '2023-05-02 21:10:10', '2024-12-31 09:46:41', 'in_stock', 0, 'Botble\\ACL\\Models\\User', NULL, 'digital', NULL, NULL, NULL, 0),
(230, 'Custom UV Printed  ID Card', '<p>Our custom UV printed waterproof ID cards are designed for durability and style. With high-quality UV printing, these cards offer vibrant colors and sharp details that are resistant to fading, even in harsh conditions. Perfect for long-term use, these waterproof ID cards are ideal for businesses, staff identification, membership programs, and events. They are built to withstand water, wear, and tear, ensuring that your card remains in excellent condition for years.</p>', '', 'published', '[\"id-card-1.jpg\",\"id-card-5.jpg\",\"id-card-4.jpg\",\"id-card-3.jpg\",\"id-card-2.jpg\",\"id-card.jpg\"]', 'Minimum- 5 Pies', 0, 0, 0, 0, 1, 0, 0, 0, 100, NULL, NULL, NULL, 0.00, 0.00, 0.00, 0.00, NULL, 183, '2024-12-31 21:11:56', '2025-01-15 22:54:19', 'in_stock', 2, 'Botble\\ACL\\Models\\User', 'id-card-1.jpg', 'physical', 'Simon Holt', 0, 0, 0),
(242, 'Laser Engraved Wooden Perpetual Calendar for Promotions', '<p><span style=\"color:hsl(270,75%,60%);\"><strong>Minimum Order Quantity- 20 unit.</strong></span> </p><p><span style=\"background-color:rgb(255,255,255);color:rgb(27,29,29);font-size:13px;\">Add a personal touch to your branding with our laser-engraved wooden perpetual calendars. Crafted from high-quality wood, this functional and elegant calendar can be customized with your logo or design. Perfect for office desks or as corporate gifts, it’s a unique way to keep your brand visible year-round. The precision of laser engraving ensures crisp, detailed designs that last, making it a timeless promotional item for businesses looking to make an impression.</span></p>', '', 'published', '[\"untitled-1-3.jpg\",\"untitled-1-3.jpg\",\"untitled-1-3.jpg\"]', 'Minimum- 20 Pies', 0, 0, 0, 0, 1, 0, 0, 0, 380, NULL, NULL, NULL, 0.00, 0.00, 0.00, 0.00, NULL, 99, '2025-01-11 20:24:35', '2025-01-15 23:01:16', 'in_stock', 2, 'Botble\\ACL\\Models\\User', 'untitled-1-3.jpg', 'physical', NULL, 0, 0, 0),
(243, 'Polyester PVC Banner Media, For Advertising Banners', '<p>Enhance your advertising efforts with high-quality polyester PVC banner media, perfect for creating durable, vibrant banners. Made from a strong, weather-resistant material, this banner media is ideal for both indoor and outdoor advertising. It offers exceptional print clarity, vibrant colors, and long-lasting durability, making it the perfect choice for promotional banners, event signage, or retail displays. Lightweight yet tough, polyester PVC banner media ensures your message stands out and lasts through various environmental conditions.</p>', '', 'published', '[\"polyester-pvc-banner-media-for-advertising-banners-size-30-x-100.jpg\",\"polyester-pvc-banner-media-for-advertising-banners-size-30-x-100-2.jpg\",\"polyester-pvc-banner-media-for-advertising-banners-size-30-x-100-3.jpg\",\"polyester-pvc-banner-media-for-advertising-banners-size-30-x-100-4.jpg\"]', NULL, 0, 0, 0, 0, 1, 0, 0, 0, 22, NULL, NULL, NULL, 0.00, 0.00, 0.00, 0.00, NULL, 209, '2025-01-11 20:32:14', '2025-01-15 22:41:34', 'in_stock', 2, 'Botble\\ACL\\Models\\User', 'polyester-pvc-banner-media-for-advertising-banners-size-30-x-100.jpg', 'physical', NULL, 1, 0, 0),
(244, 'X Banner with Stand for Advertising', '<p>Get noticed with our 2x5 feet X banner with stand, the perfect solution for eye-catching advertising. Designed for both indoor and outdoor use, this lightweight and durable banner ensures your message reaches your audience effectively. The 2x5 feet size provides ample space for vibrant, high-quality prints, while the sturdy stand makes setup and transport a breeze. Ideal for trade shows, exhibitions, retail promotions, and event advertising, our X banner offers a professional and cost-effective way to showcase your brand.</p>', '', 'published', '[\"untitled-4.jpg\",\"x-banner2.jpg\",\"x-banner.jpg\"]', NULL, 0, 0, 0, 0, 1, 0, 0, 0, 900, NULL, NULL, NULL, 0.00, 0.00, 0.00, 0.00, NULL, 139, '2025-01-11 20:43:24', '2025-01-15 22:38:29', 'in_stock', 2, 'Botble\\ACL\\Models\\User', 'untitled-4.jpg', 'physical', NULL, 0, 0, 0),
(245, 'Flyer Printing Services', '<p><span style=\"color:hsl(270,75%,60%);\"><strong>Minimum Order Quantity- 1000 unit.</strong></span>  </p><p>Make a bold statement with our A4 size flyer printing services! Perfect for promoting your business, events, or special offers, these flyers provide ample space for clear and impactful messaging. Printed on high-quality paper with vibrant colors and sharp details, they are designed to grab attention and leave a lasting impression. Choose from a variety of paper types and finishes to match your branding needs. Whether for advertising, marketing campaigns, or event promotions, our A4 flyers are a cost-effective and professional way to communicate with your audience.</p>', '', 'published', '[\"flyers-printing-3.jpg\",\"flyers-printing.jpg\",\"flyers-printing-2.jpg\",\"flyers-printing-1.jpg\"]', NULL, 0, 0, 0, 0, 1, 0, 0, 0, 6, NULL, NULL, NULL, 0.00, 0.00, 0.00, 0.00, NULL, 138, '2025-01-11 20:49:30', '2025-01-17 16:28:40', 'in_stock', 2, 'Botble\\ACL\\Models\\User', 'flyers-printing-3.jpg', 'physical', NULL, 0, 0, 0),
(246, 'Catalogs Printing Services', '<p><span style=\"color:hsl(270,75%,60%);\"><strong>Minimum Order Quantity- 1000 unit.</strong></span>  </p><p>Create stunning custom catalogs that showcase your products and services with precision and style. Our catalog printing services offer high-quality finishes, vibrant colors, and durable materials to make your catalogs stand out. Whether for business promotions, retail displays, or special events, choose from a range of sizes, layouts, and binding options to meet your unique needs. Perfect for highlighting your brand, boosting sales, and engaging your audience effectively.</p>', '', 'published', '[\"custom-booklet-printing-services.jpg\",\"custom-booklet-printing-services-4.jpg\",\"custom-booklet-printing-services-3.jpg\",\"custom-booklet-printing-services-2.jpg\",\"custom-booklet-printing-services-1.jpg\"]', NULL, 0, 0, 0, 0, 1, 0, 0, 0, 0, NULL, NULL, NULL, 0.00, 0.00, 0.00, 0.00, NULL, 126, '2025-01-11 20:55:41', '2025-01-17 16:27:16', 'in_stock', 2, 'Botble\\ACL\\Models\\User', 'custom-booklet-printing-services.jpg', 'physical', NULL, 0, 0, 0),
(247, 'Customize Acrylic Key Ring', '<p><span style=\"color:hsl(270,75%,60%);\"><strong>Minimum Order Quantity- 100 unit.</strong></span>  </p><p>Design your own acrylic key rings with a personal touch! Sized at 1.25\" x 1.75\", these custom key rings are made from high-quality, durable acrylic with a sleek and lightweight feel. Perfect for personal use, gifting, or promotional items, they can feature names, logos, artwork, or any design of your choice. The polished acrylic surface enhances the vibrancy of your design, ensuring it stands out. Whether you\'re looking for a stylish accessory or a unique giveaway, our custom acrylic key rings blend functionality with creativity to make a lasting impression.</p>', '', 'published', '[\"silver-plastic-acrylic-photo-key-chain-packaging-type-polybag-size-125-x-175.jpg\",\"silver-plastic-acrylic-photo-key-chain-packaging-type-polybag-size-125-x-175-3.jpg\",\"silver-plastic-acrylic-photo-key-chain-packaging-type-polybag-size-125-x-175-2.jpg\",\"silver-plastic-acrylic-photo-key-chain-packaging-type-polybag-size-125-x-175-1.jpg\"]', 'Minimum- 100 Pies', 0, 0, 0, 0, 1, 0, 0, 0, 30, NULL, NULL, NULL, 0.00, NULL, 0.00, 0.00, NULL, 313, '2025-01-11 21:03:58', '2025-01-17 16:27:42', 'in_stock', 2, 'Botble\\ACL\\Models\\User', 'silver-plastic-acrylic-photo-key-chain-packaging-type-polybag-size-125-x-175.jpg', 'physical', NULL, 0, 0, 0),
(248, 'Laser Engraving Services', '<p><span style=\"background-color:rgb(255,255,255);color:rgb(27,29,29);font-size:13px;\"><span style=\"font-family:Roboto, Arial, sans-serif;font-style:normal;font-weight:400;text-align:justify;word-spacing:0px;\">We offer </span></span><b style=\"background-color:rgb(255,255,255);color:rgb(27,29,29);font-family:Roboto, Arial, sans-serif;font-size:13px;font-style:normal;margin:0px;padding:0px;text-align:justify;word-spacing:0px;\"><strong>Laser Engraving Service</strong></b><span style=\"background-color:rgb(255,255,255);color:rgb(27,29,29);font-size:13px;\"><span style=\"font-family:Roboto, Arial, sans-serif;font-style:normal;font-weight:400;text-align:justify;word-spacing:0px;\">,The services for laser engraving on offered by us are rendered by hard working personnel, who are hired by us after stringent selection procedure. In addition to this, personnel hired by us ensure to provide the services for laser engraving on  the diverse demands of honorable clients.</span>  </span></p>', '<p><span style=\"background-color:rgb(255,255,255);color:rgb(27,29,29);font-size:13px;\"><span style=\"font-family:Roboto, Arial, sans-serif;font-style:normal;font-weight:400;text-align:justify;word-spacing:0px;\">We offer </span></span><b style=\"background-color:rgb(255,255,255);color:rgb(27,29,29);font-family:Roboto, Arial, sans-serif;font-size:13px;font-style:normal;margin:0px;padding:0px;text-align:justify;word-spacing:0px;\"><strong>Laser Engraving Service</strong></b><span style=\"background-color:rgb(255,255,255);color:rgb(27,29,29);font-size:13px;\"><span style=\"font-family:Roboto, Arial, sans-serif;font-style:normal;font-weight:400;text-align:justify;word-spacing:0px;\">,The services for laser engraving on offered by us are rendered by hard working personnel, who are hired by us after stringent selection procedure. In addition to this, personnel hired by us ensure to provide the services for laser engraving on  the diverse demands of honorable clients.</span>  </span></p>', 'published', '[\"metal-engraving-services.jpeg\",\"new-product.jpeg\",\"acrylic-laser-engraving-services-1000x1000.jpg\",\"laser-marking-service-on-all-metals.jpg\"]', NULL, 0, 1, 0, 0, 1, 0, 0, 0, 0, NULL, NULL, NULL, 0.00, 0.00, 0.00, 0.00, NULL, 116, '2025-01-11 21:17:51', '2025-03-09 15:35:19', 'in_stock', 2, 'Botble\\ACL\\Models\\User', 'new-product.jpeg', 'physical', NULL, 0, 0, 0),
(249, 'Digital Business Card Grow Your Business', '<h3 class=\"card-title fs-20 fw-6 mb-3\" style=\"background-color:rgb(255,255,255);color:rgb(4,84,122);font-family:rubik;font-size:20px;font-style:normal;line-height:1.2;margin-bottom:1rem;margin-top:0px;word-spacing:0px;\"><strong>Smart NFC iCard</strong></h3><p class=\"card-text text-gray-100\" style=\"background-color:rgb(255,255,255);color:rgb(153,153,154);font-family:rubik;font-size:16px;font-style:normal;font-weight:400;margin-bottom:0px;margin-top:0px;word-spacing:0px;\">Design your NFC iCard with our design tool or send us your details so we will design your card using your logo and industry. We will send preview for your approval before printing.</p><p class=\"card-text text-gray-100\" style=\"background-color:rgb(255,255,255);color:rgb(153,153,154);font-family:rubik;font-size:16px;font-style:normal;font-weight:400;margin-bottom:0px;margin-top:0px;word-spacing:0px;\"> </p><h3 class=\"card-title fs-20 fw-6 mb-3\" style=\"background-color:rgb(255,255,255);color:rgb(4,84,122);font-family:rubik;font-size:20px;font-style:normal;line-height:1.2;margin-bottom:1rem;margin-top:0px;word-spacing:0px;\"><strong>31+ Online Profile Templates</strong></h3><p class=\"card-text text-gray-100\" style=\"background-color:rgb(255,255,255);color:rgb(153,153,154);font-family:rubik;font-size:16px;font-style:normal;font-weight:400;margin-bottom:0px;margin-top:0px;word-spacing:0px;\">Our platform generates online profile/wesbite associated with your NFC iCard. You can alter and update the content at any time by utilizing your iCard dashboard.</p><h3 class=\"card-title fs-20 fw-6 mb-3\" style=\"background-color:rgb(255,255,255);color:rgb(4,84,122);font-family:rubik;font-size:20px;font-style:normal;line-height:1.2;margin-bottom:1rem;margin-top:0px;word-spacing:0px;\"> </h3><h3 class=\"card-title fs-20 fw-6 mb-3\" style=\"background-color:rgb(255,255,255);color:rgb(4,84,122);font-family:rubik;font-size:20px;font-style:normal;line-height:1.2;margin-bottom:1rem;margin-top:0px;word-spacing:0px;\"><strong>Tap, Share &amp; Save</strong></h3><p class=\"card-text text-gray-100\" style=\"background-color:rgb(255,255,255);color:rgb(153,153,154);font-family:rubik;font-size:16px;font-style:normal;font-weight:400;margin-bottom:0px;margin-top:0px;word-spacing:0px;\">Share business profile and contact info easily by tapping iCard on devices. No app needed, saves time and makes connections quickly.</p><p class=\"card-text text-gray-100\" style=\"background-color:rgb(255,255,255);color:rgb(153,153,154);font-family:rubik;font-size:16px;font-style:normal;font-weight:400;margin-bottom:0px;margin-top:0px;word-spacing:0px;\"> </p><p class=\"card-text text-gray-100\" style=\"background-color:rgb(255,255,255);color:rgb(153,153,154);font-family:rubik;font-size:16px;font-style:normal;font-weight:400;margin-bottom:0px;margin-top:0px;word-spacing:0px;\"><a href=\"http://www.icardltd.com\"><span style=\"color:hsl(240,75%,60%);font-size:19px;\"><strong>iCard Demo</strong></span></a></p>', '', 'published', '[\"426393172-122127874352140805-2172307026677634188-n-1-1.jpg\",\"whatsapp-image-2024-11-28-at-52844-pm-3.jpeg\",\"whatsapp-image-2024-11-28-at-52844-pm-1.jpeg\",\"whatsapp-image-2024-11-28-at-53013-pm.jpeg\"]', NULL, 0, 0, 0, 0, 1, 0, 0, 0, 1400, 699, NULL, NULL, 0.00, 0.00, 0.00, 0.00, NULL, 236, '2025-01-11 21:25:29', '2025-01-15 23:21:04', 'in_stock', 2, 'Botble\\ACL\\Models\\User', '426393172-122127874352140805-2172307026677634188-n-1-1.jpg', 'physical', NULL, 0, 0, 0),
(250, 'Customized Notebooks with Prints', '<p><span style=\"color:hsl(270,75%,60%);\"><strong>Minimum Order Quantity- 20 unit.</strong></span>  <br>A5 Size measuring 148mm x 210mm (5.83 inches x 8.27 inches) is a portable and easy to carry, it is a popular size for personal notebooks, journals, and as Office Stationary.<br>It consists of 80 pages (40 sheets)<br>Inner sheets are made up of Natural Shade Maplitho (80 GSM)<br>Inner sheets are available as  both Printed and Plain ones</p>', '', 'published', '[\"main.jpg\",\"4-1.jpg\",\"2-1.jpg\",\"3.jpg\"]', 'Minimum- 20 Pies', 0, 1, 0, 0, 1, 0, 0, 0, 100, 78, NULL, NULL, 0.00, 0.00, 0.00, 0.00, NULL, 207, '2025-01-11 21:30:08', '2025-06-07 16:05:07', 'in_stock', 2, 'Botble\\ACL\\Models\\User', 'main.jpg', 'physical', NULL, 0, 0, 0),
(251, 'Flyer Printing Services', '', NULL, 'published', '[]', NULL, 0, NULL, 0, 0, 0, 0, 1, 0, 6, NULL, NULL, NULL, 0.00, 0.00, 0.00, 0.00, NULL, 0, '2025-01-15 22:33:08', '2025-01-17 16:28:40', 'in_stock', 2, 'Botble\\ACL\\Models\\User', NULL, 'physical', NULL, NULL, NULL, 0),
(252, 'Catalogs Printing Services', '', NULL, 'published', '[]', NULL, 0, NULL, 0, 0, 0, 0, 1, 0, 0, NULL, NULL, NULL, 0.00, 0.00, 0.00, 0.00, NULL, 0, '2025-01-15 22:39:03', '2025-01-17 16:27:17', 'in_stock', 2, 'Botble\\ACL\\Models\\User', NULL, 'physical', NULL, NULL, NULL, 0),
(253, 'Tri Fold Brochure Printing', '<p><span style=\"color:hsl(270,75%,60%);\"><strong>Minimum Order Quantity- 1000 unit.</strong></span>  </p><p>Get premium-quality Tri-Fold Brochures with vibrant colors, professional designs, and sharp details. Perfect for marketing, events, and business promotions. Customize yours today to leave a lasting impression!</p>', '', 'published', '[\"tri-fold1-500x500.png\",\"tri-fold-500x500-1.jpg\",\"tri-fold-500x500.png\",\"85x11-letter-tri-fold-brochure-flat.png\"]', NULL, 0, 0, 0, 0, 1, 0, 0, 0, 4, NULL, NULL, NULL, 0.00, 0.00, 0.00, 0.00, NULL, 160, '2025-01-16 16:50:58', '2025-01-17 19:09:30', 'in_stock', 2, 'Botble\\ACL\\Models\\User', 'tri-fold1-500x500.png', 'physical', NULL, 0, 0, 0),
(254, 'Mug Printing with your name, logo &amp; photos', '<p>Create personalized mugs with your favorite designs, logos, or messages. Perfect for gifts, promotions, or personal use. High-quality sublimation printing ensures vibrant colors and lasting impressions!</p>', '', 'published', '[\"mug-printing\\/1-1.jpg\",\"mug-printing\\/2-1.jpg\",\"mug-printing\\/3-1.jpg\",\"mug-printing\\/4-1.jpg\",\"mug-printing\\/5-1.jpg\"]', NULL, 0, 0, 0, 0, 1, 0, 0, 0, 399, NULL, NULL, NULL, 0.00, 0.00, 0.00, 0.00, NULL, 243, '2025-01-17 16:59:51', '2025-01-18 10:27:25', 'in_stock', 2, 'Botble\\ACL\\Models\\User', 'mug-printing/3-1.jpg', 'physical', NULL, 0, 0, 0),
(255, 'DTF Printed T-Shirts - Soft &amp; Comfortable Cotton Fabric', '<p><span style=\"background-color:rgb(255,255,255);color:rgb(0,0,0);\"><span style=\"font-family:Roboto, \'-apple-system\', BlinkMacSystemFont, \'Helvetica Neue\', Helvetica, sans-serif;font-size:14px;font-style:normal;font-weight:400;word-spacing:0px;\">Made of premium grade cotton. Stitched with intensive care. Oversize Tshirt in 100% Cotton fabric with an easy-iron finish.</span> </span><br><span style=\"background-color:rgb(255,255,255);color:rgb(0,0,0);\"><span style=\"font-family:Roboto, \'-apple-system\', BlinkMacSystemFont, \'Helvetica Neue\', Helvetica, sans-serif;font-size:14px;font-style:normal;font-weight:400;word-spacing:0px;\">☑️Super Soft &amp; Comfortable </span> </span><br><span style=\"background-color:rgb(255,255,255);color:rgb(0,0,0);\"><span style=\"font-family:Roboto, \'-apple-system\', BlinkMacSystemFont, \'Helvetica Neue\', Helvetica, sans-serif;font-size:14px;font-style:normal;font-weight:400;word-spacing:0px;\">☑️Degsign size: 8.5\' by 11\'</span> </span><br><span style=\"background-color:rgb(255,255,255);color:rgb(0,0,0);\"><span style=\"font-family:Roboto, \'-apple-system\', BlinkMacSystemFont, \'Helvetica Neue\', Helvetica, sans-serif;font-size:14px;font-style:normal;font-weight:400;word-spacing:0px;\">☑️Short sleeves</span> </span><br><span style=\"background-color:rgb(255,255,255);color:rgb(0,0,0);\"><span style=\"font-family:Roboto, \'-apple-system\', BlinkMacSystemFont, \'Helvetica Neue\', Helvetica, sans-serif;font-size:14px;font-style:normal;font-weight:400;word-spacing:0px;\">☑️Round Neck</span> </span><br><span style=\"background-color:rgb(255,255,255);color:rgb(0,0,0);\"><span style=\"font-family:Roboto, \'-apple-system\', BlinkMacSystemFont, \'Helvetica Neue\', Helvetica, sans-serif;font-size:14px;font-style:normal;font-weight:400;word-spacing:0px;\">𝐂𝐀𝐑𝐄 𝐈𝐍𝐒𝐓𝐑𝐔𝐂𝐓𝐈𝐎𝐍:</span> </span><br><span style=\"background-color:rgb(255,255,255);color:rgb(0,0,0);\"><span style=\"font-family:Roboto, \'-apple-system\', BlinkMacSystemFont, \'Helvetica Neue\', Helvetica, sans-serif;font-size:14px;font-style:normal;font-weight:400;word-spacing:0px;\">☑️Hand wash/Machine wash</span> </span></p>', '', 'published', '[\"tshirt\\/1-1.jpg\",\"tshirt\\/3-1.jpg\",\"tshirt\\/5-1.jpg\",\"tshirt\\/2-1.jpg\",\"tshirt\\/4-1.jpg\"]', NULL, 0, 0, 0, 0, 1, 0, 0, 0, 390, NULL, NULL, NULL, 0.00, 0.00, 0.00, 0.00, NULL, 248, '2025-01-17 17:23:45', '2025-01-18 10:32:48', 'in_stock', 2, 'Botble\\ACL\\Models\\User', 'tshirt/1-1.jpg', 'physical', NULL, 0, 0, 0);
INSERT INTO `ec_products` (`id`, `name`, `description`, `content`, `status`, `images`, `sku`, `order`, `quantity`, `allow_checkout_when_out_of_stock`, `with_storehouse_management`, `is_featured`, `brand_id`, `is_variation`, `sale_type`, `price`, `sale_price`, `start_date`, `end_date`, `length`, `wide`, `height`, `weight`, `tax_id`, `views`, `created_at`, `updated_at`, `stock_status`, `created_by_id`, `created_by_type`, `image`, `product_type`, `barcode`, `cost_per_item`, `store_id`, `approved_by`) VALUES
(256, 'Custom ID Card Ribbons - High-Quality &amp; Personalized', '<p><span style=\"color:hsl(270,75%,60%);\"><strong>Minimum Order Quantity- 8 unit.</strong></span>  </p><p>Customize your ID cards with premium ribbons in sizes 15mm, 20mm, and 25mm. Made from high-quality materials for durability and vibrant printing. Perfect for events, schools, offices, and more!</p>', '', 'published', '[\"id-card-ribbon\\/1-1.jpg\",\"id-card-ribbon\\/5-1.jpg\",\"id-card-ribbon\\/4-1.jpg\",\"id-card-ribbon\\/2-1.jpg\"]', NULL, 0, 0, 0, 0, 1, 0, 0, 0, 65, NULL, NULL, NULL, 0.00, 0.00, 0.00, 0.00, NULL, 301, '2025-01-17 19:09:10', '2025-01-18 10:28:55', 'in_stock', 2, 'Botble\\ACL\\Models\\User', 'id-card-ribbon/1-1.jpg', 'physical', NULL, 0, 0, 0),
(257, 'Aluminum ID Card Holder - For Students &amp; Official Use', '<p>aluminum ID card holders available in Golden, Blue, Silver, Red, and Black. Ideal for students and professionals, offering secure storage for your ID while maintaining a stylish, lightweight design.</p>', '', 'published', '[\"id-card-holder\\/287212f72f89d65c3cf18c5c328ff3a3-1.jpg\",\"id-card-holder\\/2daf44274b511b61b72771a07b1386fd-1.jpg\",\"id-card-holder\\/f47c7306489d1f71f3c0ec4512403727-1.jpg\",\"id-card-holder\\/ed4f1f752c5efb802c18f92c8ff22306-1.jpg\",\"id-card-holder\\/06896f27301d9fd55a9784482fb43117-1.jpg\",\"id-card-holder\\/837ce7663da4d22dbe249c498e73269f-1.jpg\"]', NULL, 0, 0, 0, 0, 1, 0, 0, 0, 45, NULL, NULL, NULL, 0.00, 0.00, 0.00, 0.00, NULL, 299, '2025-01-17 19:20:15', '2025-01-18 10:25:30', 'in_stock', 2, 'Botble\\ACL\\Models\\User', 'id-card-holder/287212f72f89d65c3cf18c5c328ff3a3-1.jpg', 'physical', NULL, 0, 0, 0),
(258, 'Customize Your Photo Frame with Your Image', '<p style=\"background-color:rgb(255,255,255);color:rgb(0,0,0);font-family:Roboto, \'-apple-system\', BlinkMacSystemFont, \'Helvetica Neue\', Helvetica, sans-serif;font-size:14px;font-style:normal;font-weight:400;margin:0px;padding:0px;word-spacing:0px;\"><span style=\"color:hsl(240,75%,60%);\"><strong>Available size: 10x13.6 inch,  customised photo frame Multiple Colors with glass</strong></span></p><p style=\"background-color:rgb(255,255,255);color:rgb(0,0,0);font-family:Roboto, \'-apple-system\', BlinkMacSystemFont, \'Helvetica Neue\', Helvetica, sans-serif;font-size:14px;font-style:normal;font-weight:400;margin:0px;padding:0px;word-spacing:0px;\">you have to send us your photo after completing order if you don’t send us any photo withing 6 hours of making your order, you will get blank white color photo frame we will use sufficient bubble wrap to protect the glass if you get the glass broken, you will get full refund with delivery charge after returing the product. (according to daraz return policy) to send us the photo, pls click on chat button</p>', '', 'published', '[\"photo-frame\\/s82245c8cde4148b39b86c741e69e57abz-1.jpg\",\"photo-frame\\/sd399f97e69804bfc84a5282bce39e52fz-1.jpg\",\"photo-frame\\/s5f1a0d08b6c34b96aed14da2c48b48cfx-1.jpg\",\"photo-frame\\/s598803677d52450e8239a594dacf083bx-1.jpg\",\"photo-frame\\/s555e5ac0f5dc43e0930b7d83761737c9q-1.jpg\",\"photo-frame\\/s6eebb4e20ecc4070ace1e199d44469143-1.jpg\"]', NULL, 0, 0, 0, 0, 1, 0, 0, 0, 350, NULL, NULL, NULL, 0.00, 0.00, 0.00, 0.00, NULL, 244, '2025-01-17 19:50:18', '2025-01-18 10:35:01', 'in_stock', 2, 'Botble\\ACL\\Models\\User', 'photo-frame/s82245c8cde4148b39b86c741e69e57abz-1.jpg', 'physical', NULL, 0, 0, 0);

-- --------------------------------------------------------

--
-- Table structure for table `ec_products_translations`
--

CREATE TABLE `ec_products_translations` (
  `lang_code` varchar(191) NOT NULL,
  `ec_products_id` bigint(20) UNSIGNED NOT NULL,
  `name` varchar(191) DEFAULT NULL,
  `description` text DEFAULT NULL,
  `content` text DEFAULT NULL
) ENGINE=InnoDB DEFAULT CHARSET=utf8mb4 COLLATE=utf8mb4_unicode_ci;

-- --------------------------------------------------------

--
-- Table structure for table `ec_product_attributes`
--

CREATE TABLE `ec_product_attributes` (
  `id` bigint(20) UNSIGNED NOT NULL,
  `attribute_set_id` bigint(20) UNSIGNED NOT NULL,
  `title` varchar(120) NOT NULL,
  `slug` varchar(120) DEFAULT NULL,
  `color` varchar(50) DEFAULT NULL,
  `image` varchar(191) DEFAULT NULL,
  `is_default` tinyint(3) UNSIGNED NOT NULL DEFAULT 0,
  `order` tinyint(3) UNSIGNED NOT NULL DEFAULT 0,
  `status` varchar(60) NOT NULL DEFAULT 'published',
  `created_at` timestamp NULL DEFAULT NULL,
  `updated_at` timestamp NULL DEFAULT NULL
) ENGINE=InnoDB DEFAULT CHARSET=utf8mb4 COLLATE=utf8mb4_unicode_ci;

--
-- Dumping data for table `ec_product_attributes`
--

INSERT INTO `ec_product_attributes` (`id`, `attribute_set_id`, `title`, `slug`, `color`, `image`, `is_default`, `order`, `status`, `created_at`, `updated_at`) VALUES
(1, 1, 'Green', 'green', '#5FB7D4', NULL, 1, 1, 'published', '2023-05-02 21:10:10', '2023-05-02 21:10:10'),
(2, 1, 'Blue', 'blue', '#333333', NULL, 0, 2, 'published', '2023-05-02 21:10:10', '2023-05-02 21:10:10'),
(3, 1, 'Red', 'red', '#DA323F', NULL, 0, 3, 'published', '2023-05-02 21:10:10', '2023-05-02 21:10:10'),
(4, 1, 'Black', 'black', '#2F366C', NULL, 0, 4, 'published', '2023-05-02 21:10:10', '2023-05-02 21:10:10'),
(5, 1, 'Brown', 'brown', '#87554B', NULL, 0, 5, 'published', '2023-05-02 21:10:10', '2023-05-02 21:10:10'),
(6, 2, '1000 pes', '1000pes', '', '', 1, 0, 'published', '2023-05-02 21:10:10', '2024-12-31 10:04:48'),
(7, 2, '2000 Pes', '2000pes', '', '', 0, 1, 'published', '2023-05-02 21:10:10', '2024-12-31 10:04:48'),
(8, 2, '3000 Pes', '3000pes', '', '', 0, 2, 'published', '2023-05-02 21:10:10', '2024-12-31 10:04:48'),
(9, 2, '5000 Pes', '4000pes', '', '', 0, 3, 'published', '2023-05-02 21:10:10', '2024-12-31 10:04:48'),
(10, 2, '6000 Pes', '5000pes', '', '', 0, 4, 'published', '2023-05-02 21:10:10', '2024-12-31 10:04:48'),
(11, 3, '1KG', '1kg', NULL, NULL, 1, 1, 'published', '2023-05-02 21:10:10', '2023-05-02 21:10:10'),
(12, 3, '2KG', '2kg', NULL, NULL, 0, 2, 'published', '2023-05-02 21:10:10', '2023-05-02 21:10:10'),
(13, 3, '3KG', '3kg', NULL, NULL, 0, 3, 'published', '2023-05-02 21:10:10', '2023-05-02 21:10:10'),
(14, 3, '4KG', '4kg', NULL, NULL, 0, 4, 'published', '2023-05-02 21:10:10', '2023-05-02 21:10:10'),
(15, 3, '5KG', '5kg', NULL, NULL, 0, 5, 'published', '2023-05-02 21:10:10', '2023-05-02 21:10:10'),
(16, 4, '1 Bundle', '1bundle', '#333333', '', 1, 0, 'published', '2023-05-02 21:10:10', '2024-12-31 10:01:28'),
(17, 4, '2 Bundle', '2bundle', '', '', 0, 1, 'published', '2023-05-02 21:10:10', '2024-12-31 10:01:28'),
(18, 4, '3 Bundle', '3bundle', '', '', 0, 2, 'published', '2023-05-02 21:10:10', '2024-12-31 10:01:28'),
(19, 4, '4 Bundle', '4bundle', '', '', 0, 3, 'published', '2023-05-02 21:10:10', '2024-12-31 10:01:28'),
(20, 4, '5 Bundle', '5bundle', '', '', 0, 4, 'published', '2023-05-02 21:10:10', '2024-12-31 10:01:28');

-- --------------------------------------------------------

--
-- Table structure for table `ec_product_attributes_translations`
--

CREATE TABLE `ec_product_attributes_translations` (
  `lang_code` varchar(191) NOT NULL,
  `ec_product_attributes_id` bigint(20) UNSIGNED NOT NULL,
  `title` varchar(191) DEFAULT NULL
) ENGINE=InnoDB DEFAULT CHARSET=utf8mb4 COLLATE=utf8mb4_unicode_ci;

-- --------------------------------------------------------

--
-- Table structure for table `ec_product_attribute_sets`
--

CREATE TABLE `ec_product_attribute_sets` (
  `id` bigint(20) UNSIGNED NOT NULL,
  `title` varchar(120) NOT NULL,
  `slug` varchar(120) DEFAULT NULL,
  `display_layout` varchar(191) NOT NULL DEFAULT 'swatch_dropdown',
  `is_searchable` tinyint(3) UNSIGNED NOT NULL DEFAULT 1,
  `is_comparable` tinyint(3) UNSIGNED NOT NULL DEFAULT 1,
  `is_use_in_product_listing` tinyint(3) UNSIGNED NOT NULL DEFAULT 0,
  `status` varchar(60) NOT NULL DEFAULT 'published',
  `order` tinyint(3) UNSIGNED NOT NULL DEFAULT 0,
  `created_at` timestamp NULL DEFAULT NULL,
  `updated_at` timestamp NULL DEFAULT NULL,
  `use_image_from_product_variation` tinyint(3) UNSIGNED NOT NULL DEFAULT 0
) ENGINE=InnoDB DEFAULT CHARSET=utf8mb4 COLLATE=utf8mb4_unicode_ci;

--
-- Dumping data for table `ec_product_attribute_sets`
--

INSERT INTO `ec_product_attribute_sets` (`id`, `title`, `slug`, `display_layout`, `is_searchable`, `is_comparable`, `is_use_in_product_listing`, `status`, `order`, `created_at`, `updated_at`, `use_image_from_product_variation`) VALUES
(1, 'Color', 'color', 'visual', 1, 1, 1, 'published', 0, '2023-05-02 21:10:10', '2023-05-02 21:10:10', 0),
(2, 'Pes', 'pes', 'text', 1, 1, 1, 'published', 1, '2023-05-02 21:10:10', '2024-12-31 10:04:48', 0),
(3, 'Weight', 'weight', 'text', 1, 1, 1, 'published', 0, '2023-05-02 21:10:10', '2023-05-02 21:10:10', 0),
(4, 'Bundle', 'bundle', 'text', 1, 1, 1, 'published', 1, '2023-05-02 21:10:10', '2024-12-31 10:01:28', 0);

-- --------------------------------------------------------

--
-- Table structure for table `ec_product_attribute_sets_translations`
--

CREATE TABLE `ec_product_attribute_sets_translations` (
  `lang_code` varchar(191) NOT NULL,
  `ec_product_attribute_sets_id` bigint(20) UNSIGNED NOT NULL,
  `title` varchar(191) DEFAULT NULL
) ENGINE=InnoDB DEFAULT CHARSET=utf8mb4 COLLATE=utf8mb4_unicode_ci;

-- --------------------------------------------------------

--
-- Table structure for table `ec_product_categories`
--

CREATE TABLE `ec_product_categories` (
  `id` bigint(20) UNSIGNED NOT NULL,
  `name` varchar(191) NOT NULL,
  `parent_id` bigint(20) UNSIGNED NOT NULL DEFAULT 0,
  `description` mediumtext DEFAULT NULL,
  `status` varchar(60) NOT NULL DEFAULT 'published',
  `order` int(10) UNSIGNED NOT NULL DEFAULT 0,
  `image` varchar(255) DEFAULT NULL,
  `is_featured` tinyint(3) UNSIGNED NOT NULL DEFAULT 0,
  `created_at` timestamp NULL DEFAULT NULL,
  `updated_at` timestamp NULL DEFAULT NULL
) ENGINE=InnoDB DEFAULT CHARSET=utf8mb4 COLLATE=utf8mb4_unicode_ci;

--
-- Dumping data for table `ec_product_categories`
--

INSERT INTO `ec_product_categories` (`id`, `name`, `parent_id`, `description`, `status`, `order`, `image`, `is_featured`, `created_at`, `updated_at`) VALUES
(85, 'Uv Printing', 0, NULL, 'published', 1, 'uv-printing-2.png', 0, '2024-12-31 20:42:33', '2024-12-31 20:42:33'),
(86, 'Sublimation Printing', 0, NULL, 'published', 2, 'sublimation-printing-2.png', 0, '2024-12-31 20:43:59', '2024-12-31 20:43:59'),
(87, 'Screen Printing', 0, NULL, 'published', 3, 'screen-printing-2.png', 0, '2024-12-31 20:44:47', '2024-12-31 20:44:47'),
(88, 'Offset Printing', 0, NULL, 'published', 4, 'offset-printing-2.png', 0, '2024-12-31 20:46:27', '2024-12-31 20:46:27'),
(89, 'Laser Printing', 0, NULL, 'published', 5, 'laser-printing-2.png', 0, '2024-12-31 20:47:30', '2024-12-31 20:47:30'),
(90, 'Eco Solvent Printing', 0, NULL, 'published', 6, 'eco-solvent-printing-2.png', 0, '2024-12-31 20:48:29', '2024-12-31 20:48:29'),
(91, 'DTF Printing', 0, NULL, 'published', 7, 'dtf-printing-2.png', 0, '2024-12-31 20:49:26', '2024-12-31 20:49:26'),
(92, 'Digital Printing', 0, '<p>Digital Printing</p>', 'published', 8, 'digital-printing-2.png', 0, '2024-12-31 20:50:44', '2024-12-31 20:50:44'),
(93, 'Stationery item', 0, '<p>Stationery item</p>', 'published', 9, 'stationery-item-2.png', 0, '2024-12-31 20:53:46', '2024-12-31 20:53:46');

-- --------------------------------------------------------

--
-- Table structure for table `ec_product_categories_translations`
--

CREATE TABLE `ec_product_categories_translations` (
  `lang_code` varchar(191) NOT NULL,
  `ec_product_categories_id` bigint(20) UNSIGNED NOT NULL,
  `name` varchar(191) DEFAULT NULL,
  `description` text DEFAULT NULL
) ENGINE=InnoDB DEFAULT CHARSET=utf8mb4 COLLATE=utf8mb4_unicode_ci;

-- --------------------------------------------------------

--
-- Table structure for table `ec_product_category_product`
--

CREATE TABLE `ec_product_category_product` (
  `category_id` bigint(20) UNSIGNED NOT NULL,
  `product_id` bigint(20) UNSIGNED NOT NULL
) ENGINE=InnoDB DEFAULT CHARSET=utf8mb4 COLLATE=utf8mb4_unicode_ci;

--
-- Dumping data for table `ec_product_category_product`
--

INSERT INTO `ec_product_category_product` (`category_id`, `product_id`) VALUES
(85, 230),
(89, 242),
(90, 243),
(90, 244),
(88, 245),
(92, 245),
(88, 246),
(92, 246),
(85, 247),
(89, 247),
(89, 248),
(85, 249),
(88, 250),
(92, 250),
(93, 250),
(88, 253),
(92, 253),
(86, 254),
(91, 255),
(86, 256),
(87, 256),
(93, 257),
(92, 258);

-- --------------------------------------------------------

--
-- Table structure for table `ec_product_collections`
--

CREATE TABLE `ec_product_collections` (
  `id` bigint(20) UNSIGNED NOT NULL,
  `name` varchar(191) NOT NULL,
  `slug` varchar(191) NOT NULL,
  `description` varchar(400) DEFAULT NULL,
  `image` varchar(255) DEFAULT NULL,
  `status` varchar(60) NOT NULL DEFAULT 'published',
  `created_at` timestamp NULL DEFAULT NULL,
  `updated_at` timestamp NULL DEFAULT NULL,
  `is_featured` tinyint(3) UNSIGNED NOT NULL DEFAULT 0
) ENGINE=InnoDB DEFAULT CHARSET=utf8mb4 COLLATE=utf8mb4_unicode_ci;

-- --------------------------------------------------------

--
-- Table structure for table `ec_product_collections_translations`
--

CREATE TABLE `ec_product_collections_translations` (
  `lang_code` varchar(191) NOT NULL,
  `ec_product_collections_id` bigint(20) UNSIGNED NOT NULL,
  `name` varchar(191) DEFAULT NULL,
  `description` varchar(191) DEFAULT NULL
) ENGINE=InnoDB DEFAULT CHARSET=utf8mb4 COLLATE=utf8mb4_unicode_ci;

-- --------------------------------------------------------

--
-- Table structure for table `ec_product_collection_products`
--

CREATE TABLE `ec_product_collection_products` (
  `product_collection_id` bigint(20) UNSIGNED NOT NULL,
  `product_id` bigint(20) UNSIGNED NOT NULL
) ENGINE=InnoDB DEFAULT CHARSET=utf8mb4 COLLATE=utf8mb4_unicode_ci;

--
-- Dumping data for table `ec_product_collection_products`
--

INSERT INTO `ec_product_collection_products` (`product_collection_id`, `product_id`) VALUES
(3, 1),
(1, 2),
(1, 3),
(3, 4),
(2, 5),
(1, 6),
(1, 7),
(3, 8),
(3, 9),
(1, 10),
(2, 11),
(3, 12),
(1, 13),
(2, 14),
(1, 15),
(3, 16),
(2, 17),
(2, 18),
(2, 19),
(1, 20),
(1, 21),
(1, 22),
(3, 23),
(1, 24),
(1, 25),
(3, 26),
(3, 27),
(2, 28),
(3, 29),
(1, 30),
(3, 31),
(1, 32),
(2, 33),
(3, 34),
(3, 35),
(3, 36),
(3, 37),
(1, 38),
(1, 39),
(2, 40),
(2, 41),
(2, 42),
(1, 43),
(2, 44),
(2, 45),
(1, 46),
(3, 47),
(3, 48),
(3, 49),
(3, 50),
(1, 51),
(1, 52),
(3, 53),
(1, 54),
(2, 55),
(3, 56),
(2, 57),
(3, 58),
(2, 59),
(2, 60),
(2, 61),
(1, 62),
(1, 63),
(3, 64),
(1, 65);

-- --------------------------------------------------------

--
-- Table structure for table `ec_product_cross_sale_relations`
--

CREATE TABLE `ec_product_cross_sale_relations` (
  `from_product_id` bigint(20) UNSIGNED NOT NULL,
  `to_product_id` bigint(20) UNSIGNED NOT NULL
) ENGINE=InnoDB DEFAULT CHARSET=utf8mb4 COLLATE=utf8mb4_unicode_ci;

--
-- Dumping data for table `ec_product_cross_sale_relations`
--

INSERT INTO `ec_product_cross_sale_relations` (`from_product_id`, `to_product_id`) VALUES
(1, 3),
(1, 5),
(1, 6),
(1, 8),
(1, 16),
(1, 17),
(2, 1),
(2, 6),
(2, 9),
(2, 12),
(2, 17),
(3, 1),
(3, 15),
(3, 17),
(3, 19),
(4, 2),
(4, 15),
(4, 16),
(4, 20),
(5, 3),
(5, 4),
(5, 13),
(5, 14),
(5, 19),
(5, 20),
(6, 8),
(6, 11),
(6, 13),
(6, 14),
(6, 17),
(6, 20),
(7, 3),
(7, 6),
(7, 11),
(7, 16),
(7, 17),
(8, 2),
(8, 4),
(8, 7),
(8, 9),
(8, 12),
(8, 18),
(8, 19),
(9, 1),
(9, 4),
(9, 6),
(9, 7),
(9, 12),
(9, 16),
(9, 19),
(10, 7),
(10, 9),
(10, 15),
(10, 16),
(10, 18),
(11, 2),
(11, 5),
(11, 14),
(11, 16),
(11, 18),
(11, 19),
(12, 2),
(12, 3),
(12, 7),
(12, 16),
(12, 18),
(13, 1),
(13, 10),
(13, 12),
(13, 14),
(13, 19),
(13, 20),
(14, 1),
(14, 8),
(14, 10),
(14, 15),
(14, 17),
(14, 18),
(15, 1),
(15, 2),
(15, 9),
(15, 13),
(15, 16),
(16, 2),
(16, 4),
(16, 10),
(16, 13),
(16, 18),
(16, 20),
(17, 1),
(17, 2),
(17, 12),
(17, 15),
(18, 1),
(18, 3),
(18, 8),
(18, 13),
(18, 14),
(18, 17),
(19, 3),
(19, 7),
(19, 11),
(19, 18),
(19, 20),
(20, 6),
(20, 8),
(20, 10),
(20, 11),
(20, 13),
(20, 16),
(20, 17),
(21, 6),
(21, 10),
(21, 16),
(22, 1),
(22, 5),
(22, 6),
(22, 9),
(22, 10),
(23, 3),
(23, 7),
(23, 9),
(23, 13),
(23, 14),
(23, 19),
(24, 10),
(24, 11),
(24, 13),
(24, 18),
(24, 19),
(25, 1),
(25, 3),
(25, 5),
(25, 6),
(25, 9),
(26, 1),
(26, 6),
(26, 7),
(26, 8),
(26, 9),
(26, 15),
(26, 18),
(27, 5),
(27, 6),
(27, 7),
(27, 9),
(27, 19),
(28, 3),
(28, 7),
(28, 12),
(28, 13),
(28, 14),
(28, 15),
(28, 19),
(29, 4),
(29, 12),
(29, 14),
(29, 15),
(29, 17),
(30, 1),
(30, 4),
(30, 6),
(30, 9),
(30, 11),
(30, 19),
(31, 4),
(31, 5),
(31, 12),
(31, 16),
(31, 18),
(31, 19),
(32, 1),
(32, 5),
(32, 10),
(32, 15),
(32, 17),
(33, 1),
(33, 5),
(33, 6),
(33, 7),
(33, 14),
(33, 17),
(33, 18),
(34, 1),
(34, 5),
(34, 7),
(34, 8),
(34, 15),
(34, 16),
(34, 17),
(35, 5),
(35, 9),
(35, 10),
(35, 16),
(35, 18),
(36, 1),
(36, 3),
(36, 7),
(36, 10),
(36, 11),
(36, 12),
(36, 18),
(37, 1),
(37, 7),
(37, 9),
(37, 15),
(37, 18),
(37, 19),
(38, 1),
(38, 2),
(38, 5),
(38, 8),
(38, 14),
(38, 16),
(39, 1),
(39, 2),
(39, 3),
(39, 11),
(39, 14),
(39, 17),
(40, 5),
(40, 6),
(40, 9),
(40, 12),
(40, 16),
(40, 17),
(40, 19),
(41, 2),
(41, 4),
(41, 6),
(41, 7),
(41, 17),
(41, 19),
(42, 1),
(42, 3),
(42, 5),
(42, 6),
(42, 16),
(42, 18),
(43, 1),
(43, 7),
(43, 11),
(43, 16),
(43, 18),
(44, 1),
(44, 3),
(44, 12),
(44, 15),
(44, 16),
(44, 19),
(45, 4),
(45, 7),
(45, 12),
(45, 13),
(45, 16),
(45, 19),
(46, 7),
(46, 9),
(46, 11),
(46, 16),
(46, 18),
(46, 19),
(47, 1),
(47, 2),
(47, 5),
(47, 7),
(47, 13),
(47, 14),
(47, 18),
(48, 4),
(48, 5),
(48, 9),
(48, 10),
(48, 13),
(48, 17),
(48, 19),
(49, 6),
(49, 7),
(49, 10),
(49, 11),
(49, 12),
(49, 15),
(49, 17),
(50, 1),
(50, 4),
(50, 11),
(50, 12),
(50, 15),
(51, 5),
(51, 7),
(51, 8),
(51, 11),
(51, 12),
(51, 13),
(51, 15),
(52, 1),
(52, 4),
(52, 6),
(52, 11),
(52, 12),
(52, 13),
(52, 14),
(53, 1),
(53, 6),
(53, 7),
(53, 11),
(53, 15),
(53, 18),
(53, 19),
(54, 3),
(54, 10),
(54, 11),
(54, 14),
(54, 19),
(55, 2),
(55, 6),
(55, 7),
(55, 10),
(55, 12),
(55, 15),
(55, 19),
(56, 1),
(56, 2),
(56, 6),
(56, 10),
(56, 11),
(57, 5),
(57, 7),
(57, 12),
(57, 16),
(57, 17),
(57, 19),
(58, 2),
(58, 4),
(58, 5),
(58, 10),
(58, 17),
(58, 18),
(59, 4),
(59, 6),
(59, 10),
(59, 12),
(59, 13),
(59, 14),
(59, 15),
(60, 4),
(60, 5),
(60, 12),
(60, 13),
(60, 18),
(61, 2),
(61, 7),
(61, 8),
(61, 12),
(61, 15),
(61, 18),
(62, 7),
(62, 10),
(62, 11),
(62, 12),
(62, 13),
(62, 15),
(63, 2),
(63, 5),
(63, 7),
(63, 16),
(63, 19),
(64, 3),
(64, 10),
(64, 12),
(64, 13),
(64, 15),
(65, 2),
(65, 3),
(65, 7),
(65, 10),
(65, 17),
(65, 19);

-- --------------------------------------------------------

--
-- Table structure for table `ec_product_files`
--

CREATE TABLE `ec_product_files` (
  `id` bigint(20) UNSIGNED NOT NULL,
  `product_id` bigint(20) UNSIGNED DEFAULT NULL,
  `url` varchar(400) DEFAULT NULL,
  `extras` mediumtext DEFAULT NULL,
  `created_at` timestamp NULL DEFAULT NULL,
  `updated_at` timestamp NULL DEFAULT NULL
) ENGINE=InnoDB DEFAULT CHARSET=utf8mb4 COLLATE=utf8mb4_unicode_ci;

--
-- Dumping data for table `ec_product_files`
--

INSERT INTO `ec_product_files` (`id`, `product_id`, `url`, `extras`, `created_at`, `updated_at`) VALUES
(1, 66, 'product-files/1.jpg', '{\"filename\":\"1.jpg\",\"url\":\"product-files\\/1.jpg\",\"mime_type\":\"image\\/jpeg\",\"size\":2165,\"modified\":\"2023-05-03 04:10:06\",\"name\":\"1\",\"extension\":\"jpg\"}', '2023-05-02 21:10:06', '2023-05-02 21:10:06'),
(2, 67, 'product-files/1.jpg', '{\"filename\":\"1.jpg\",\"url\":\"product-files\\/1.jpg\",\"mime_type\":\"image\\/jpeg\",\"size\":2165,\"modified\":\"2023-05-03 04:10:06\",\"name\":\"1\",\"extension\":\"jpg\"}', '2023-05-02 21:10:06', '2023-05-02 21:10:06'),
(3, 68, 'product-files/1.jpg', '{\"filename\":\"1.jpg\",\"url\":\"product-files\\/1.jpg\",\"mime_type\":\"image\\/jpeg\",\"size\":2165,\"modified\":\"2023-05-03 04:10:06\",\"name\":\"1\",\"extension\":\"jpg\"}', '2023-05-02 21:10:06', '2023-05-02 21:10:06'),
(4, 74, 'product-files/5.jpg', '{\"filename\":\"5.jpg\",\"url\":\"product-files\\/5.jpg\",\"mime_type\":\"image\\/jpeg\",\"size\":2165,\"modified\":\"2023-05-03 04:10:06\",\"name\":\"5\",\"extension\":\"jpg\"}', '2023-05-02 21:10:06', '2023-05-02 21:10:06'),
(5, 74, 'product-files/5-1.jpg', '{\"filename\":\"5-1.jpg\",\"url\":\"product-files\\/5-1.jpg\",\"mime_type\":\"image\\/jpeg\",\"size\":2165,\"modified\":\"2023-05-03 04:10:06\",\"name\":\"5-1\",\"extension\":\"jpg\"}', '2023-05-02 21:10:06', '2023-05-02 21:10:06'),
(6, 74, 'product-files/5-2.jpg', '{\"filename\":\"5-2.jpg\",\"url\":\"product-files\\/5-2.jpg\",\"mime_type\":\"image\\/jpeg\",\"size\":2165,\"modified\":\"2023-05-03 04:10:06\",\"name\":\"5-2\",\"extension\":\"jpg\"}', '2023-05-02 21:10:06', '2023-05-02 21:10:06'),
(7, 74, 'product-files/5-3.jpg', '{\"filename\":\"5-3.jpg\",\"url\":\"product-files\\/5-3.jpg\",\"mime_type\":\"image\\/jpeg\",\"size\":2165,\"modified\":\"2023-05-03 04:10:06\",\"name\":\"5-3\",\"extension\":\"jpg\"}', '2023-05-02 21:10:06', '2023-05-02 21:10:06'),
(8, 75, 'product-files/5.jpg', '{\"filename\":\"5.jpg\",\"url\":\"product-files\\/5.jpg\",\"mime_type\":\"image\\/jpeg\",\"size\":2165,\"modified\":\"2023-05-03 04:10:06\",\"name\":\"5\",\"extension\":\"jpg\"}', '2023-05-02 21:10:06', '2023-05-02 21:10:06'),
(9, 75, 'product-files/5-1.jpg', '{\"filename\":\"5-1.jpg\",\"url\":\"product-files\\/5-1.jpg\",\"mime_type\":\"image\\/jpeg\",\"size\":2165,\"modified\":\"2023-05-03 04:10:06\",\"name\":\"5-1\",\"extension\":\"jpg\"}', '2023-05-02 21:10:06', '2023-05-02 21:10:06'),
(10, 75, 'product-files/5-2.jpg', '{\"filename\":\"5-2.jpg\",\"url\":\"product-files\\/5-2.jpg\",\"mime_type\":\"image\\/jpeg\",\"size\":2165,\"modified\":\"2023-05-03 04:10:06\",\"name\":\"5-2\",\"extension\":\"jpg\"}', '2023-05-02 21:10:06', '2023-05-02 21:10:06'),
(11, 75, 'product-files/5-3.jpg', '{\"filename\":\"5-3.jpg\",\"url\":\"product-files\\/5-3.jpg\",\"mime_type\":\"image\\/jpeg\",\"size\":2165,\"modified\":\"2023-05-03 04:10:06\",\"name\":\"5-3\",\"extension\":\"jpg\"}', '2023-05-02 21:10:06', '2023-05-02 21:10:06'),
(12, 76, 'product-files/5.jpg', '{\"filename\":\"5.jpg\",\"url\":\"product-files\\/5.jpg\",\"mime_type\":\"image\\/jpeg\",\"size\":2165,\"modified\":\"2023-05-03 04:10:06\",\"name\":\"5\",\"extension\":\"jpg\"}', '2023-05-02 21:10:06', '2023-05-02 21:10:06'),
(13, 76, 'product-files/5-1.jpg', '{\"filename\":\"5-1.jpg\",\"url\":\"product-files\\/5-1.jpg\",\"mime_type\":\"image\\/jpeg\",\"size\":2165,\"modified\":\"2023-05-03 04:10:06\",\"name\":\"5-1\",\"extension\":\"jpg\"}', '2023-05-02 21:10:06', '2023-05-02 21:10:06'),
(14, 76, 'product-files/5-2.jpg', '{\"filename\":\"5-2.jpg\",\"url\":\"product-files\\/5-2.jpg\",\"mime_type\":\"image\\/jpeg\",\"size\":2165,\"modified\":\"2023-05-03 04:10:06\",\"name\":\"5-2\",\"extension\":\"jpg\"}', '2023-05-02 21:10:06', '2023-05-02 21:10:06'),
(15, 76, 'product-files/5-3.jpg', '{\"filename\":\"5-3.jpg\",\"url\":\"product-files\\/5-3.jpg\",\"mime_type\":\"image\\/jpeg\",\"size\":2165,\"modified\":\"2023-05-03 04:10:06\",\"name\":\"5-3\",\"extension\":\"jpg\"}', '2023-05-02 21:10:06', '2023-05-02 21:10:06'),
(16, 85, 'product-files/9.jpg', '{\"filename\":\"9.jpg\",\"url\":\"product-files\\/9.jpg\",\"mime_type\":\"image\\/jpeg\",\"size\":2165,\"modified\":\"2023-05-03 04:10:06\",\"name\":\"9\",\"extension\":\"jpg\"}', '2023-05-02 21:10:06', '2023-05-02 21:10:06'),
(17, 85, 'product-files/9-1.jpg', '{\"filename\":\"9-1.jpg\",\"url\":\"product-files\\/9-1.jpg\",\"mime_type\":\"image\\/jpeg\",\"size\":2165,\"modified\":\"2023-05-03 04:10:06\",\"name\":\"9-1\",\"extension\":\"jpg\"}', '2023-05-02 21:10:06', '2023-05-02 21:10:06'),
(18, 85, 'product-files/9-2.jpg', '{\"filename\":\"9-2.jpg\",\"url\":\"product-files\\/9-2.jpg\",\"mime_type\":\"image\\/jpeg\",\"size\":2165,\"modified\":\"2023-05-03 04:10:06\",\"name\":\"9-2\",\"extension\":\"jpg\"}', '2023-05-02 21:10:06', '2023-05-02 21:10:06'),
(19, 86, 'product-files/9.jpg', '{\"filename\":\"9.jpg\",\"url\":\"product-files\\/9.jpg\",\"mime_type\":\"image\\/jpeg\",\"size\":2165,\"modified\":\"2023-05-03 04:10:06\",\"name\":\"9\",\"extension\":\"jpg\"}', '2023-05-02 21:10:06', '2023-05-02 21:10:06'),
(20, 86, 'product-files/9-1.jpg', '{\"filename\":\"9-1.jpg\",\"url\":\"product-files\\/9-1.jpg\",\"mime_type\":\"image\\/jpeg\",\"size\":2165,\"modified\":\"2023-05-03 04:10:06\",\"name\":\"9-1\",\"extension\":\"jpg\"}', '2023-05-02 21:10:06', '2023-05-02 21:10:06'),
(21, 86, 'product-files/9-2.jpg', '{\"filename\":\"9-2.jpg\",\"url\":\"product-files\\/9-2.jpg\",\"mime_type\":\"image\\/jpeg\",\"size\":2165,\"modified\":\"2023-05-03 04:10:06\",\"name\":\"9-2\",\"extension\":\"jpg\"}', '2023-05-02 21:10:06', '2023-05-02 21:10:06'),
(22, 87, 'product-files/9.jpg', '{\"filename\":\"9.jpg\",\"url\":\"product-files\\/9.jpg\",\"mime_type\":\"image\\/jpeg\",\"size\":2165,\"modified\":\"2023-05-03 04:10:06\",\"name\":\"9\",\"extension\":\"jpg\"}', '2023-05-02 21:10:06', '2023-05-02 21:10:06'),
(23, 87, 'product-files/9-1.jpg', '{\"filename\":\"9-1.jpg\",\"url\":\"product-files\\/9-1.jpg\",\"mime_type\":\"image\\/jpeg\",\"size\":2165,\"modified\":\"2023-05-03 04:10:06\",\"name\":\"9-1\",\"extension\":\"jpg\"}', '2023-05-02 21:10:06', '2023-05-02 21:10:06'),
(24, 87, 'product-files/9-2.jpg', '{\"filename\":\"9-2.jpg\",\"url\":\"product-files\\/9-2.jpg\",\"mime_type\":\"image\\/jpeg\",\"size\":2165,\"modified\":\"2023-05-03 04:10:06\",\"name\":\"9-2\",\"extension\":\"jpg\"}', '2023-05-02 21:10:06', '2023-05-02 21:10:06'),
(25, 96, 'product-files/13.jpg', '{\"filename\":\"13.jpg\",\"url\":\"product-files\\/13.jpg\",\"mime_type\":\"image\\/jpeg\",\"size\":2165,\"modified\":\"2023-05-03 04:10:07\",\"name\":\"13\",\"extension\":\"jpg\"}', '2023-05-02 21:10:07', '2023-05-02 21:10:07'),
(26, 96, 'product-files/13-1.jpg', '{\"filename\":\"13-1.jpg\",\"url\":\"product-files\\/13-1.jpg\",\"mime_type\":\"image\\/jpeg\",\"size\":2165,\"modified\":\"2023-05-03 04:10:07\",\"name\":\"13-1\",\"extension\":\"jpg\"}', '2023-05-02 21:10:07', '2023-05-02 21:10:07'),
(27, 97, 'product-files/13.jpg', '{\"filename\":\"13.jpg\",\"url\":\"product-files\\/13.jpg\",\"mime_type\":\"image\\/jpeg\",\"size\":2165,\"modified\":\"2023-05-03 04:10:07\",\"name\":\"13\",\"extension\":\"jpg\"}', '2023-05-02 21:10:07', '2023-05-02 21:10:07'),
(28, 97, 'product-files/13-1.jpg', '{\"filename\":\"13-1.jpg\",\"url\":\"product-files\\/13-1.jpg\",\"mime_type\":\"image\\/jpeg\",\"size\":2165,\"modified\":\"2023-05-03 04:10:07\",\"name\":\"13-1\",\"extension\":\"jpg\"}', '2023-05-02 21:10:07', '2023-05-02 21:10:07'),
(29, 105, 'product-files/17.jpg', '{\"filename\":\"17.jpg\",\"url\":\"product-files\\/17.jpg\",\"mime_type\":\"image\\/jpeg\",\"size\":2165,\"modified\":\"2023-05-03 04:10:07\",\"name\":\"17\",\"extension\":\"jpg\"}', '2023-05-02 21:10:07', '2023-05-02 21:10:07'),
(30, 105, 'product-files/17-1.jpg', '{\"filename\":\"17-1.jpg\",\"url\":\"product-files\\/17-1.jpg\",\"mime_type\":\"image\\/jpeg\",\"size\":2165,\"modified\":\"2023-05-03 04:10:07\",\"name\":\"17-1\",\"extension\":\"jpg\"}', '2023-05-02 21:10:07', '2023-05-02 21:10:07'),
(31, 105, 'product-files/17-2.jpg', '{\"filename\":\"17-2.jpg\",\"url\":\"product-files\\/17-2.jpg\",\"mime_type\":\"image\\/jpeg\",\"size\":2165,\"modified\":\"2023-05-03 04:10:07\",\"name\":\"17-2\",\"extension\":\"jpg\"}', '2023-05-02 21:10:07', '2023-05-02 21:10:07'),
(32, 105, 'product-files/17-3.jpg', '{\"filename\":\"17-3.jpg\",\"url\":\"product-files\\/17-3.jpg\",\"mime_type\":\"image\\/jpeg\",\"size\":2165,\"modified\":\"2023-05-03 04:10:07\",\"name\":\"17-3\",\"extension\":\"jpg\"}', '2023-05-02 21:10:07', '2023-05-02 21:10:07'),
(33, 106, 'product-files/17.jpg', '{\"filename\":\"17.jpg\",\"url\":\"product-files\\/17.jpg\",\"mime_type\":\"image\\/jpeg\",\"size\":2165,\"modified\":\"2023-05-03 04:10:07\",\"name\":\"17\",\"extension\":\"jpg\"}', '2023-05-02 21:10:07', '2023-05-02 21:10:07'),
(34, 106, 'product-files/17-1.jpg', '{\"filename\":\"17-1.jpg\",\"url\":\"product-files\\/17-1.jpg\",\"mime_type\":\"image\\/jpeg\",\"size\":2165,\"modified\":\"2023-05-03 04:10:07\",\"name\":\"17-1\",\"extension\":\"jpg\"}', '2023-05-02 21:10:07', '2023-05-02 21:10:07'),
(35, 106, 'product-files/17-2.jpg', '{\"filename\":\"17-2.jpg\",\"url\":\"product-files\\/17-2.jpg\",\"mime_type\":\"image\\/jpeg\",\"size\":2165,\"modified\":\"2023-05-03 04:10:07\",\"name\":\"17-2\",\"extension\":\"jpg\"}', '2023-05-02 21:10:07', '2023-05-02 21:10:07'),
(36, 106, 'product-files/17-3.jpg', '{\"filename\":\"17-3.jpg\",\"url\":\"product-files\\/17-3.jpg\",\"mime_type\":\"image\\/jpeg\",\"size\":2165,\"modified\":\"2023-05-03 04:10:07\",\"name\":\"17-3\",\"extension\":\"jpg\"}', '2023-05-02 21:10:07', '2023-05-02 21:10:07'),
(37, 114, 'product-files/21.jpg', '{\"filename\":\"21.jpg\",\"url\":\"product-files\\/21.jpg\",\"mime_type\":\"image\\/jpeg\",\"size\":2165,\"modified\":\"2023-05-03 04:10:07\",\"name\":\"21\",\"extension\":\"jpg\"}', '2023-05-02 21:10:07', '2023-05-02 21:10:07'),
(38, 114, 'product-files/21-1.jpg', '{\"filename\":\"21-1.jpg\",\"url\":\"product-files\\/21-1.jpg\",\"mime_type\":\"image\\/jpeg\",\"size\":2165,\"modified\":\"2023-05-03 04:10:07\",\"name\":\"21-1\",\"extension\":\"jpg\"}', '2023-05-02 21:10:07', '2023-05-02 21:10:07'),
(39, 114, 'product-files/21-2.jpg', '{\"filename\":\"21-2.jpg\",\"url\":\"product-files\\/21-2.jpg\",\"mime_type\":\"image\\/jpeg\",\"size\":2165,\"modified\":\"2023-05-03 04:10:07\",\"name\":\"21-2\",\"extension\":\"jpg\"}', '2023-05-02 21:10:07', '2023-05-02 21:10:07'),
(40, 115, 'product-files/21.jpg', '{\"filename\":\"21.jpg\",\"url\":\"product-files\\/21.jpg\",\"mime_type\":\"image\\/jpeg\",\"size\":2165,\"modified\":\"2023-05-03 04:10:07\",\"name\":\"21\",\"extension\":\"jpg\"}', '2023-05-02 21:10:07', '2023-05-02 21:10:07'),
(41, 115, 'product-files/21-1.jpg', '{\"filename\":\"21-1.jpg\",\"url\":\"product-files\\/21-1.jpg\",\"mime_type\":\"image\\/jpeg\",\"size\":2165,\"modified\":\"2023-05-03 04:10:07\",\"name\":\"21-1\",\"extension\":\"jpg\"}', '2023-05-02 21:10:07', '2023-05-02 21:10:07'),
(42, 115, 'product-files/21-2.jpg', '{\"filename\":\"21-2.jpg\",\"url\":\"product-files\\/21-2.jpg\",\"mime_type\":\"image\\/jpeg\",\"size\":2165,\"modified\":\"2023-05-03 04:10:07\",\"name\":\"21-2\",\"extension\":\"jpg\"}', '2023-05-02 21:10:07', '2023-05-02 21:10:07'),
(43, 116, 'product-files/21.jpg', '{\"filename\":\"21.jpg\",\"url\":\"product-files\\/21.jpg\",\"mime_type\":\"image\\/jpeg\",\"size\":2165,\"modified\":\"2023-05-03 04:10:07\",\"name\":\"21\",\"extension\":\"jpg\"}', '2023-05-02 21:10:07', '2023-05-02 21:10:07'),
(44, 116, 'product-files/21-1.jpg', '{\"filename\":\"21-1.jpg\",\"url\":\"product-files\\/21-1.jpg\",\"mime_type\":\"image\\/jpeg\",\"size\":2165,\"modified\":\"2023-05-03 04:10:07\",\"name\":\"21-1\",\"extension\":\"jpg\"}', '2023-05-02 21:10:07', '2023-05-02 21:10:07'),
(45, 116, 'product-files/21-2.jpg', '{\"filename\":\"21-2.jpg\",\"url\":\"product-files\\/21-2.jpg\",\"mime_type\":\"image\\/jpeg\",\"size\":2165,\"modified\":\"2023-05-03 04:10:07\",\"name\":\"21-2\",\"extension\":\"jpg\"}', '2023-05-02 21:10:07', '2023-05-02 21:10:07'),
(46, 127, 'product-files/25.jpg', '{\"filename\":\"25.jpg\",\"url\":\"product-files\\/25.jpg\",\"mime_type\":\"image\\/jpeg\",\"size\":2165,\"modified\":\"2023-05-03 04:10:07\",\"name\":\"25\",\"extension\":\"jpg\"}', '2023-05-02 21:10:07', '2023-05-02 21:10:07'),
(47, 127, 'product-files/25-1.jpg', '{\"filename\":\"25-1.jpg\",\"url\":\"product-files\\/25-1.jpg\",\"mime_type\":\"image\\/jpeg\",\"size\":2165,\"modified\":\"2023-05-03 04:10:07\",\"name\":\"25-1\",\"extension\":\"jpg\"}', '2023-05-02 21:10:07', '2023-05-02 21:10:07'),
(48, 127, 'product-files/25-2.jpg', '{\"filename\":\"25-2.jpg\",\"url\":\"product-files\\/25-2.jpg\",\"mime_type\":\"image\\/jpeg\",\"size\":2165,\"modified\":\"2023-05-03 04:10:07\",\"name\":\"25-2\",\"extension\":\"jpg\"}', '2023-05-02 21:10:07', '2023-05-02 21:10:07'),
(49, 128, 'product-files/25.jpg', '{\"filename\":\"25.jpg\",\"url\":\"product-files\\/25.jpg\",\"mime_type\":\"image\\/jpeg\",\"size\":2165,\"modified\":\"2023-05-03 04:10:07\",\"name\":\"25\",\"extension\":\"jpg\"}', '2023-05-02 21:10:07', '2023-05-02 21:10:07'),
(50, 128, 'product-files/25-1.jpg', '{\"filename\":\"25-1.jpg\",\"url\":\"product-files\\/25-1.jpg\",\"mime_type\":\"image\\/jpeg\",\"size\":2165,\"modified\":\"2023-05-03 04:10:07\",\"name\":\"25-1\",\"extension\":\"jpg\"}', '2023-05-02 21:10:07', '2023-05-02 21:10:07'),
(51, 128, 'product-files/25-2.jpg', '{\"filename\":\"25-2.jpg\",\"url\":\"product-files\\/25-2.jpg\",\"mime_type\":\"image\\/jpeg\",\"size\":2165,\"modified\":\"2023-05-03 04:10:07\",\"name\":\"25-2\",\"extension\":\"jpg\"}', '2023-05-02 21:10:07', '2023-05-02 21:10:07'),
(52, 134, 'product-files/29.jpg', '{\"filename\":\"29.jpg\",\"url\":\"product-files\\/29.jpg\",\"mime_type\":\"image\\/jpeg\",\"size\":2165,\"modified\":\"2023-05-03 04:10:08\",\"name\":\"29\",\"extension\":\"jpg\"}', '2023-05-02 21:10:08', '2023-05-02 21:10:08'),
(53, 134, 'product-files/29-1.jpg', '{\"filename\":\"29-1.jpg\",\"url\":\"product-files\\/29-1.jpg\",\"mime_type\":\"image\\/jpeg\",\"size\":2165,\"modified\":\"2023-05-03 04:10:08\",\"name\":\"29-1\",\"extension\":\"jpg\"}', '2023-05-02 21:10:08', '2023-05-02 21:10:08'),
(54, 134, 'product-files/29-2.jpg', '{\"filename\":\"29-2.jpg\",\"url\":\"product-files\\/29-2.jpg\",\"mime_type\":\"image\\/jpeg\",\"size\":2165,\"modified\":\"2023-05-03 04:10:08\",\"name\":\"29-2\",\"extension\":\"jpg\"}', '2023-05-02 21:10:08', '2023-05-02 21:10:08'),
(55, 140, 'product-files/33.jpg', '{\"filename\":\"33.jpg\",\"url\":\"product-files\\/33.jpg\",\"mime_type\":\"image\\/jpeg\",\"size\":2165,\"modified\":\"2023-05-03 04:10:08\",\"name\":\"33\",\"extension\":\"jpg\"}', '2023-05-02 21:10:08', '2023-05-02 21:10:08'),
(56, 140, 'product-files/33-1.jpg', '{\"filename\":\"33-1.jpg\",\"url\":\"product-files\\/33-1.jpg\",\"mime_type\":\"image\\/jpeg\",\"size\":2165,\"modified\":\"2023-05-03 04:10:08\",\"name\":\"33-1\",\"extension\":\"jpg\"}', '2023-05-02 21:10:08', '2023-05-02 21:10:08'),
(57, 140, 'product-files/33-2.jpg', '{\"filename\":\"33-2.jpg\",\"url\":\"product-files\\/33-2.jpg\",\"mime_type\":\"image\\/jpeg\",\"size\":2165,\"modified\":\"2023-05-03 04:10:08\",\"name\":\"33-2\",\"extension\":\"jpg\"}', '2023-05-02 21:10:08', '2023-05-02 21:10:08'),
(58, 141, 'product-files/33.jpg', '{\"filename\":\"33.jpg\",\"url\":\"product-files\\/33.jpg\",\"mime_type\":\"image\\/jpeg\",\"size\":2165,\"modified\":\"2023-05-03 04:10:08\",\"name\":\"33\",\"extension\":\"jpg\"}', '2023-05-02 21:10:08', '2023-05-02 21:10:08'),
(59, 141, 'product-files/33-1.jpg', '{\"filename\":\"33-1.jpg\",\"url\":\"product-files\\/33-1.jpg\",\"mime_type\":\"image\\/jpeg\",\"size\":2165,\"modified\":\"2023-05-03 04:10:08\",\"name\":\"33-1\",\"extension\":\"jpg\"}', '2023-05-02 21:10:08', '2023-05-02 21:10:08'),
(60, 141, 'product-files/33-2.jpg', '{\"filename\":\"33-2.jpg\",\"url\":\"product-files\\/33-2.jpg\",\"mime_type\":\"image\\/jpeg\",\"size\":2165,\"modified\":\"2023-05-03 04:10:08\",\"name\":\"33-2\",\"extension\":\"jpg\"}', '2023-05-02 21:10:08', '2023-05-02 21:10:08'),
(61, 142, 'product-files/33.jpg', '{\"filename\":\"33.jpg\",\"url\":\"product-files\\/33.jpg\",\"mime_type\":\"image\\/jpeg\",\"size\":2165,\"modified\":\"2023-05-03 04:10:08\",\"name\":\"33\",\"extension\":\"jpg\"}', '2023-05-02 21:10:08', '2023-05-02 21:10:08'),
(62, 142, 'product-files/33-1.jpg', '{\"filename\":\"33-1.jpg\",\"url\":\"product-files\\/33-1.jpg\",\"mime_type\":\"image\\/jpeg\",\"size\":2165,\"modified\":\"2023-05-03 04:10:08\",\"name\":\"33-1\",\"extension\":\"jpg\"}', '2023-05-02 21:10:08', '2023-05-02 21:10:08'),
(63, 142, 'product-files/33-2.jpg', '{\"filename\":\"33-2.jpg\",\"url\":\"product-files\\/33-2.jpg\",\"mime_type\":\"image\\/jpeg\",\"size\":2165,\"modified\":\"2023-05-03 04:10:08\",\"name\":\"33-2\",\"extension\":\"jpg\"}', '2023-05-02 21:10:08', '2023-05-02 21:10:08'),
(64, 143, 'product-files/33.jpg', '{\"filename\":\"33.jpg\",\"url\":\"product-files\\/33.jpg\",\"mime_type\":\"image\\/jpeg\",\"size\":2165,\"modified\":\"2023-05-03 04:10:08\",\"name\":\"33\",\"extension\":\"jpg\"}', '2023-05-02 21:10:08', '2023-05-02 21:10:08'),
(65, 143, 'product-files/33-1.jpg', '{\"filename\":\"33-1.jpg\",\"url\":\"product-files\\/33-1.jpg\",\"mime_type\":\"image\\/jpeg\",\"size\":2165,\"modified\":\"2023-05-03 04:10:08\",\"name\":\"33-1\",\"extension\":\"jpg\"}', '2023-05-02 21:10:08', '2023-05-02 21:10:08'),
(66, 143, 'product-files/33-2.jpg', '{\"filename\":\"33-2.jpg\",\"url\":\"product-files\\/33-2.jpg\",\"mime_type\":\"image\\/jpeg\",\"size\":2165,\"modified\":\"2023-05-03 04:10:08\",\"name\":\"33-2\",\"extension\":\"jpg\"}', '2023-05-02 21:10:08', '2023-05-02 21:10:08'),
(67, 151, 'product-files/37.jpg', '{\"filename\":\"37.jpg\",\"url\":\"product-files\\/37.jpg\",\"mime_type\":\"image\\/jpeg\",\"size\":2165,\"modified\":\"2023-05-03 04:10:08\",\"name\":\"37\",\"extension\":\"jpg\"}', '2023-05-02 21:10:08', '2023-05-02 21:10:08'),
(68, 151, 'product-files/37-1.jpg', '{\"filename\":\"37-1.jpg\",\"url\":\"product-files\\/37-1.jpg\",\"mime_type\":\"image\\/jpeg\",\"size\":2165,\"modified\":\"2023-05-03 04:10:08\",\"name\":\"37-1\",\"extension\":\"jpg\"}', '2023-05-02 21:10:08', '2023-05-02 21:10:08'),
(69, 151, 'product-files/37-2.jpg', '{\"filename\":\"37-2.jpg\",\"url\":\"product-files\\/37-2.jpg\",\"mime_type\":\"image\\/jpeg\",\"size\":2165,\"modified\":\"2023-05-03 04:10:08\",\"name\":\"37-2\",\"extension\":\"jpg\"}', '2023-05-02 21:10:08', '2023-05-02 21:10:08'),
(70, 152, 'product-files/37.jpg', '{\"filename\":\"37.jpg\",\"url\":\"product-files\\/37.jpg\",\"mime_type\":\"image\\/jpeg\",\"size\":2165,\"modified\":\"2023-05-03 04:10:08\",\"name\":\"37\",\"extension\":\"jpg\"}', '2023-05-02 21:10:08', '2023-05-02 21:10:08'),
(71, 152, 'product-files/37-1.jpg', '{\"filename\":\"37-1.jpg\",\"url\":\"product-files\\/37-1.jpg\",\"mime_type\":\"image\\/jpeg\",\"size\":2165,\"modified\":\"2023-05-03 04:10:08\",\"name\":\"37-1\",\"extension\":\"jpg\"}', '2023-05-02 21:10:08', '2023-05-02 21:10:08'),
(72, 152, 'product-files/37-2.jpg', '{\"filename\":\"37-2.jpg\",\"url\":\"product-files\\/37-2.jpg\",\"mime_type\":\"image\\/jpeg\",\"size\":2165,\"modified\":\"2023-05-03 04:10:08\",\"name\":\"37-2\",\"extension\":\"jpg\"}', '2023-05-02 21:10:08', '2023-05-02 21:10:08'),
(73, 153, 'product-files/37.jpg', '{\"filename\":\"37.jpg\",\"url\":\"product-files\\/37.jpg\",\"mime_type\":\"image\\/jpeg\",\"size\":2165,\"modified\":\"2023-05-03 04:10:08\",\"name\":\"37\",\"extension\":\"jpg\"}', '2023-05-02 21:10:08', '2023-05-02 21:10:08'),
(74, 153, 'product-files/37-1.jpg', '{\"filename\":\"37-1.jpg\",\"url\":\"product-files\\/37-1.jpg\",\"mime_type\":\"image\\/jpeg\",\"size\":2165,\"modified\":\"2023-05-03 04:10:08\",\"name\":\"37-1\",\"extension\":\"jpg\"}', '2023-05-02 21:10:08', '2023-05-02 21:10:08'),
(75, 153, 'product-files/37-2.jpg', '{\"filename\":\"37-2.jpg\",\"url\":\"product-files\\/37-2.jpg\",\"mime_type\":\"image\\/jpeg\",\"size\":2165,\"modified\":\"2023-05-03 04:10:08\",\"name\":\"37-2\",\"extension\":\"jpg\"}', '2023-05-02 21:10:08', '2023-05-02 21:10:08'),
(76, 154, 'product-files/37.jpg', '{\"filename\":\"37.jpg\",\"url\":\"product-files\\/37.jpg\",\"mime_type\":\"image\\/jpeg\",\"size\":2165,\"modified\":\"2023-05-03 04:10:08\",\"name\":\"37\",\"extension\":\"jpg\"}', '2023-05-02 21:10:08', '2023-05-02 21:10:08'),
(77, 154, 'product-files/37-1.jpg', '{\"filename\":\"37-1.jpg\",\"url\":\"product-files\\/37-1.jpg\",\"mime_type\":\"image\\/jpeg\",\"size\":2165,\"modified\":\"2023-05-03 04:10:08\",\"name\":\"37-1\",\"extension\":\"jpg\"}', '2023-05-02 21:10:08', '2023-05-02 21:10:08'),
(78, 154, 'product-files/37-2.jpg', '{\"filename\":\"37-2.jpg\",\"url\":\"product-files\\/37-2.jpg\",\"mime_type\":\"image\\/jpeg\",\"size\":2165,\"modified\":\"2023-05-03 04:10:08\",\"name\":\"37-2\",\"extension\":\"jpg\"}', '2023-05-02 21:10:08', '2023-05-02 21:10:08'),
(79, 155, 'product-files/37.jpg', '{\"filename\":\"37.jpg\",\"url\":\"product-files\\/37.jpg\",\"mime_type\":\"image\\/jpeg\",\"size\":2165,\"modified\":\"2023-05-03 04:10:08\",\"name\":\"37\",\"extension\":\"jpg\"}', '2023-05-02 21:10:08', '2023-05-02 21:10:08'),
(80, 155, 'product-files/37-1.jpg', '{\"filename\":\"37-1.jpg\",\"url\":\"product-files\\/37-1.jpg\",\"mime_type\":\"image\\/jpeg\",\"size\":2165,\"modified\":\"2023-05-03 04:10:08\",\"name\":\"37-1\",\"extension\":\"jpg\"}', '2023-05-02 21:10:08', '2023-05-02 21:10:08'),
(81, 155, 'product-files/37-2.jpg', '{\"filename\":\"37-2.jpg\",\"url\":\"product-files\\/37-2.jpg\",\"mime_type\":\"image\\/jpeg\",\"size\":2165,\"modified\":\"2023-05-03 04:10:08\",\"name\":\"37-2\",\"extension\":\"jpg\"}', '2023-05-02 21:10:08', '2023-05-02 21:10:08'),
(82, 167, 'product-files/41.jpg', '{\"filename\":\"41.jpg\",\"url\":\"product-files\\/41.jpg\",\"mime_type\":\"image\\/jpeg\",\"size\":2165,\"modified\":\"2023-05-03 04:10:08\",\"name\":\"41\",\"extension\":\"jpg\"}', '2023-05-02 21:10:08', '2023-05-02 21:10:08'),
(83, 167, 'product-files/41-1.jpg', '{\"filename\":\"41-1.jpg\",\"url\":\"product-files\\/41-1.jpg\",\"mime_type\":\"image\\/jpeg\",\"size\":2165,\"modified\":\"2023-05-03 04:10:08\",\"name\":\"41-1\",\"extension\":\"jpg\"}', '2023-05-02 21:10:08', '2023-05-02 21:10:08'),
(84, 167, 'product-files/41-2.jpg', '{\"filename\":\"41-2.jpg\",\"url\":\"product-files\\/41-2.jpg\",\"mime_type\":\"image\\/jpeg\",\"size\":2165,\"modified\":\"2023-05-03 04:10:08\",\"name\":\"41-2\",\"extension\":\"jpg\"}', '2023-05-02 21:10:08', '2023-05-02 21:10:08'),
(85, 168, 'product-files/41.jpg', '{\"filename\":\"41.jpg\",\"url\":\"product-files\\/41.jpg\",\"mime_type\":\"image\\/jpeg\",\"size\":2165,\"modified\":\"2023-05-03 04:10:08\",\"name\":\"41\",\"extension\":\"jpg\"}', '2023-05-02 21:10:08', '2023-05-02 21:10:08'),
(86, 168, 'product-files/41-1.jpg', '{\"filename\":\"41-1.jpg\",\"url\":\"product-files\\/41-1.jpg\",\"mime_type\":\"image\\/jpeg\",\"size\":2165,\"modified\":\"2023-05-03 04:10:08\",\"name\":\"41-1\",\"extension\":\"jpg\"}', '2023-05-02 21:10:08', '2023-05-02 21:10:08'),
(87, 168, 'product-files/41-2.jpg', '{\"filename\":\"41-2.jpg\",\"url\":\"product-files\\/41-2.jpg\",\"mime_type\":\"image\\/jpeg\",\"size\":2165,\"modified\":\"2023-05-03 04:10:08\",\"name\":\"41-2\",\"extension\":\"jpg\"}', '2023-05-02 21:10:08', '2023-05-02 21:10:08'),
(88, 169, 'product-files/41.jpg', '{\"filename\":\"41.jpg\",\"url\":\"product-files\\/41.jpg\",\"mime_type\":\"image\\/jpeg\",\"size\":2165,\"modified\":\"2023-05-03 04:10:08\",\"name\":\"41\",\"extension\":\"jpg\"}', '2023-05-02 21:10:08', '2023-05-02 21:10:08'),
(89, 169, 'product-files/41-1.jpg', '{\"filename\":\"41-1.jpg\",\"url\":\"product-files\\/41-1.jpg\",\"mime_type\":\"image\\/jpeg\",\"size\":2165,\"modified\":\"2023-05-03 04:10:08\",\"name\":\"41-1\",\"extension\":\"jpg\"}', '2023-05-02 21:10:08', '2023-05-02 21:10:08'),
(90, 169, 'product-files/41-2.jpg', '{\"filename\":\"41-2.jpg\",\"url\":\"product-files\\/41-2.jpg\",\"mime_type\":\"image\\/jpeg\",\"size\":2165,\"modified\":\"2023-05-03 04:10:08\",\"name\":\"41-2\",\"extension\":\"jpg\"}', '2023-05-02 21:10:08', '2023-05-02 21:10:08'),
(91, 179, 'product-files/45.jpg', '{\"filename\":\"45.jpg\",\"url\":\"product-files\\/45.jpg\",\"mime_type\":\"image\\/jpeg\",\"size\":2165,\"modified\":\"2023-05-03 04:10:09\",\"name\":\"45\",\"extension\":\"jpg\"}', '2023-05-02 21:10:09', '2023-05-02 21:10:09'),
(92, 179, 'product-files/45-1.jpg', '{\"filename\":\"45-1.jpg\",\"url\":\"product-files\\/45-1.jpg\",\"mime_type\":\"image\\/jpeg\",\"size\":2165,\"modified\":\"2023-05-03 04:10:09\",\"name\":\"45-1\",\"extension\":\"jpg\"}', '2023-05-02 21:10:09', '2023-05-02 21:10:09'),
(93, 180, 'product-files/45.jpg', '{\"filename\":\"45.jpg\",\"url\":\"product-files\\/45.jpg\",\"mime_type\":\"image\\/jpeg\",\"size\":2165,\"modified\":\"2023-05-03 04:10:09\",\"name\":\"45\",\"extension\":\"jpg\"}', '2023-05-02 21:10:09', '2023-05-02 21:10:09'),
(94, 180, 'product-files/45-1.jpg', '{\"filename\":\"45-1.jpg\",\"url\":\"product-files\\/45-1.jpg\",\"mime_type\":\"image\\/jpeg\",\"size\":2165,\"modified\":\"2023-05-03 04:10:09\",\"name\":\"45-1\",\"extension\":\"jpg\"}', '2023-05-02 21:10:09', '2023-05-02 21:10:09'),
(95, 189, 'product-files/49.jpg', '{\"filename\":\"49.jpg\",\"url\":\"product-files\\/49.jpg\",\"mime_type\":\"image\\/jpeg\",\"size\":2165,\"modified\":\"2023-05-03 04:10:09\",\"name\":\"49\",\"extension\":\"jpg\"}', '2023-05-02 21:10:09', '2023-05-02 21:10:09'),
(96, 189, 'product-files/49-1.jpg', '{\"filename\":\"49-1.jpg\",\"url\":\"product-files\\/49-1.jpg\",\"mime_type\":\"image\\/jpeg\",\"size\":2165,\"modified\":\"2023-05-03 04:10:09\",\"name\":\"49-1\",\"extension\":\"jpg\"}', '2023-05-02 21:10:09', '2023-05-02 21:10:09'),
(97, 189, 'product-files/49-2.jpg', '{\"filename\":\"49-2.jpg\",\"url\":\"product-files\\/49-2.jpg\",\"mime_type\":\"image\\/jpeg\",\"size\":2165,\"modified\":\"2023-05-03 04:10:09\",\"name\":\"49-2\",\"extension\":\"jpg\"}', '2023-05-02 21:10:09', '2023-05-02 21:10:09'),
(98, 199, 'product-files/53.jpg', '{\"filename\":\"53.jpg\",\"url\":\"product-files\\/53.jpg\",\"mime_type\":\"image\\/jpeg\",\"size\":2165,\"modified\":\"2023-05-03 04:10:09\",\"name\":\"53\",\"extension\":\"jpg\"}', '2023-05-02 21:10:09', '2023-05-02 21:10:09'),
(99, 199, 'product-files/53-1.jpg', '{\"filename\":\"53-1.jpg\",\"url\":\"product-files\\/53-1.jpg\",\"mime_type\":\"image\\/jpeg\",\"size\":2165,\"modified\":\"2023-05-03 04:10:09\",\"name\":\"53-1\",\"extension\":\"jpg\"}', '2023-05-02 21:10:09', '2023-05-02 21:10:09'),
(100, 200, 'product-files/53.jpg', '{\"filename\":\"53.jpg\",\"url\":\"product-files\\/53.jpg\",\"mime_type\":\"image\\/jpeg\",\"size\":2165,\"modified\":\"2023-05-03 04:10:09\",\"name\":\"53\",\"extension\":\"jpg\"}', '2023-05-02 21:10:09', '2023-05-02 21:10:09'),
(101, 200, 'product-files/53-1.jpg', '{\"filename\":\"53-1.jpg\",\"url\":\"product-files\\/53-1.jpg\",\"mime_type\":\"image\\/jpeg\",\"size\":2165,\"modified\":\"2023-05-03 04:10:09\",\"name\":\"53-1\",\"extension\":\"jpg\"}', '2023-05-02 21:10:09', '2023-05-02 21:10:09'),
(102, 207, 'product-files/57.jpg', '{\"filename\":\"57.jpg\",\"url\":\"product-files\\/57.jpg\",\"mime_type\":\"image\\/jpeg\",\"size\":2165,\"modified\":\"2023-05-03 04:10:09\",\"name\":\"57\",\"extension\":\"jpg\"}', '2023-05-02 21:10:09', '2023-05-02 21:10:09'),
(103, 207, 'product-files/57-1.jpg', '{\"filename\":\"57-1.jpg\",\"url\":\"product-files\\/57-1.jpg\",\"mime_type\":\"image\\/jpeg\",\"size\":2165,\"modified\":\"2023-05-03 04:10:09\",\"name\":\"57-1\",\"extension\":\"jpg\"}', '2023-05-02 21:10:09', '2023-05-02 21:10:09'),
(104, 208, 'product-files/57.jpg', '{\"filename\":\"57.jpg\",\"url\":\"product-files\\/57.jpg\",\"mime_type\":\"image\\/jpeg\",\"size\":2165,\"modified\":\"2023-05-03 04:10:09\",\"name\":\"57\",\"extension\":\"jpg\"}', '2023-05-02 21:10:09', '2023-05-02 21:10:09'),
(105, 208, 'product-files/57-1.jpg', '{\"filename\":\"57-1.jpg\",\"url\":\"product-files\\/57-1.jpg\",\"mime_type\":\"image\\/jpeg\",\"size\":2165,\"modified\":\"2023-05-03 04:10:09\",\"name\":\"57-1\",\"extension\":\"jpg\"}', '2023-05-02 21:10:09', '2023-05-02 21:10:09'),
(106, 219, 'product-files/61.jpg', '{\"filename\":\"61.jpg\",\"url\":\"product-files\\/61.jpg\",\"mime_type\":\"image\\/jpeg\",\"size\":2165,\"modified\":\"2023-05-03 04:10:10\",\"name\":\"61\",\"extension\":\"jpg\"}', '2023-05-02 21:10:10', '2023-05-02 21:10:10'),
(107, 219, 'product-files/61-1.jpg', '{\"filename\":\"61-1.jpg\",\"url\":\"product-files\\/61-1.jpg\",\"mime_type\":\"image\\/jpeg\",\"size\":2165,\"modified\":\"2023-05-03 04:10:10\",\"name\":\"61-1\",\"extension\":\"jpg\"}', '2023-05-02 21:10:10', '2023-05-02 21:10:10'),
(108, 220, 'product-files/61.jpg', '{\"filename\":\"61.jpg\",\"url\":\"product-files\\/61.jpg\",\"mime_type\":\"image\\/jpeg\",\"size\":2165,\"modified\":\"2023-05-03 04:10:10\",\"name\":\"61\",\"extension\":\"jpg\"}', '2023-05-02 21:10:10', '2023-05-02 21:10:10'),
(109, 220, 'product-files/61-1.jpg', '{\"filename\":\"61-1.jpg\",\"url\":\"product-files\\/61-1.jpg\",\"mime_type\":\"image\\/jpeg\",\"size\":2165,\"modified\":\"2023-05-03 04:10:10\",\"name\":\"61-1\",\"extension\":\"jpg\"}', '2023-05-02 21:10:10', '2023-05-02 21:10:10'),
(110, 226, 'product-files/65.jpg', '{\"filename\":\"65.jpg\",\"url\":\"product-files\\/65.jpg\",\"mime_type\":\"image\\/jpeg\",\"size\":2165,\"modified\":\"2023-05-03 04:10:10\",\"name\":\"65\",\"extension\":\"jpg\"}', '2023-05-02 21:10:10', '2023-05-02 21:10:10'),
(111, 226, 'product-files/65-1.jpg', '{\"filename\":\"65-1.jpg\",\"url\":\"product-files\\/65-1.jpg\",\"mime_type\":\"image\\/jpeg\",\"size\":2165,\"modified\":\"2023-05-03 04:10:10\",\"name\":\"65-1\",\"extension\":\"jpg\"}', '2023-05-02 21:10:10', '2023-05-02 21:10:10'),
(112, 226, 'product-files/65-2.jpg', '{\"filename\":\"65-2.jpg\",\"url\":\"product-files\\/65-2.jpg\",\"mime_type\":\"image\\/jpeg\",\"size\":2165,\"modified\":\"2023-05-03 04:10:10\",\"name\":\"65-2\",\"extension\":\"jpg\"}', '2023-05-02 21:10:10', '2023-05-02 21:10:10'),
(113, 227, 'product-files/65.jpg', '{\"filename\":\"65.jpg\",\"url\":\"product-files\\/65.jpg\",\"mime_type\":\"image\\/jpeg\",\"size\":2165,\"modified\":\"2023-05-03 04:10:10\",\"name\":\"65\",\"extension\":\"jpg\"}', '2023-05-02 21:10:10', '2023-05-02 21:10:10'),
(114, 227, 'product-files/65-1.jpg', '{\"filename\":\"65-1.jpg\",\"url\":\"product-files\\/65-1.jpg\",\"mime_type\":\"image\\/jpeg\",\"size\":2165,\"modified\":\"2023-05-03 04:10:10\",\"name\":\"65-1\",\"extension\":\"jpg\"}', '2023-05-02 21:10:10', '2023-05-02 21:10:10'),
(115, 227, 'product-files/65-2.jpg', '{\"filename\":\"65-2.jpg\",\"url\":\"product-files\\/65-2.jpg\",\"mime_type\":\"image\\/jpeg\",\"size\":2165,\"modified\":\"2023-05-03 04:10:10\",\"name\":\"65-2\",\"extension\":\"jpg\"}', '2023-05-02 21:10:10', '2023-05-02 21:10:10'),
(116, 228, 'product-files/65.jpg', '{\"filename\":\"65.jpg\",\"url\":\"product-files\\/65.jpg\",\"mime_type\":\"image\\/jpeg\",\"size\":2165,\"modified\":\"2023-05-03 04:10:10\",\"name\":\"65\",\"extension\":\"jpg\"}', '2023-05-02 21:10:10', '2023-05-02 21:10:10'),
(117, 228, 'product-files/65-1.jpg', '{\"filename\":\"65-1.jpg\",\"url\":\"product-files\\/65-1.jpg\",\"mime_type\":\"image\\/jpeg\",\"size\":2165,\"modified\":\"2023-05-03 04:10:10\",\"name\":\"65-1\",\"extension\":\"jpg\"}', '2023-05-02 21:10:10', '2023-05-02 21:10:10'),
(118, 228, 'product-files/65-2.jpg', '{\"filename\":\"65-2.jpg\",\"url\":\"product-files\\/65-2.jpg\",\"mime_type\":\"image\\/jpeg\",\"size\":2165,\"modified\":\"2023-05-03 04:10:10\",\"name\":\"65-2\",\"extension\":\"jpg\"}', '2023-05-02 21:10:10', '2023-05-02 21:10:10'),
(119, 229, 'product-files/65.jpg', '{\"filename\":\"65.jpg\",\"url\":\"product-files\\/65.jpg\",\"mime_type\":\"image\\/jpeg\",\"size\":2165,\"modified\":\"2023-05-03 04:10:10\",\"name\":\"65\",\"extension\":\"jpg\"}', '2023-05-02 21:10:10', '2023-05-02 21:10:10'),
(120, 229, 'product-files/65-1.jpg', '{\"filename\":\"65-1.jpg\",\"url\":\"product-files\\/65-1.jpg\",\"mime_type\":\"image\\/jpeg\",\"size\":2165,\"modified\":\"2023-05-03 04:10:10\",\"name\":\"65-1\",\"extension\":\"jpg\"}', '2023-05-02 21:10:10', '2023-05-02 21:10:10'),
(121, 229, 'product-files/65-2.jpg', '{\"filename\":\"65-2.jpg\",\"url\":\"product-files\\/65-2.jpg\",\"mime_type\":\"image\\/jpeg\",\"size\":2165,\"modified\":\"2023-05-03 04:10:10\",\"name\":\"65-2\",\"extension\":\"jpg\"}', '2023-05-02 21:10:10', '2023-05-02 21:10:10');

-- --------------------------------------------------------

--
-- Table structure for table `ec_product_labels`
--

CREATE TABLE `ec_product_labels` (
  `id` bigint(20) UNSIGNED NOT NULL,
  `name` varchar(255) NOT NULL,
  `color` varchar(120) DEFAULT NULL,
  `status` varchar(60) NOT NULL DEFAULT 'published',
  `created_at` timestamp NULL DEFAULT NULL,
  `updated_at` timestamp NULL DEFAULT NULL
) ENGINE=InnoDB DEFAULT CHARSET=utf8mb4 COLLATE=utf8mb4_unicode_ci;

-- --------------------------------------------------------

--
-- Table structure for table `ec_product_labels_translations`
--

CREATE TABLE `ec_product_labels_translations` (
  `lang_code` varchar(191) NOT NULL,
  `ec_product_labels_id` bigint(20) UNSIGNED NOT NULL,
  `name` varchar(191) DEFAULT NULL,
  `description` varchar(191) DEFAULT NULL
) ENGINE=InnoDB DEFAULT CHARSET=utf8mb4 COLLATE=utf8mb4_unicode_ci;

-- --------------------------------------------------------

--
-- Table structure for table `ec_product_label_products`
--

CREATE TABLE `ec_product_label_products` (
  `product_label_id` bigint(20) UNSIGNED NOT NULL,
  `product_id` bigint(20) UNSIGNED NOT NULL
) ENGINE=InnoDB DEFAULT CHARSET=utf8mb4 COLLATE=utf8mb4_unicode_ci;

--
-- Dumping data for table `ec_product_label_products`
--

INSERT INTO `ec_product_label_products` (`product_label_id`, `product_id`) VALUES
(1, 21),
(1, 42),
(1, 57),
(1, 60),
(2, 3),
(2, 9),
(2, 12),
(2, 15),
(2, 18),
(2, 27),
(2, 30),
(2, 36),
(2, 48),
(2, 51),
(2, 54),
(2, 63),
(3, 6),
(3, 24),
(3, 33),
(3, 39),
(3, 45);

-- --------------------------------------------------------

--
-- Table structure for table `ec_product_related_relations`
--

CREATE TABLE `ec_product_related_relations` (
  `from_product_id` bigint(20) UNSIGNED NOT NULL,
  `to_product_id` bigint(20) UNSIGNED NOT NULL
) ENGINE=InnoDB DEFAULT CHARSET=utf8mb4 COLLATE=utf8mb4_unicode_ci;

-- --------------------------------------------------------

--
-- Table structure for table `ec_product_tags`
--

CREATE TABLE `ec_product_tags` (
  `id` bigint(20) UNSIGNED NOT NULL,
  `name` varchar(120) NOT NULL,
  `description` varchar(400) DEFAULT NULL,
  `status` varchar(60) NOT NULL DEFAULT 'published',
  `created_at` timestamp NULL DEFAULT NULL,
  `updated_at` timestamp NULL DEFAULT NULL
) ENGINE=InnoDB DEFAULT CHARSET=utf8mb4 COLLATE=utf8mb4_unicode_ci;

--
-- Dumping data for table `ec_product_tags`
--

INSERT INTO `ec_product_tags` (`id`, `name`, `description`, `status`, `created_at`, `updated_at`) VALUES
(7, 'Minima tempor et et', NULL, 'published', '2024-12-31 21:11:56', '2024-12-31 21:11:56'),
(8, 'Banner', NULL, 'published', '2024-12-31 21:12:41', '2024-12-31 21:12:41'),
(9, 'Custom Banner', NULL, 'published', '2024-12-31 21:12:41', '2024-12-31 21:12:41'),
(10, 'Digital Banner\nPoster', NULL, 'published', '2024-12-31 21:12:41', '2024-12-31 21:12:41'),
(11, 'Business Poster', NULL, 'published', '2024-12-31 21:12:41', '2024-12-31 21:12:41'),
(12, 'Event Poster\nBusiness Card', NULL, 'published', '2024-12-31 21:12:41', '2024-12-31 21:12:41'),
(13, 'Printed Business Card', NULL, 'published', '2024-12-31 21:12:41', '2024-12-31 21:12:41'),
(14, 'NFC Card\nNFC Card', NULL, 'published', '2024-12-31 21:12:41', '2024-12-31 21:12:41'),
(15, 'Smart Card', NULL, 'published', '2024-12-31 21:12:42', '2024-12-31 21:12:42'),
(16, 'Digital Business Card\nBrochure', NULL, 'published', '2024-12-31 21:12:42', '2024-12-31 21:12:42'),
(17, 'Custom Brochure', NULL, 'published', '2024-12-31 21:12:42', '2024-12-31 21:12:42'),
(18, 'Business Brochure\nFlyer', NULL, 'published', '2024-12-31 21:12:42', '2024-12-31 21:12:42'),
(19, 'Marketing Flyer', NULL, 'published', '2024-12-31 21:12:42', '2024-12-31 21:12:42'),
(20, 'Custom Flyer\nSticker', NULL, 'published', '2024-12-31 21:12:42', '2024-12-31 21:12:42'),
(21, 'Label', NULL, 'published', '2024-12-31 21:12:42', '2024-12-31 21:12:42'),
(22, 'Custom Sticker\nSignboard', NULL, 'published', '2024-12-31 21:12:42', '2024-12-31 21:12:42'),
(23, 'Business Signboard', NULL, 'published', '2024-12-31 21:12:42', '2024-12-31 21:12:42'),
(24, 'Event Signboard\nInvitation Card', NULL, 'published', '2024-12-31 21:12:42', '2024-12-31 21:12:42'),
(25, 'Wedding Invitation', NULL, 'published', '2024-12-31 21:12:42', '2024-12-31 21:12:42'),
(26, 'Event Invitation\nLetterhead Pad', NULL, 'published', '2024-12-31 21:12:42', '2024-12-31 21:12:42'),
(27, 'Custom Letterhead', NULL, 'published', '2024-12-31 21:12:42', '2024-12-31 21:12:42'),
(28, 'Office Letterhead\nCash Memo', NULL, 'published', '2024-12-31 21:12:42', '2024-12-31 21:12:42'),
(29, 'Printed Cash Memo', NULL, 'published', '2024-12-31 21:12:42', '2024-12-31 21:12:42'),
(30, 'Invoice Printing\nNotebook', NULL, 'published', '2024-12-31 21:12:42', '2024-12-31 21:12:42'),
(31, 'Custom Notebook', NULL, 'published', '2024-12-31 21:12:42', '2024-12-31 21:12:42'),
(32, 'Office Notebook\nDiary', NULL, 'published', '2024-12-31 21:12:42', '2024-12-31 21:12:42'),
(33, 'Personalized Diary', NULL, 'published', '2024-12-31 21:12:42', '2024-12-31 21:12:42'),
(34, 'Custom Printed Diary\nT-Shirt Print', NULL, 'published', '2024-12-31 21:12:42', '2024-12-31 21:12:42'),
(35, 'Custom T-Shirt', NULL, 'published', '2024-12-31 21:12:42', '2024-12-31 21:12:42'),
(36, 'Promotional T-Shirt\nMug Print', NULL, 'published', '2024-12-31 21:12:42', '2024-12-31 21:12:42'),
(37, 'Custom Mug', NULL, 'published', '2024-12-31 21:12:42', '2024-12-31 21:12:42'),
(38, 'Personalized Mug\nPen Print', NULL, 'published', '2024-12-31 21:12:42', '2024-12-31 21:12:42'),
(39, 'Custom Pen', NULL, 'published', '2024-12-31 21:12:42', '2024-12-31 21:12:42'),
(40, 'Logo Pen\nKeyring Print', NULL, 'published', '2024-12-31 21:12:42', '2024-12-31 21:12:42'),
(41, 'Custom Keyring', NULL, 'published', '2024-12-31 21:12:42', '2024-12-31 21:12:42'),
(42, 'Branded Keyring\nShopping Bag', NULL, 'published', '2024-12-31 21:12:42', '2024-12-31 21:12:42'),
(43, 'Custom Bag', NULL, 'published', '2024-12-31 21:12:43', '2024-12-31 21:12:43'),
(44, 'Printed Shopping Bag\nCalendar', NULL, 'published', '2024-12-31 21:12:43', '2024-12-31 21:12:43'),
(45, 'Wall Calendar', NULL, 'published', '2024-12-31 21:12:43', '2024-12-31 21:12:43'),
(46, 'Table Calendar\nPhoto Frame', NULL, 'published', '2024-12-31 21:12:43', '2024-12-31 21:12:43'),
(47, 'Custom Photo Frame', NULL, 'published', '2024-12-31 21:12:43', '2024-12-31 21:12:43'),
(48, 'Personalized Photo Frame\nCertificate Printing', NULL, 'published', '2024-12-31 21:12:43', '2024-12-31 21:12:43'),
(49, 'Award Certificate', NULL, 'published', '2024-12-31 21:12:43', '2024-12-31 21:12:43'),
(50, 'Custom Certificates\nMenu Card', NULL, 'published', '2024-12-31 21:12:43', '2024-12-31 21:12:43'),
(51, 'Restaurant Menu', NULL, 'published', '2024-12-31 21:12:43', '2024-12-31 21:12:43'),
(52, 'Custom Menu Printing\nReceipt Book', NULL, 'published', '2024-12-31 21:12:43', '2024-12-31 21:12:43'),
(53, 'Carbonless Receipt', NULL, 'published', '2024-12-31 21:12:43', '2024-12-31 21:12:43'),
(54, 'Custom Receipt\nGift Box', NULL, 'published', '2024-12-31 21:12:43', '2024-12-31 21:12:43'),
(55, 'Custom Packaging', NULL, 'published', '2024-12-31 21:12:43', '2024-12-31 21:12:43'),
(56, 'Printed Gift Box\nEnvelopes', NULL, 'published', '2024-12-31 21:12:43', '2024-12-31 21:12:43'),
(57, 'Printed Envelopes', NULL, 'published', '2024-12-31 21:12:43', '2024-12-31 21:12:43'),
(58, 'Custom Office Envelopes\nID Card', NULL, 'published', '2024-12-31 21:12:43', '2024-12-31 21:12:43'),
(59, 'Employee ID Card', NULL, 'published', '2024-12-31 21:12:43', '2024-12-31 21:12:43'),
(60, 'Plastic ID Card\nRibbon Print', NULL, 'published', '2024-12-31 21:12:43', '2024-12-31 21:12:43'),
(61, 'Custom Ribbon', NULL, 'published', '2024-12-31 21:12:43', '2024-12-31 21:12:43'),
(62, 'ID Card Ribbon\nTag Print', NULL, 'published', '2024-12-31 21:12:43', '2024-12-31 21:12:43'),
(63, 'Price Tag', NULL, 'published', '2024-12-31 21:12:43', '2024-12-31 21:12:43'),
(64, 'Custom Product Tag\nRoll-Up Banner', NULL, 'published', '2024-12-31 21:12:43', '2024-12-31 21:12:43'),
(65, 'Pull-Up Banner', NULL, 'published', '2024-12-31 21:12:43', '2024-12-31 21:12:43'),
(66, 'Portable Display Banner\nVinyl Print', NULL, 'published', '2024-12-31 21:12:43', '2024-12-31 21:12:43'),
(67, 'Outdoor Vinyl', NULL, 'published', '2024-12-31 21:12:43', '2024-12-31 21:12:43'),
(68, 'Custom Vinyl Printing\nFlex Print', NULL, 'published', '2024-12-31 21:12:43', '2024-12-31 21:12:43'),
(69, 'Advertising Flex', NULL, 'published', '2024-12-31 21:12:43', '2024-12-31 21:12:43'),
(70, 'Large Format Printing\nAcrylic Sign', NULL, 'published', '2024-12-31 21:12:43', '2024-12-31 21:12:43'),
(71, 'Custom Acrylic', NULL, 'published', '2024-12-31 21:12:43', '2024-12-31 21:12:43'),
(72, 'Business Acrylic Sign\nWedding Card', NULL, 'published', '2024-12-31 21:12:44', '2024-12-31 21:12:44'),
(73, 'Custom Wedding Card', NULL, 'published', '2024-12-31 21:12:44', '2024-12-31 21:12:44'),
(74, 'Bangladeshi Wedding Invitations\nEvent Ticket', NULL, 'published', '2024-12-31 21:12:44', '2024-12-31 21:12:44'),
(75, 'Custom Event Ticket', NULL, 'published', '2024-12-31 21:12:44', '2024-12-31 21:12:44'),
(76, 'Printed Entry Tickets\nGift Items', NULL, 'published', '2024-12-31 21:12:44', '2024-12-31 21:12:44'),
(77, 'Corporate Gifts', NULL, 'published', '2024-12-31 21:12:44', '2024-12-31 21:12:44'),
(78, 'Promotional Gift Printing\nDesk Calendar', NULL, 'published', '2024-12-31 21:12:44', '2024-12-31 21:12:44'),
(79, 'Custom Desk Calendar', NULL, 'published', '2024-12-31 21:12:44', '2024-12-31 21:12:44'),
(80, 'Bangladeshi Calendar Printing\nWall Clock Print', NULL, 'published', '2024-12-31 21:12:44', '2024-12-31 21:12:44'),
(81, 'Custom Clock', NULL, 'published', '2024-12-31 21:12:44', '2024-12-31 21:12:44'),
(82, 'Personalized Clocks\nPhoto Album', NULL, 'published', '2024-12-31 21:12:44', '2024-12-31 21:12:44'),
(83, 'Wedding Album', NULL, 'published', '2024-12-31 21:12:44', '2024-12-31 21:12:44'),
(84, 'Custom Photo Printing\nGlass Print', NULL, 'published', '2024-12-31 21:12:44', '2024-12-31 21:12:44'),
(85, 'Personalized Glass', NULL, 'published', '2024-12-31 21:12:44', '2024-12-31 21:12:44'),
(86, 'Custom Glassware\nMouse Pad Print', NULL, 'published', '2024-12-31 21:12:44', '2024-12-31 21:12:44'),
(87, 'Custom Mouse Pad', NULL, 'published', '2024-12-31 21:12:44', '2024-12-31 21:12:44'),
(88, 'Printed Mouse Pads\nDoor Hanger', NULL, 'published', '2024-12-31 21:12:44', '2024-12-31 21:12:44'),
(89, 'Custom Door Hanger', NULL, 'published', '2024-12-31 21:12:44', '2024-12-31 21:12:44'),
(90, 'Advertising Door Signs\nPlacemats', NULL, 'published', '2024-12-31 21:12:44', '2024-12-31 21:12:44'),
(91, 'Printed Placemats', NULL, 'published', '2024-12-31 21:12:44', '2024-12-31 21:12:44'),
(92, 'Custom Table Mats\nBookmarks', NULL, 'published', '2024-12-31 21:12:44', '2024-12-31 21:12:44'),
(93, 'Custom Bookmarks', NULL, 'published', '2024-12-31 21:12:44', '2024-12-31 21:12:44'),
(94, 'Personalized Bookmarks\nPackaging Box', NULL, 'published', '2024-12-31 21:12:44', '2024-12-31 21:12:44'),
(95, 'Branded Boxes\nCar Stickers', NULL, 'published', '2024-12-31 21:12:44', '2024-12-31 21:12:44'),
(96, 'Vehicle Branding', NULL, 'published', '2024-12-31 21:12:44', '2024-12-31 21:12:44'),
(97, 'Custom Car Decals\nPaper Bag', NULL, 'published', '2024-12-31 21:12:44', '2024-12-31 21:12:44'),
(98, 'Custom Paper Bag', NULL, 'published', '2024-12-31 21:12:44', '2024-12-31 21:12:44'),
(99, 'Printed Packaging Bag\nBottle Print', NULL, 'published', '2024-12-31 21:12:44', '2024-12-31 21:12:44'),
(100, 'Custom Bottle', NULL, 'published', '2024-12-31 21:12:44', '2024-12-31 21:12:44'),
(101, 'Personalized Water Bottles\nPostcards', NULL, 'published', '2024-12-31 21:12:44', '2024-12-31 21:12:44'),
(102, 'Custom Postcards', NULL, 'published', '2024-12-31 21:12:44', '2024-12-31 21:12:44'),
(103, 'Business Postcards\nCoasters', NULL, 'published', '2024-12-31 21:12:44', '2024-12-31 21:12:44'),
(104, 'Custom Coasters', NULL, 'published', '2024-12-31 21:12:44', '2024-12-31 21:12:44'),
(105, 'Branded Drink Coasters\nMagnet Print', NULL, 'published', '2024-12-31 21:12:44', '2024-12-31 21:12:44'),
(106, 'Custom Magnets', NULL, 'published', '2024-12-31 21:12:44', '2024-12-31 21:12:44'),
(107, 'Fridge Magnets\nButton Badge', NULL, 'published', '2024-12-31 21:12:44', '2024-12-31 21:12:44'),
(108, 'Custom Badge', NULL, 'published', '2024-12-31 21:12:45', '2024-12-31 21:12:45'),
(109, 'Logo Badges\nLED Signboard', NULL, 'published', '2024-12-31 21:12:45', '2024-12-31 21:12:45'),
(110, 'Custom LED Sign', NULL, 'published', '2024-12-31 21:12:45', '2024-12-31 21:12:45'),
(111, 'Digital Signage\nHoarding Print', NULL, 'published', '2024-12-31 21:12:45', '2024-12-31 21:12:45'),
(112, 'Outdoor Hoarding', NULL, 'published', '2024-12-31 21:12:45', '2024-12-31 21:12:45'),
(113, 'Advertising Boards\nTent Card', NULL, 'published', '2024-12-31 21:12:45', '2024-12-31 21:12:45'),
(114, 'Table Tent', NULL, 'published', '2024-12-31 21:12:45', '2024-12-31 21:12:45'),
(115, 'Custom Event Tent Card\nWall Sticker', NULL, 'published', '2024-12-31 21:12:45', '2024-12-31 21:12:45'),
(116, 'Home Wall Sticker', NULL, 'published', '2024-12-31 21:12:45', '2024-12-31 21:12:45'),
(117, 'Custom Wall Decals\nID Card Holder', NULL, 'published', '2024-12-31 21:12:45', '2024-12-31 21:12:45'),
(118, 'Custom Card Holder', NULL, 'published', '2024-12-31 21:12:45', '2024-12-31 21:12:45'),
(119, 'Branded Card Accessories\nPaper Cup', NULL, 'published', '2024-12-31 21:12:45', '2024-12-31 21:12:45'),
(120, 'Printed Paper Cup', NULL, 'published', '2024-12-31 21:12:45', '2024-12-31 21:12:45'),
(121, 'Custom Coffee Cup\nApron Print', NULL, 'published', '2024-12-31 21:12:45', '2024-12-31 21:12:45'),
(122, 'Custom Apron', NULL, 'published', '2024-12-31 21:12:45', '2024-12-31 21:12:45'),
(123, 'Promotional Aprons\nDoor Plate', NULL, 'published', '2024-12-31 21:12:45', '2024-12-31 21:12:45'),
(124, 'Custom Door Plate', NULL, 'published', '2024-12-31 21:12:45', '2024-12-31 21:12:45'),
(125, 'Office Door Signs\nPVC Card', NULL, 'published', '2024-12-31 21:12:45', '2024-12-31 21:12:45'),
(126, 'Custom PVC Card', NULL, 'published', '2024-12-31 21:12:45', '2024-12-31 21:12:45'),
(127, 'Membership Card\nLanyard Print', NULL, 'published', '2024-12-31 21:12:45', '2024-12-31 21:12:45'),
(128, 'Custom Lanyard', NULL, 'published', '2024-12-31 21:12:45', '2024-12-31 21:12:45'),
(129, 'ID Card Accessories\nPassport Cover Print', NULL, 'published', '2024-12-31 21:12:45', '2024-12-31 21:12:45'),
(130, 'Custom Passport Cover', NULL, 'published', '2024-12-31 21:12:45', '2024-12-31 21:12:45'),
(131, 'Branded Accessories\nGreeting Card', NULL, 'published', '2024-12-31 21:12:45', '2024-12-31 21:12:45'),
(132, 'Custom Greeting Card', NULL, 'published', '2024-12-31 21:12:45', '2024-12-31 21:12:45'),
(133, 'Festival Cards\nVisiting Card', NULL, 'published', '2024-12-31 21:12:45', '2024-12-31 21:12:45'),
(134, 'Custom Visiting Card', NULL, 'published', '2024-12-31 21:12:45', '2024-12-31 21:12:45'),
(135, 'Professional Cards\nPoster Frame', NULL, 'published', '2024-12-31 21:12:45', '2024-12-31 21:12:45'),
(136, 'Custom Poster Frame', NULL, 'published', '2024-12-31 21:12:45', '2024-12-31 21:12:45'),
(137, 'Wall Art Frames\nFile Folder Print', NULL, 'published', '2024-12-31 21:12:45', '2024-12-31 21:12:45'),
(138, 'Custom File Folder', NULL, 'published', '2024-12-31 21:12:45', '2024-12-31 21:12:45'),
(139, 'Office Folders\nBusiness Bag', NULL, 'published', '2024-12-31 21:12:45', '2024-12-31 21:12:45'),
(140, 'Branded Office Bags\nGift Voucher', NULL, 'published', '2024-12-31 21:12:45', '2024-12-31 21:12:45'),
(141, 'Custom Voucher', NULL, 'published', '2024-12-31 21:12:45', '2024-12-31 21:12:45'),
(142, 'Printed Coupons\nEvent Backdrop', NULL, 'published', '2024-12-31 21:12:45', '2024-12-31 21:12:45'),
(143, 'Custom Backdrop', NULL, 'published', '2024-12-31 21:12:45', '2024-12-31 21:12:45'),
(144, 'Printed Event Banner\nTrade Show Banner', NULL, 'published', '2024-12-31 21:12:45', '2024-12-31 21:12:45'),
(145, 'Exhibition Display', NULL, 'published', '2024-12-31 21:12:45', '2024-12-31 21:12:45'),
(146, 'Custom Trade Show Signs\nWedding Album', NULL, 'published', '2024-12-31 21:12:45', '2024-12-31 21:12:45'),
(147, 'Personalized Album', NULL, 'published', '2024-12-31 21:12:45', '2024-12-31 21:12:45'),
(148, 'Photo Album Printing\nPhoto Mug', NULL, 'published', '2024-12-31 21:12:46', '2024-12-31 21:12:46'),
(149, 'Printed Mug', NULL, 'published', '2024-12-31 21:12:46', '2024-12-31 21:12:46'),
(150, 'Custom Gift Mugs\nID Badge', NULL, 'published', '2024-12-31 21:12:46', '2024-12-31 21:12:46'),
(151, 'Employee Badge', NULL, 'published', '2024-12-31 21:12:46', '2024-12-31 21:12:46'),
(152, 'Custom Name Badge\nPortfolio Print', NULL, 'published', '2024-12-31 21:12:46', '2024-12-31 21:12:46'),
(153, 'Custom Portfolio', NULL, 'published', '2024-12-31 21:12:46', '2024-12-31 21:12:46'),
(154, 'Creative Printing\nCanvas Print', NULL, 'published', '2024-12-31 21:12:46', '2024-12-31 21:12:46'),
(155, 'Custom Canvas', NULL, 'published', '2024-12-31 21:12:46', '2024-12-31 21:12:46'),
(156, 'Art Printing\nBackdrop Stand', NULL, 'published', '2024-12-31 21:12:46', '2024-12-31 21:12:46'),
(157, 'Event Stand', NULL, 'published', '2024-12-31 21:12:46', '2024-12-31 21:12:46'),
(158, 'Portable Display Stand\nPop-Up Display', NULL, 'published', '2024-12-31 21:12:46', '2024-12-31 21:12:46'),
(159, 'Exhibition Stand', NULL, 'published', '2024-12-31 21:12:46', '2024-12-31 21:12:46'),
(160, 'Advertising Display\nSnap Frame', NULL, 'published', '2024-12-31 21:12:46', '2024-12-31 21:12:46'),
(161, 'Custom Snap Frame', NULL, 'published', '2024-12-31 21:12:46', '2024-12-31 21:12:46'),
(162, 'Poster Display Frame\nBusiness Envelope', NULL, 'published', '2024-12-31 21:12:46', '2024-12-31 21:12:46'),
(163, 'Custom Envelope', NULL, 'published', '2024-12-31 21:12:46', '2024-12-31 21:12:46'),
(164, 'Professional Envelopes\nTable Mats', NULL, 'published', '2024-12-31 21:12:46', '2024-12-31 21:12:46'),
(165, 'Custom Table Mats', NULL, 'published', '2024-12-31 21:12:46', '2024-12-31 21:12:46'),
(166, 'Branded Accessories\nVinyl Sticker', NULL, 'published', '2024-12-31 21:12:46', '2024-12-31 21:12:46'),
(167, 'Custom Vinyl', NULL, 'published', '2024-12-31 21:12:46', '2024-12-31 21:12:46'),
(168, 'Promotional Stickers\nPaperweight', NULL, 'published', '2024-12-31 21:12:46', '2024-12-31 21:12:46'),
(169, 'Custom Paperweight', NULL, 'published', '2024-12-31 21:12:46', '2024-12-31 21:12:46'),
(170, 'Office Accessories\nEvent Branding', NULL, 'published', '2024-12-31 21:12:46', '2024-12-31 21:12:46'),
(171, 'Custom Event Items', NULL, 'published', '2024-12-31 21:12:46', '2024-12-31 21:12:46'),
(172, 'Promotional Products\nCorporate Stationery', NULL, 'published', '2024-12-31 21:12:46', '2024-12-31 21:12:46'),
(173, 'Custom Stationery', NULL, 'published', '2024-12-31 21:12:46', '2024-12-31 21:12:46'),
(174, 'Office Branding\nBanner Stand', NULL, 'published', '2024-12-31 21:12:46', '2024-12-31 21:12:46'),
(175, 'Portable Banner Stand', NULL, 'published', '2024-12-31 21:12:46', '2024-12-31 21:12:46'),
(176, 'Roll-Up Banner', NULL, 'published', '2024-12-31 21:12:46', '2024-12-31 21:12:46'),
(177, 'Digital BannerPoster', NULL, 'published', '2024-12-31 21:13:25', '2024-12-31 21:13:25'),
(178, 'Event PosterBusiness Card', NULL, 'published', '2024-12-31 21:13:25', '2024-12-31 21:13:25'),
(179, 'NFC CardNFC Card', NULL, 'published', '2024-12-31 21:13:25', '2024-12-31 21:13:25'),
(180, 'Digital Business CardBrochure', NULL, 'published', '2024-12-31 21:13:25', '2024-12-31 21:13:25'),
(181, 'Business BrochureFlyer', NULL, 'published', '2024-12-31 21:13:25', '2024-12-31 21:13:25'),
(182, 'Custom FlyerSticker', NULL, 'published', '2024-12-31 21:13:25', '2024-12-31 21:13:25'),
(183, 'Custom StickerSignboard', NULL, 'published', '2024-12-31 21:13:25', '2024-12-31 21:13:25'),
(184, 'Event SignboardInvitation Card', NULL, 'published', '2024-12-31 21:13:25', '2024-12-31 21:13:25'),
(185, 'Event InvitationLetterhead Pad', NULL, 'published', '2024-12-31 21:13:25', '2024-12-31 21:13:25'),
(186, 'Office LetterheadCash Memo', NULL, 'published', '2024-12-31 21:13:25', '2024-12-31 21:13:25'),
(187, 'Invoice PrintingNotebook', NULL, 'published', '2024-12-31 21:13:25', '2024-12-31 21:13:25'),
(188, 'Office NotebookDiary', NULL, 'published', '2024-12-31 21:13:25', '2024-12-31 21:13:25'),
(189, 'Custom Printed DiaryT-Shirt Print', NULL, 'published', '2024-12-31 21:13:26', '2024-12-31 21:13:26'),
(190, 'Promotional T-ShirtMug Print', NULL, 'published', '2024-12-31 21:13:26', '2024-12-31 21:13:26'),
(191, 'Personalized MugPen Print', NULL, 'published', '2024-12-31 21:13:26', '2024-12-31 21:13:26'),
(192, 'Logo PenKeyring Print', NULL, 'published', '2024-12-31 21:13:26', '2024-12-31 21:13:26'),
(193, 'Branded KeyringShopping Bag', NULL, 'published', '2024-12-31 21:13:26', '2024-12-31 21:13:26'),
(194, 'Printed Shopping BagCalendar', NULL, 'published', '2024-12-31 21:13:26', '2024-12-31 21:13:26'),
(195, 'Table CalendarPhoto Frame', NULL, 'published', '2024-12-31 21:13:26', '2024-12-31 21:13:26'),
(196, 'Personalized Photo FrameCertificate Printing', NULL, 'published', '2024-12-31 21:13:26', '2024-12-31 21:13:26'),
(197, 'Custom CertificatesMenu Card', NULL, 'published', '2024-12-31 21:13:26', '2024-12-31 21:13:26'),
(198, 'Custom Menu PrintingReceipt Book', NULL, 'published', '2024-12-31 21:13:26', '2024-12-31 21:13:26'),
(199, 'Custom ReceiptGift Box', NULL, 'published', '2024-12-31 21:13:26', '2024-12-31 21:13:26'),
(200, 'Printed Gift BoxEnvelopes', NULL, 'published', '2024-12-31 21:13:26', '2024-12-31 21:13:26'),
(201, 'Custom Office EnvelopesID Card', NULL, 'published', '2024-12-31 21:13:26', '2024-12-31 21:13:26'),
(202, 'Plastic ID CardRibbon Print', NULL, 'published', '2024-12-31 21:13:26', '2024-12-31 21:13:26'),
(203, 'ID Card RibbonTag Print', NULL, 'published', '2024-12-31 21:13:26', '2024-12-31 21:13:26'),
(204, 'Custom Product TagRoll-Up Banner', NULL, 'published', '2024-12-31 21:13:26', '2024-12-31 21:13:26'),
(205, 'Portable Display BannerVinyl Print', NULL, 'published', '2024-12-31 21:13:26', '2024-12-31 21:13:26'),
(206, 'Custom Vinyl PrintingFlex Print', NULL, 'published', '2024-12-31 21:13:26', '2024-12-31 21:13:26'),
(207, 'Large Format PrintingAcrylic Sign', NULL, 'published', '2024-12-31 21:13:26', '2024-12-31 21:13:26'),
(208, 'Business Acrylic SignWedding Card', NULL, 'published', '2024-12-31 21:13:26', '2024-12-31 21:13:26'),
(209, 'Bangladeshi Wedding InvitationsEvent Ticket', NULL, 'published', '2024-12-31 21:13:26', '2024-12-31 21:13:26'),
(210, 'Printed Entry TicketsGift Items', NULL, 'published', '2024-12-31 21:13:26', '2024-12-31 21:13:26'),
(211, 'Promotional Gift PrintingDesk Calendar', NULL, 'published', '2024-12-31 21:13:26', '2024-12-31 21:13:26'),
(212, 'Bangladeshi Calendar PrintingWall Clock Print', NULL, 'published', '2024-12-31 21:13:26', '2024-12-31 21:13:26'),
(213, 'Personalized ClocksPhoto Album', NULL, 'published', '2024-12-31 21:13:26', '2024-12-31 21:13:26'),
(214, 'Custom Photo PrintingGlass Print', NULL, 'published', '2024-12-31 21:13:26', '2024-12-31 21:13:26'),
(215, 'Custom GlasswareMouse Pad Print', NULL, 'published', '2024-12-31 21:13:26', '2024-12-31 21:13:26'),
(216, 'Printed Mouse PadsDoor Hanger', NULL, 'published', '2024-12-31 21:13:26', '2024-12-31 21:13:26'),
(217, 'Advertising Door SignsPlacemats', NULL, 'published', '2024-12-31 21:13:26', '2024-12-31 21:13:26'),
(218, 'Custom Table MatsBookmarks', NULL, 'published', '2024-12-31 21:13:26', '2024-12-31 21:13:26'),
(219, 'Personalized BookmarksPackaging Box', NULL, 'published', '2024-12-31 21:13:27', '2024-12-31 21:13:27'),
(220, 'Branded BoxesCar Stickers', NULL, 'published', '2024-12-31 21:13:27', '2024-12-31 21:13:27'),
(221, 'Custom Car DecalsPaper Bag', NULL, 'published', '2024-12-31 21:13:27', '2024-12-31 21:13:27'),
(222, 'Printed Packaging BagBottle Print', NULL, 'published', '2024-12-31 21:13:27', '2024-12-31 21:13:27'),
(223, 'Personalized Water BottlesPostcards', NULL, 'published', '2024-12-31 21:13:27', '2024-12-31 21:13:27'),
(224, 'Business PostcardsCoasters', NULL, 'published', '2024-12-31 21:13:27', '2024-12-31 21:13:27'),
(225, 'Branded Drink CoastersMagnet Print', NULL, 'published', '2024-12-31 21:13:27', '2024-12-31 21:13:27'),
(226, 'Fridge MagnetsButton Badge', NULL, 'published', '2024-12-31 21:13:27', '2024-12-31 21:13:27'),
(227, 'Logo BadgesLED Signboard', NULL, 'published', '2024-12-31 21:13:27', '2024-12-31 21:13:27'),
(228, 'Digital SignageHoarding Print', NULL, 'published', '2024-12-31 21:13:27', '2024-12-31 21:13:27'),
(229, 'Advertising BoardsTent Card', NULL, 'published', '2024-12-31 21:13:27', '2024-12-31 21:13:27'),
(230, 'Custom Event Tent CardWall Sticker', NULL, 'published', '2024-12-31 21:13:27', '2024-12-31 21:13:27'),
(231, 'Custom Wall DecalsID Card Holder', NULL, 'published', '2024-12-31 21:13:27', '2024-12-31 21:13:27'),
(232, 'Branded Card AccessoriesPaper Cup', NULL, 'published', '2024-12-31 21:13:27', '2024-12-31 21:13:27'),
(233, 'Custom Coffee CupApron Print', NULL, 'published', '2024-12-31 21:13:27', '2024-12-31 21:13:27'),
(234, 'Promotional ApronsDoor Plate', NULL, 'published', '2024-12-31 21:13:27', '2024-12-31 21:13:27'),
(235, 'Office Door SignsPVC Card', NULL, 'published', '2024-12-31 21:13:27', '2024-12-31 21:13:27'),
(236, 'Membership CardLanyard Print', NULL, 'published', '2024-12-31 21:13:27', '2024-12-31 21:13:27'),
(237, 'ID Card AccessoriesPassport Cover Print', NULL, 'published', '2024-12-31 21:13:27', '2024-12-31 21:13:27'),
(238, 'Branded AccessoriesGreeting Card', NULL, 'published', '2024-12-31 21:13:27', '2024-12-31 21:13:27'),
(239, 'Festival CardsVisiting Card', NULL, 'published', '2024-12-31 21:13:27', '2024-12-31 21:13:27'),
(240, 'Professional CardsPoster Frame', NULL, 'published', '2024-12-31 21:13:27', '2024-12-31 21:13:27'),
(241, 'Wall Art FramesFile Folder Print', NULL, 'published', '2024-12-31 21:13:27', '2024-12-31 21:13:27'),
(242, 'Office FoldersBusiness Bag', NULL, 'published', '2024-12-31 21:13:27', '2024-12-31 21:13:27'),
(243, 'Branded Office BagsGift Voucher', NULL, 'published', '2024-12-31 21:13:27', '2024-12-31 21:13:27'),
(244, 'Printed CouponsEvent Backdrop', NULL, 'published', '2024-12-31 21:13:27', '2024-12-31 21:13:27'),
(245, 'Printed Event BannerTrade Show Banner', NULL, 'published', '2024-12-31 21:13:27', '2024-12-31 21:13:27'),
(246, 'Custom Trade Show SignsWedding Album', NULL, 'published', '2024-12-31 21:13:27', '2024-12-31 21:13:27'),
(247, 'Photo Album PrintingPhoto Mug', NULL, 'published', '2024-12-31 21:13:27', '2024-12-31 21:13:27'),
(248, 'Custom Gift MugsID Badge', NULL, 'published', '2024-12-31 21:13:27', '2024-12-31 21:13:27'),
(249, 'Custom Name BadgePortfolio Print', NULL, 'published', '2024-12-31 21:13:27', '2024-12-31 21:13:27'),
(250, 'Creative PrintingCanvas Print', NULL, 'published', '2024-12-31 21:13:27', '2024-12-31 21:13:27'),
(251, 'Art PrintingBackdrop Stand', NULL, 'published', '2024-12-31 21:13:28', '2024-12-31 21:13:28'),
(252, 'Portable Display StandPop-Up Display', NULL, 'published', '2024-12-31 21:13:28', '2024-12-31 21:13:28'),
(253, 'Advertising DisplaySnap Frame', NULL, 'published', '2024-12-31 21:13:28', '2024-12-31 21:13:28'),
(254, 'Poster Display FrameBusiness Envelope', NULL, 'published', '2024-12-31 21:13:28', '2024-12-31 21:13:28'),
(255, 'Professional EnvelopesTable Mats', NULL, 'published', '2024-12-31 21:13:28', '2024-12-31 21:13:28'),
(256, 'Branded AccessoriesVinyl Sticker', NULL, 'published', '2024-12-31 21:13:28', '2024-12-31 21:13:28'),
(257, 'Promotional StickersPaperweight', NULL, 'published', '2024-12-31 21:13:28', '2024-12-31 21:13:28'),
(258, 'Office AccessoriesEvent Branding', NULL, 'published', '2024-12-31 21:13:28', '2024-12-31 21:13:28'),
(259, 'Promotional ProductsCorporate Stationery', NULL, 'published', '2024-12-31 21:13:28', '2024-12-31 21:13:28'),
(260, 'Office BrandingBanner Stand', NULL, 'published', '2024-12-31 21:13:28', '2024-12-31 21:13:28'),
(261, 'glossy business cards', NULL, 'published', '2025-01-11 05:57:07', '2025-01-11 05:57:07'),
(262, 'business cards', NULL, 'published', '2025-01-11 05:57:07', '2025-01-11 05:57:07'),
(263, 'business card', NULL, 'published', '2025-01-11 05:57:07', '2025-01-11 05:57:07'),
(264, 'glossy business card', NULL, 'published', '2025-01-11 05:57:07', '2025-01-11 05:57:07'),
(265, 'custom business cards', NULL, 'published', '2025-01-11 05:57:07', '2025-01-11 05:57:07'),
(266, 'glossy business cards vs matte', NULL, 'published', '2025-01-11 05:57:07', '2025-01-11 05:57:07'),
(267, 'gloss vs matte business cards', NULL, 'published', '2025-01-11 05:57:07', '2025-01-11 05:57:07'),
(268, 'unique business cards', NULL, 'published', '2025-01-11 05:57:07', '2025-01-11 05:57:07'),
(269, 'glossy business card paper', NULL, 'published', '2025-01-11 05:57:07', '2025-01-11 05:57:07'),
(270, 'matte business card vs glossy', NULL, 'published', '2025-01-11 05:57:07', '2025-01-11 05:57:07'),
(271, 'business', NULL, 'published', '2025-01-11 05:57:07', '2025-01-11 05:57:07'),
(272, '16 pt glossy business cards', NULL, 'published', '2025-01-11 05:57:07', '2025-01-11 05:57:07'),
(273, 'ultra glossy business cards', NULL, 'published', '2025-01-11 05:57:07', '2025-01-11 05:57:07'),
(274, 'high gloss business cards', NULL, 'published', '2025-01-11 05:57:07', '2025-01-11 05:57:07'),
(275, 'glossy uv coated business cards', NULL, 'published', '2025-01-11 05:57:07', '2025-01-11 05:57:07'),
(276, 'glossy premium business card', NULL, 'published', '2025-01-11 05:57:07', '2025-01-11 05:57:07'),
(277, 'glossy laminated business card', NULL, 'published', '2025-01-11 05:57:07', '2025-01-11 05:57:07'),
(278, 'glossy', NULL, 'published', '2025-01-11 05:57:07', '2025-01-11 05:57:07'),
(279, 'uv business cards', NULL, 'published', '2025-01-11 05:57:07', '2025-01-11 05:57:07'),
(280, 'business card design', NULL, 'published', '2025-01-11 06:13:25', '2025-01-11 06:13:25'),
(281, '3d lenticular business cards', NULL, 'published', '2025-01-11 06:13:25', '2025-01-11 06:13:25'),
(282, 'business credit cards', NULL, 'published', '2025-01-11 06:13:25', '2025-01-11 06:13:25'),
(283, 'classic business card', NULL, 'published', '2025-01-11 06:13:25', '2025-01-11 06:13:25'),
(284, 'classic business card holder', NULL, 'published', '2025-01-11 06:13:25', '2025-01-11 06:13:25'),
(285, 'business card design in photoshop', NULL, 'published', '2025-01-11 06:13:25', '2025-01-11 06:13:25'),
(286, 'lenticular business cards', NULL, 'published', '2025-01-11 06:13:25', '2025-01-11 06:13:25'),
(287, 'capital one spark business credit card', NULL, 'published', '2025-01-11 06:13:25', '2025-01-11 06:13:25'),
(288, 'business credit card', NULL, 'published', '2025-01-11 06:13:25', '2025-01-11 06:13:25'),
(289, 'mens business cards', NULL, 'published', '2025-01-11 06:13:25', '2025-01-11 06:13:25'),
(290, 'busines cards', NULL, 'published', '2025-01-11 06:13:25', '2025-01-11 06:13:25'),
(291, 'digital business card', NULL, 'published', '2025-01-11 06:13:25', '2025-01-11 06:13:25'),
(292, 'virtual business card', NULL, 'published', '2025-01-11 06:13:25', '2025-01-11 06:13:25'),
(293, 'nfc business cards iphone', NULL, 'published', '2025-01-11 06:13:25', '2025-01-11 06:13:25'),
(294, 'matte business cards', NULL, 'published', '2025-01-11 06:13:25', '2025-01-11 06:13:25'),
(295, 'wholesale business cards', NULL, 'published', '2025-01-11 06:20:52', '2025-01-11 06:20:52'),
(296, 'business cards for wholesalers', NULL, 'published', '2025-01-11 06:20:52', '2025-01-11 06:20:52'),
(297, 'business credit cards from wholesale clubs', NULL, 'published', '2025-01-11 06:20:52', '2025-01-11 06:20:52'),
(298, 'wholesale club business credit cards compared', NULL, 'published', '2025-01-11 06:20:52', '2025-01-11 06:20:52'),
(299, 'my wholesale business card', NULL, 'published', '2025-01-11 06:20:52', '2025-01-11 06:20:52'),
(300, 'wholesale business ideas', NULL, 'published', '2025-01-11 06:20:52', '2025-01-11 06:20:52'),
(301, 'how to start a wholesale business', NULL, 'published', '2025-01-11 06:20:52', '2025-01-11 06:20:52'),
(302, 'small business wholesale suppliers', NULL, 'published', '2025-01-11 06:20:52', '2025-01-11 06:20:52'),
(303, 'real estate business cards', NULL, 'published', '2025-01-11 06:20:52', '2025-01-11 06:20:52'),
(304, 'sellers business cards', NULL, 'published', '2025-01-11 06:20:52', '2025-01-11 06:20:52'),
(305, 'foldover business cards', NULL, 'published', '2025-01-11 06:20:52', '2025-01-11 06:20:52'),
(306, 'business cards for real estate', NULL, 'published', '2025-01-11 06:20:52', '2025-01-11 06:20:52'),
(307, 'metal business cards', NULL, 'published', '2025-01-11 06:20:52', '2025-01-11 06:20:52'),
(308, 'paper business cards', NULL, 'published', '2025-01-11 06:20:52', '2025-01-11 06:20:52'),
(309, 'plastic business cards', NULL, 'published', '2025-01-11 06:22:41', '2025-01-11 06:22:41'),
(310, 'how to design business card', NULL, 'published', '2025-01-11 06:22:41', '2025-01-11 06:22:41'),
(311, 'free business cards', NULL, 'published', '2025-01-11 06:22:41', '2025-01-11 06:22:41'),
(312, 'vista business cards', NULL, 'published', '2025-01-11 06:22:41', '2025-01-11 06:22:41'),
(313, 'business cards online', NULL, 'published', '2025-01-11 06:22:41', '2025-01-11 06:22:41'),
(314, 'new business credit cards', NULL, 'published', '2025-01-11 06:22:41', '2025-01-11 06:22:41'),
(315, 'wells fargo business cards', NULL, 'published', '2025-01-11 06:22:41', '2025-01-11 06:22:41'),
(316, 'vistaprint business cards', NULL, 'published', '2025-01-11 06:22:41', '2025-01-11 06:22:41'),
(317, 'business card designs', NULL, 'published', '2025-01-11 06:22:41', '2025-01-11 06:22:41'),
(318, 'business card design in illustrator', NULL, 'published', '2025-01-11 06:22:41', '2025-01-11 06:22:41'),
(319, 'business card tutorial', NULL, 'published', '2025-01-11 06:22:41', '2025-01-11 06:22:41'),
(320, 'business card design tutorial', NULL, 'published', '2025-01-11 06:22:41', '2025-01-11 06:22:41'),
(321, 'professional business card design', NULL, 'published', '2025-01-11 06:22:41', '2025-01-11 06:22:41'),
(322, 'how to get free packs', NULL, 'published', '2025-01-11 06:22:41', '2025-01-11 06:22:41'),
(323, 'business card tutorial illustrator', NULL, 'published', '2025-01-11 06:22:41', '2025-01-11 06:22:41'),
(324, 'setup business cards', NULL, 'published', '2025-01-11 06:30:40', '2025-01-11 06:30:40'),
(325, 'cheap business cards', NULL, 'published', '2025-01-11 06:30:40', '2025-01-11 06:30:40'),
(326, 'classic business', NULL, 'published', '2025-01-11 06:30:40', '2025-01-11 06:30:40'),
(327, 'business card templates', NULL, 'published', '2025-01-11 06:30:40', '2025-01-11 06:30:40'),
(328, 'u business cards', NULL, 'published', '2025-01-11 06:30:40', '2025-01-11 06:30:40'),
(329, 'business cards at home', NULL, 'published', '2025-01-11 06:30:40', '2025-01-11 06:30:40'),
(330, 'cut business cards', NULL, 'published', '2025-01-11 06:30:40', '2025-01-11 06:30:40'),
(331, '500 business cards', NULL, 'published', '2025-01-11 06:30:40', '2025-01-11 06:30:40'),
(332, 'luxe business cards', NULL, 'published', '2025-01-11 06:30:40', '2025-01-11 06:30:40'),
(333, 'cool business cards', NULL, 'published', '2025-01-11 06:30:40', '2025-01-11 06:30:40'),
(334, 'best business cards', NULL, 'published', '2025-01-11 06:30:40', '2025-01-11 06:30:40'),
(335, 'order business cards', NULL, 'published', '2025-01-11 06:30:40', '2025-01-11 06:30:40'),
(336, 'notebooks', NULL, 'published', '2025-01-15 21:57:48', '2025-01-15 21:57:48'),
(337, 'custom notebooks', NULL, 'published', '2025-01-15 21:57:48', '2025-01-15 21:57:48'),
(338, 'printed notebooks', NULL, 'published', '2025-01-15 21:57:48', '2025-01-15 21:57:48'),
(339, 'personalized notebooks', NULL, 'published', '2025-01-15 21:57:48', '2025-01-15 21:57:48'),
(340, 'unique notebooks', NULL, 'published', '2025-01-15 21:57:48', '2025-01-15 21:57:48'),
(341, 'design notebooks', NULL, 'published', '2025-01-15 21:57:48', '2025-01-15 21:57:48'),
(342, 'creative notebooks', NULL, 'published', '2025-01-15 21:57:48', '2025-01-15 21:57:48'),
(343, 'custom journals', NULL, 'published', '2025-01-15 21:57:48', '2025-01-15 21:57:48'),
(344, 'notebook printing', NULL, 'published', '2025-01-15 21:57:48', '2025-01-15 21:57:48'),
(345, 'premium notebooks.', NULL, 'published', '2025-01-15 21:57:48', '2025-01-15 21:57:48'),
(346, 'NFC card', NULL, 'published', '2025-01-15 22:05:45', '2025-01-15 22:05:45'),
(347, 'NFC business card', NULL, 'published', '2025-01-15 22:05:45', '2025-01-15 22:05:45'),
(348, 'contactless card', NULL, 'published', '2025-01-15 22:05:45', '2025-01-15 22:05:45'),
(349, 'custom NFC card', NULL, 'published', '2025-01-15 22:05:45', '2025-01-15 22:05:45'),
(350, 'NFC technology', NULL, 'published', '2025-01-15 22:05:45', '2025-01-15 22:05:45'),
(351, 'NFC-enabled', NULL, 'published', '2025-01-15 22:05:45', '2025-01-15 22:05:45'),
(352, 'NFC tag', NULL, 'published', '2025-01-15 22:05:45', '2025-01-15 22:05:45'),
(353, 'personalized NFC card', NULL, 'published', '2025-01-15 22:05:45', '2025-01-15 22:05:45'),
(354, 'laser engraving', NULL, 'published', '2025-01-15 22:13:34', '2025-01-15 22:13:34'),
(355, 'custom engraving', NULL, 'published', '2025-01-15 22:13:34', '2025-01-15 22:13:34'),
(356, 'engraving service', NULL, 'published', '2025-01-15 22:13:34', '2025-01-15 22:13:34'),
(357, 'personalized engraving', NULL, 'published', '2025-01-15 22:13:34', '2025-01-15 22:13:34'),
(358, 'laser etching', NULL, 'published', '2025-01-15 22:13:34', '2025-01-15 22:13:34'),
(359, 'custom laser etching', NULL, 'published', '2025-01-15 22:13:34', '2025-01-15 22:13:34'),
(360, 'laser engraving designs', NULL, 'published', '2025-01-15 22:13:34', '2025-01-15 22:13:34'),
(361, 'precision engraving', NULL, 'published', '2025-01-15 22:13:34', '2025-01-15 22:13:34'),
(362, 'engraved gifts', NULL, 'published', '2025-01-15 22:13:34', '2025-01-15 22:13:34'),
(363, 'laser engraving technology.', NULL, 'published', '2025-01-15 22:13:34', '2025-01-15 22:13:34'),
(364, 'key ring', NULL, 'published', '2025-01-15 22:20:37', '2025-01-15 22:20:37'),
(365, 'acrylic key ring', NULL, 'published', '2025-01-15 22:20:37', '2025-01-15 22:20:37'),
(366, 'custom key ring', NULL, 'published', '2025-01-15 22:20:37', '2025-01-15 22:20:37'),
(367, 'personalized key ring', NULL, 'published', '2025-01-15 22:20:37', '2025-01-15 22:20:37'),
(368, 'key ring design', NULL, 'published', '2025-01-15 22:20:37', '2025-01-15 22:20:37'),
(369, 'acrylic key chain', NULL, 'published', '2025-01-15 22:20:37', '2025-01-15 22:20:37'),
(370, 'custom acrylic design', NULL, 'published', '2025-01-15 22:20:37', '2025-01-15 22:20:37'),
(371, 'engraved key ring', NULL, 'published', '2025-01-15 22:20:37', '2025-01-15 22:20:37'),
(372, 'lightweight key ring', NULL, 'published', '2025-01-15 22:20:37', '2025-01-15 22:20:37'),
(373, 'unique key ring', NULL, 'published', '2025-01-15 22:20:37', '2025-01-15 22:20:37'),
(374, 'creative acrylic key ring', NULL, 'published', '2025-01-15 22:20:37', '2025-01-15 22:20:37'),
(375, 'key', NULL, 'published', '2025-01-15 22:20:37', '2025-01-15 22:20:37'),
(376, 'custom catalogs', NULL, 'published', '2025-01-15 22:28:46', '2025-01-15 22:28:46'),
(377, 'catalog printing', NULL, 'published', '2025-01-15 22:28:46', '2025-01-15 22:28:46'),
(378, 'personalized catalog', NULL, 'published', '2025-01-15 22:28:46', '2025-01-15 22:28:46'),
(379, 'product showcase', NULL, 'published', '2025-01-15 22:28:46', '2025-01-15 22:28:46'),
(380, 'professional catalog', NULL, 'published', '2025-01-15 22:28:46', '2025-01-15 22:28:46'),
(381, 'business catalog', NULL, 'published', '2025-01-15 22:28:46', '2025-01-15 22:28:46'),
(382, 'creative catalog design', NULL, 'published', '2025-01-15 22:28:46', '2025-01-15 22:28:46'),
(383, 'promotional catalog', NULL, 'published', '2025-01-15 22:28:46', '2025-01-15 22:28:46'),
(384, 'premium catalog', NULL, 'published', '2025-01-15 22:28:46', '2025-01-15 22:28:46'),
(385, 'custom catalog printing.', NULL, 'published', '2025-01-15 22:28:46', '2025-01-15 22:28:46'),
(386, 'flyer printing', NULL, 'published', '2025-01-15 22:32:41', '2025-01-15 22:32:41'),
(387, 'custom flyers', NULL, 'published', '2025-01-15 22:32:41', '2025-01-15 22:32:41'),
(388, 'promotional flyers', NULL, 'published', '2025-01-15 22:32:41', '2025-01-15 22:32:41'),
(389, 'event flyers', NULL, 'published', '2025-01-15 22:32:41', '2025-01-15 22:32:41'),
(390, 'business flyers', NULL, 'published', '2025-01-15 22:32:41', '2025-01-15 22:32:41'),
(391, 'printed flyers', NULL, 'published', '2025-01-15 22:32:41', '2025-01-15 22:32:41'),
(392, 'high-quality flyers', NULL, 'published', '2025-01-15 22:32:41', '2025-01-15 22:32:41'),
(393, 'advertising flyers', NULL, 'published', '2025-01-15 22:32:41', '2025-01-15 22:32:41'),
(394, 'professional flyer printing', NULL, 'published', '2025-01-15 22:32:41', '2025-01-15 22:32:41'),
(395, 'creative flyer design', NULL, 'published', '2025-01-15 22:32:42', '2025-01-15 22:32:42'),
(396, 'X banner', NULL, 'published', '2025-01-15 22:38:29', '2025-01-15 22:38:29'),
(397, 'advertising banner', NULL, 'published', '2025-01-15 22:38:29', '2025-01-15 22:38:29'),
(398, 'custom X banner', NULL, 'published', '2025-01-15 22:38:29', '2025-01-15 22:38:29'),
(399, 'portable banner', NULL, 'published', '2025-01-15 22:38:29', '2025-01-15 22:38:29'),
(400, 'promotional banner', NULL, 'published', '2025-01-15 22:38:29', '2025-01-15 22:38:29'),
(401, 'trade show banner', NULL, 'published', '2025-01-15 22:38:29', '2025-01-15 22:38:29'),
(402, 'exhibition banner', NULL, 'published', '2025-01-15 22:38:29', '2025-01-15 22:38:29'),
(403, 'indoor banner', NULL, 'published', '2025-01-15 22:38:29', '2025-01-15 22:38:29'),
(404, 'outdoor advertising', NULL, 'published', '2025-01-15 22:38:29', '2025-01-15 22:38:29'),
(405, 'printed banner', NULL, 'published', '2025-01-15 22:38:29', '2025-01-15 22:38:29'),
(406, 'polyester PVC', NULL, 'published', '2025-01-15 22:41:34', '2025-01-15 22:41:34'),
(407, 'PVC printing', NULL, 'published', '2025-01-15 22:41:34', '2025-01-15 22:41:34'),
(408, 'promotional banners', NULL, 'published', '2025-01-15 22:41:34', '2025-01-15 22:41:34'),
(409, 'outdoor banner', NULL, 'published', '2025-01-15 22:41:34', '2025-01-15 22:41:34'),
(410, 'durable banners', NULL, 'published', '2025-01-15 22:41:34', '2025-01-15 22:41:34'),
(411, 'banner media', NULL, 'published', '2025-01-15 22:41:34', '2025-01-15 22:41:34'),
(412, 'custom advertising', NULL, 'published', '2025-01-15 22:41:34', '2025-01-15 22:41:34'),
(413, 'wooden perpetual calendar', NULL, 'published', '2025-01-15 22:45:25', '2025-01-15 22:45:25'),
(414, 'custom calendar', NULL, 'published', '2025-01-15 22:45:25', '2025-01-15 22:45:25'),
(415, 'engraved calendar', NULL, 'published', '2025-01-15 22:45:25', '2025-01-15 22:45:25'),
(416, 'promotional calendar', NULL, 'published', '2025-01-15 22:45:25', '2025-01-15 22:45:25'),
(417, 'wooden desk accessory', NULL, 'published', '2025-01-15 22:45:25', '2025-01-15 22:45:25'),
(418, 'laser engraved gifts', NULL, 'published', '2025-01-15 22:45:25', '2025-01-15 22:45:25'),
(419, 'personalized calendar', NULL, 'published', '2025-01-15 22:45:25', '2025-01-15 22:45:25'),
(420, 'office promotions', NULL, 'published', '2025-01-15 22:45:25', '2025-01-15 22:45:25'),
(421, 'ID card', NULL, 'published', '2025-01-15 22:53:12', '2025-01-15 22:53:12'),
(422, 'custom ID card', NULL, 'published', '2025-01-15 22:53:12', '2025-01-15 22:53:12'),
(423, 'personalized ID', NULL, 'published', '2025-01-15 22:53:12', '2025-01-15 22:53:12'),
(424, 'employee ID', NULL, 'published', '2025-01-15 22:53:12', '2025-01-15 22:53:12'),
(425, 'business ID', NULL, 'published', '2025-01-15 22:53:12', '2025-01-15 22:53:12'),
(426, 'staff ID card', NULL, 'published', '2025-01-15 22:53:12', '2025-01-15 22:53:12'),
(427, 'membership card', NULL, 'published', '2025-01-15 22:53:12', '2025-01-15 22:53:12'),
(428, 'event ID', NULL, 'published', '2025-01-15 22:53:12', '2025-01-15 22:53:12'),
(429, 'printed ID card', NULL, 'published', '2025-01-15 22:53:12', '2025-01-15 22:53:12'),
(430, 'access card', NULL, 'published', '2025-01-15 22:53:12', '2025-01-15 22:53:12'),
(431, 'Tri-Fold Brochure', NULL, 'published', '2025-01-16 16:50:58', '2025-01-16 16:50:58'),
(432, 'Brochure Printing', NULL, 'published', '2025-01-16 16:50:58', '2025-01-16 16:50:58'),
(433, 'Custom Brochures', NULL, 'published', '2025-01-16 16:50:58', '2025-01-16 16:50:58'),
(434, 'Marketing Brochure', NULL, 'published', '2025-01-16 16:50:58', '2025-01-16 16:50:58'),
(435, 'Business Brochure', NULL, 'published', '2025-01-16 16:50:58', '2025-01-16 16:50:58'),
(436, 'Event Brochure', NULL, 'published', '2025-01-16 16:50:58', '2025-01-16 16:50:58'),
(437, 'High-Quality Printing', NULL, 'published', '2025-01-16 16:50:58', '2025-01-16 16:50:58'),
(438, 'Professional Brochure', NULL, 'published', '2025-01-16 16:50:58', '2025-01-16 16:50:58'),
(439, 'Promotional Brochure', NULL, 'published', '2025-01-16 16:50:58', '2025-01-16 16:50:58'),
(440, 'Custom Printing Services', NULL, 'published', '2025-01-16 16:50:58', '2025-01-16 16:50:58'),
(441, 'Full-Color Brochures', NULL, 'published', '2025-01-16 16:50:58', '2025-01-16 16:50:58'),
(442, 'Affordable Brochure Printing', NULL, 'published', '2025-01-16 16:50:58', '2025-01-16 16:50:58'),
(443, 'Premium Brochure Design', NULL, 'published', '2025-01-16 16:50:58', '2025-01-16 16:50:58'),
(444, 'Mug Printing', NULL, 'published', '2025-01-17 16:59:51', '2025-01-17 16:59:51'),
(445, 'Custom Mugs', NULL, 'published', '2025-01-17 16:59:51', '2025-01-17 16:59:51'),
(446, 'Personalized Mugs', NULL, 'published', '2025-01-17 16:59:51', '2025-01-17 16:59:51'),
(447, 'Photo Mugs', NULL, 'published', '2025-01-17 16:59:51', '2025-01-17 16:59:51'),
(448, 'Logo Mugs', NULL, 'published', '2025-01-17 16:59:51', '2025-01-17 16:59:51'),
(449, 'Promotional Mugs', NULL, 'published', '2025-01-17 16:59:51', '2025-01-17 16:59:51'),
(450, 'Gift Mugs', NULL, 'published', '2025-01-17 16:59:51', '2025-01-17 16:59:51'),
(451, 'Custom Gifts', NULL, 'published', '2025-01-17 16:59:51', '2025-01-17 16:59:51'),
(452, 'Coffee Mugs', NULL, 'published', '2025-01-17 16:59:51', '2025-01-17 16:59:51'),
(453, 'Printed Mugs', NULL, 'published', '2025-01-17 16:59:51', '2025-01-17 16:59:51'),
(454, 'Full-Color Mugs', NULL, 'published', '2025-01-17 16:59:51', '2025-01-17 16:59:51'),
(455, 'Unique Mug Designs', NULL, 'published', '2025-01-17 16:59:51', '2025-01-17 16:59:51'),
(456, 'T-shirt', NULL, 'published', '2025-01-17 17:23:45', '2025-01-17 17:23:45'),
(457, 'T-shirt Printing', NULL, 'published', '2025-01-17 17:23:45', '2025-01-17 17:23:45'),
(458, 'DTF T-shirt', NULL, 'published', '2025-01-17 17:23:45', '2025-01-17 17:23:45'),
(459, 'Cotton T-shirt', NULL, 'published', '2025-01-17 17:23:45', '2025-01-17 17:23:45'),
(460, 'Comfortable T-shirt', NULL, 'published', '2025-01-17 17:23:45', '2025-01-17 17:23:45'),
(461, 'Soft Fabric T-shirt', NULL, 'published', '2025-01-17 17:23:45', '2025-01-17 17:23:45'),
(462, 'Personalized T-shirt', NULL, 'published', '2025-01-17 17:23:45', '2025-01-17 17:23:45'),
(463, 'Logo T-shirt', NULL, 'published', '2025-01-17 17:23:45', '2025-01-17 17:23:45'),
(464, 'High-Quality T-shirt', NULL, 'published', '2025-01-17 17:23:45', '2025-01-17 17:23:45'),
(465, 'Stylish T-shirt', NULL, 'published', '2025-01-17 17:23:45', '2025-01-17 17:23:45'),
(466, 'Custom Design T-shirt', NULL, 'published', '2025-01-17 17:23:45', '2025-01-17 17:23:45'),
(467, 'Promotional T-shirt', NULL, 'published', '2025-01-17 17:23:45', '2025-01-17 17:23:45'),
(468, 'Ribbon', NULL, 'published', '2025-01-17 19:09:10', '2025-01-17 19:09:10'),
(469, 'ID Card Ribbon', NULL, 'published', '2025-01-17 19:09:10', '2025-01-17 19:09:10'),
(470, 'Lanyard Ribbon', NULL, 'published', '2025-01-17 19:09:10', '2025-01-17 19:09:10'),
(471, 'ID Ribbon', NULL, 'published', '2025-01-17 19:09:10', '2025-01-17 19:09:10'),
(472, 'Printed Ribbon', NULL, 'published', '2025-01-17 19:09:10', '2025-01-17 19:09:10'),
(473, 'Personalized Ribbon', NULL, 'published', '2025-01-17 19:09:10', '2025-01-17 19:09:10'),
(474, 'Office Ribbon', NULL, 'published', '2025-01-17 19:09:10', '2025-01-17 19:09:10'),
(475, 'Event Ribbon', NULL, 'published', '2025-01-17 19:09:10', '2025-01-17 19:09:10'),
(476, 'School Ribbon', NULL, 'published', '2025-01-17 19:09:10', '2025-01-17 19:09:10'),
(477, 'High-Quality Ribbon', NULL, 'published', '2025-01-17 19:09:10', '2025-01-17 19:09:10'),
(478, 'Card Holder', NULL, 'published', '2025-01-17 19:20:15', '2025-01-17 19:20:15'),
(479, 'ID Card Holder', NULL, 'published', '2025-01-17 19:20:15', '2025-01-17 19:20:15'),
(480, 'Aluminum Card Holder', NULL, 'published', '2025-01-17 19:20:15', '2025-01-17 19:20:15'),
(481, 'Student Card Holder', NULL, 'published', '2025-01-17 19:20:15', '2025-01-17 19:20:15'),
(482, 'Official Card Holder', NULL, 'published', '2025-01-17 19:20:15', '2025-01-17 19:20:15'),
(483, 'Durable Card Holder', NULL, 'published', '2025-01-17 19:20:15', '2025-01-17 19:20:15'),
(484, 'Professional Card Holder', NULL, 'published', '2025-01-17 19:20:15', '2025-01-17 19:20:15'),
(485, 'Personalized Card Holder', NULL, 'published', '2025-01-17 19:20:15', '2025-01-17 19:20:15'),
(486, 'Golden Card Holder', NULL, 'published', '2025-01-17 19:20:15', '2025-01-17 19:20:15'),
(487, 'Blue Card Holder', NULL, 'published', '2025-01-17 19:20:15', '2025-01-17 19:20:15'),
(488, 'Silver Card Holder', NULL, 'published', '2025-01-17 19:20:15', '2025-01-17 19:20:15'),
(489, 'Red Card Holder', NULL, 'published', '2025-01-17 19:20:15', '2025-01-17 19:20:15'),
(490, 'Black Card Holder', NULL, 'published', '2025-01-17 19:20:15', '2025-01-17 19:20:15'),
(491, 'Photo Frame', NULL, 'published', '2025-01-17 19:50:18', '2025-01-17 19:50:18'),
(492, 'Personalized Photo Frame', NULL, 'published', '2025-01-17 19:50:18', '2025-01-17 19:50:18'),
(493, 'Picture Frame', NULL, 'published', '2025-01-17 19:50:18', '2025-01-17 19:50:18'),
(494, 'Custom Image Frame', NULL, 'published', '2025-01-17 19:50:18', '2025-01-17 19:50:18'),
(495, 'Decorative Frame', NULL, 'published', '2025-01-17 19:50:18', '2025-01-17 19:50:18'),
(496, 'Home Decor', NULL, 'published', '2025-01-17 19:50:18', '2025-01-17 19:50:18'),
(497, 'Custom Frame', NULL, 'published', '2025-01-17 19:50:18', '2025-01-17 19:50:18'),
(498, 'Colored Photo Frame', NULL, 'published', '2025-01-17 19:50:18', '2025-01-17 19:50:18'),
(499, 'Gift Frame', NULL, 'published', '2025-01-17 19:50:18', '2025-01-17 19:50:18'),
(500, 'Stylish Photo Frame', NULL, 'published', '2025-01-17 19:50:18', '2025-01-17 19:50:18'),
(501, 'Photo Display', NULL, 'published', '2025-01-17 19:50:18', '2025-01-17 19:50:18');

-- --------------------------------------------------------

--
-- Table structure for table `ec_product_tags_translations`
--

CREATE TABLE `ec_product_tags_translations` (
  `lang_code` varchar(191) NOT NULL,
  `ec_product_tags_id` bigint(20) UNSIGNED NOT NULL,
  `name` varchar(191) DEFAULT NULL
) ENGINE=InnoDB DEFAULT CHARSET=utf8mb4 COLLATE=utf8mb4_unicode_ci;

-- --------------------------------------------------------

--
-- Table structure for table `ec_product_tag_product`
--

CREATE TABLE `ec_product_tag_product` (
  `product_id` bigint(20) UNSIGNED NOT NULL,
  `tag_id` bigint(20) UNSIGNED NOT NULL
) ENGINE=InnoDB DEFAULT CHARSET=utf8mb4 COLLATE=utf8mb4_unicode_ci;

--
-- Dumping data for table `ec_product_tag_product`
--

INSERT INTO `ec_product_tag_product` (`product_id`, `tag_id`) VALUES
(1, 2),
(1, 4),
(2, 2),
(2, 3),
(2, 5),
(3, 1),
(3, 2),
(4, 1),
(4, 6),
(5, 1),
(5, 2),
(5, 4),
(6, 3),
(6, 5),
(6, 6),
(7, 1),
(7, 2),
(7, 3),
(8, 1),
(8, 2),
(9, 2),
(9, 4),
(9, 6),
(10, 3),
(10, 4),
(11, 2),
(11, 4),
(11, 6),
(12, 2),
(12, 3),
(12, 5),
(13, 4),
(13, 5),
(14, 2),
(14, 3),
(15, 2),
(15, 3),
(15, 4),
(16, 1),
(16, 3),
(16, 5),
(17, 1),
(17, 2),
(18, 2),
(18, 3),
(18, 4),
(19, 2),
(19, 3),
(20, 2),
(20, 4),
(20, 6),
(21, 2),
(21, 3),
(21, 6),
(22, 1),
(22, 3),
(22, 5),
(23, 3),
(23, 4),
(23, 6),
(24, 2),
(24, 5),
(25, 5),
(26, 2),
(26, 4),
(27, 1),
(27, 3),
(27, 4),
(28, 1),
(28, 4),
(28, 6),
(29, 1),
(29, 2),
(29, 6),
(30, 3),
(30, 4),
(31, 4),
(31, 5),
(31, 6),
(32, 1),
(32, 5),
(33, 1),
(33, 2),
(33, 3),
(34, 1),
(34, 2),
(34, 6),
(35, 1),
(35, 2),
(35, 3),
(36, 2),
(36, 5),
(36, 6),
(37, 1),
(37, 3),
(37, 5),
(38, 2),
(38, 4),
(38, 5),
(39, 2),
(39, 3),
(39, 6),
(40, 1),
(40, 5),
(40, 6),
(41, 2),
(41, 4),
(42, 1),
(42, 3),
(42, 6),
(43, 1),
(43, 3),
(43, 4),
(44, 3),
(44, 4),
(44, 6),
(45, 1),
(45, 6),
(46, 1),
(46, 4),
(46, 6),
(47, 1),
(47, 3),
(48, 3),
(48, 5),
(49, 1),
(49, 2),
(49, 6),
(50, 3),
(50, 4),
(50, 6),
(51, 1),
(51, 4),
(51, 6),
(52, 3),
(52, 6),
(53, 4),
(53, 5),
(53, 6),
(54, 5),
(54, 6),
(55, 1),
(55, 2),
(55, 3),
(56, 1),
(56, 2),
(56, 6),
(57, 2),
(57, 4),
(58, 2),
(58, 3),
(59, 1),
(59, 2),
(60, 1),
(60, 4),
(60, 6),
(61, 2),
(61, 4),
(62, 1),
(62, 2),
(63, 3),
(63, 5),
(63, 6),
(64, 1),
(64, 5),
(65, 2),
(65, 4),
(65, 6),
(230, 421),
(230, 422),
(230, 423),
(230, 424),
(230, 425),
(230, 426),
(230, 427),
(230, 428),
(230, 429),
(230, 430),
(232, 261),
(232, 262),
(232, 263),
(232, 264),
(232, 265),
(232, 266),
(232, 267),
(232, 268),
(232, 269),
(232, 270),
(232, 271),
(232, 272),
(232, 273),
(232, 274),
(232, 275),
(232, 276),
(232, 277),
(232, 278),
(232, 279),
(233, 261),
(233, 262),
(233, 263),
(233, 264),
(233, 265),
(233, 266),
(233, 267),
(233, 268),
(233, 269),
(233, 270),
(233, 271),
(233, 272),
(233, 273),
(233, 274),
(233, 275),
(233, 276),
(233, 277),
(233, 278),
(233, 279),
(234, 261),
(234, 262),
(234, 263),
(234, 264),
(234, 265),
(234, 266),
(234, 267),
(234, 268),
(234, 269),
(234, 270),
(234, 271),
(234, 272),
(234, 273),
(234, 274),
(234, 275),
(234, 276),
(234, 277),
(234, 278),
(234, 279),
(235, 261),
(235, 262),
(235, 263),
(235, 268),
(235, 271),
(235, 280),
(235, 281),
(235, 282),
(235, 283),
(235, 284),
(235, 285),
(235, 286),
(235, 287),
(235, 288),
(235, 289),
(235, 290),
(235, 291),
(235, 292),
(235, 293),
(235, 294),
(236, 261),
(236, 262),
(236, 263),
(236, 268),
(236, 271),
(236, 280),
(236, 281),
(236, 282),
(236, 283),
(236, 284),
(236, 285),
(236, 286),
(236, 287),
(236, 288),
(236, 289),
(236, 290),
(236, 291),
(236, 292),
(236, 293),
(236, 294),
(237, 261),
(237, 262),
(237, 263),
(237, 268),
(237, 271),
(237, 280),
(237, 281),
(237, 282),
(237, 283),
(237, 284),
(237, 285),
(237, 286),
(237, 287),
(237, 288),
(237, 289),
(237, 290),
(237, 291),
(237, 292),
(237, 293),
(237, 294),
(238, 262),
(238, 271),
(238, 280),
(238, 295),
(238, 296),
(238, 297),
(238, 298),
(238, 299),
(238, 300),
(238, 301),
(238, 302),
(238, 303),
(238, 304),
(238, 305),
(238, 306),
(238, 307),
(238, 308),
(239, 262),
(239, 263),
(239, 280),
(239, 309),
(239, 310),
(239, 311),
(239, 312),
(239, 313),
(239, 314),
(239, 315),
(239, 316),
(239, 317),
(239, 318),
(239, 319),
(239, 320),
(239, 321),
(239, 322),
(239, 323),
(240, 261),
(240, 262),
(240, 263),
(240, 266),
(240, 267),
(240, 271),
(240, 294),
(240, 309),
(240, 311),
(240, 312),
(240, 324),
(240, 325),
(240, 326),
(240, 327),
(240, 328),
(240, 329),
(240, 330),
(240, 331),
(240, 332),
(240, 333),
(240, 334),
(240, 335),
(241, 261),
(241, 262),
(241, 263),
(241, 266),
(241, 267),
(241, 271),
(241, 294),
(241, 309),
(241, 311),
(241, 312),
(241, 324),
(241, 325),
(241, 326),
(241, 327),
(241, 328),
(241, 329),
(241, 330),
(241, 331),
(241, 332),
(241, 333),
(241, 334),
(241, 335),
(242, 77),
(242, 354),
(242, 413),
(242, 414),
(242, 415),
(242, 416),
(242, 417),
(242, 418),
(242, 419),
(242, 420),
(243, 9),
(243, 397),
(243, 403),
(243, 406),
(243, 407),
(243, 408),
(243, 409),
(243, 410),
(243, 411),
(243, 412),
(244, 396),
(244, 397),
(244, 398),
(244, 399),
(244, 400),
(244, 401),
(244, 402),
(244, 403),
(244, 404),
(244, 405),
(245, 386),
(245, 387),
(245, 388),
(245, 389),
(245, 390),
(245, 391),
(245, 392),
(245, 393),
(245, 394),
(245, 395),
(246, 376),
(246, 377),
(246, 378),
(246, 379),
(246, 380),
(246, 381),
(246, 382),
(246, 383),
(246, 384),
(246, 385),
(247, 41),
(247, 364),
(247, 365),
(247, 366),
(247, 367),
(247, 368),
(247, 369),
(247, 370),
(247, 371),
(247, 372),
(247, 373),
(247, 374),
(247, 375),
(248, 354),
(248, 355),
(248, 356),
(248, 357),
(248, 358),
(248, 359),
(248, 360),
(248, 361),
(248, 362),
(248, 363),
(249, 15),
(249, 291),
(249, 346),
(249, 347),
(249, 348),
(249, 349),
(249, 350),
(249, 351),
(249, 352),
(249, 353),
(250, 336),
(250, 337),
(250, 338),
(250, 339),
(250, 340),
(250, 341),
(250, 342),
(250, 343),
(250, 344),
(250, 345),
(253, 431),
(253, 432),
(253, 433),
(253, 434),
(253, 435),
(253, 436),
(253, 437),
(253, 438),
(253, 439),
(253, 440),
(253, 441),
(253, 442),
(253, 443),
(254, 437),
(254, 444),
(254, 445),
(254, 446),
(254, 447),
(254, 448),
(254, 449),
(254, 450),
(254, 451),
(254, 452),
(254, 453),
(254, 454),
(254, 455),
(255, 35),
(255, 456),
(255, 457),
(255, 458),
(255, 459),
(255, 460),
(255, 461),
(255, 462),
(255, 463),
(255, 464),
(255, 465),
(255, 466),
(255, 467),
(256, 61),
(256, 468),
(256, 469),
(256, 470),
(256, 471),
(256, 472),
(256, 473),
(256, 474),
(256, 475),
(256, 476),
(256, 477),
(257, 478),
(257, 479),
(257, 480),
(257, 481),
(257, 482),
(257, 483),
(257, 484),
(257, 485),
(257, 486),
(257, 487),
(257, 488),
(257, 489),
(257, 490),
(258, 47),
(258, 491),
(258, 492),
(258, 493),
(258, 494),
(258, 495),
(258, 496),
(258, 497),
(258, 498),
(258, 499),
(258, 500),
(258, 501);

-- --------------------------------------------------------

--
-- Table structure for table `ec_product_up_sale_relations`
--

CREATE TABLE `ec_product_up_sale_relations` (
  `from_product_id` bigint(20) UNSIGNED NOT NULL,
  `to_product_id` bigint(20) UNSIGNED NOT NULL
) ENGINE=InnoDB DEFAULT CHARSET=utf8mb4 COLLATE=utf8mb4_unicode_ci;

-- --------------------------------------------------------

--
-- Table structure for table `ec_product_variations`
--

CREATE TABLE `ec_product_variations` (
  `id` bigint(20) UNSIGNED NOT NULL,
  `product_id` bigint(20) UNSIGNED DEFAULT NULL,
  `configurable_product_id` bigint(20) UNSIGNED NOT NULL,
  `is_default` tinyint(4) NOT NULL DEFAULT 0
) ENGINE=InnoDB DEFAULT CHARSET=utf8mb4 COLLATE=utf8mb4_unicode_ci;

--
-- Dumping data for table `ec_product_variations`
--

INSERT INTO `ec_product_variations` (`id`, `product_id`, `configurable_product_id`, `is_default`) VALUES
(1, 66, 1, 1),
(2, 67, 1, 0),
(3, 68, 1, 0),
(4, 69, 2, 1),
(37, 102, 16, 1),
(38, 103, 16, 0),
(39, 104, 16, 0),
(40, 105, 17, 1),
(41, 106, 17, 0),
(42, 107, 18, 1),
(43, 108, 18, 0),
(44, 109, 18, 0),
(45, 110, 19, 1),
(46, 111, 19, 0),
(47, 112, 19, 0),
(48, 113, 20, 1),
(49, 114, 21, 1),
(50, 115, 21, 0),
(51, 116, 21, 0),
(52, 117, 22, 1),
(53, 118, 22, 0),
(54, 119, 23, 1),
(55, 120, 23, 0),
(56, 121, 23, 0),
(57, 122, 23, 0),
(58, 123, 24, 1),
(59, 124, 24, 0),
(60, 125, 24, 0),
(61, 126, 24, 0),
(62, 127, 25, 1),
(63, 128, 25, 0),
(65, 130, 26, 1),
(67, 132, 27, 1),
(68, 133, 28, 1),
(69, 134, 29, 1),
(70, 135, 30, 1),
(73, 138, 31, 1),
(74, 139, 32, 1),
(78, 143, 33, 1),
(79, 144, 34, 1),
(80, 145, 34, 0),
(81, 146, 35, 1),
(82, 147, 35, 0),
(83, 148, 36, 1),
(84, 149, 36, 0),
(85, 150, 36, 0),
(86, 151, 37, 1),
(87, 152, 37, 0),
(88, 153, 37, 0),
(89, 154, 37, 0),
(90, 155, 37, 0),
(92, 157, 38, 1),
(100, 165, 40, 1),
(109, 174, 43, 1),
(113, 178, 44, 1),
(115, 180, 45, 1),
(116, 181, 46, 1),
(117, 182, 46, 0),
(121, 186, 47, 1),
(122, 187, 48, 1),
(123, 188, 48, 0),
(124, 189, 49, 1),
(127, 192, 50, 1),
(128, 193, 50, 0),
(129, 194, 51, 1),
(130, 195, 51, 0),
(131, 196, 51, 0),
(132, 197, 52, 1),
(133, 198, 52, 0),
(134, 199, 53, 1),
(135, 200, 53, 0),
(136, 201, 54, 1),
(137, 202, 54, 0),
(138, 203, 54, 0),
(139, 204, 55, 1),
(140, 205, 56, 1),
(141, 206, 56, 0),
(142, 207, 57, 1),
(143, 208, 57, 0),
(146, 211, 58, 1),
(147, 212, 58, 0),
(148, 213, 59, 1),
(150, 215, 59, 0),
(153, 218, 60, 0),
(155, 220, 61, 1),
(156, 221, 62, 1),
(157, 222, 63, 1),
(158, 223, 63, 0),
(159, 224, 64, 1),
(163, 228, 65, 1),
(164, 229, 65, 0),
(166, 251, 245, 1),
(167, 252, 246, 1);

-- --------------------------------------------------------

--
-- Table structure for table `ec_product_variation_items`
--

CREATE TABLE `ec_product_variation_items` (
  `id` bigint(20) UNSIGNED NOT NULL,
  `attribute_id` bigint(20) UNSIGNED NOT NULL,
  `variation_id` bigint(20) UNSIGNED NOT NULL
) ENGINE=InnoDB DEFAULT CHARSET=utf8mb4 COLLATE=utf8mb4_unicode_ci;

--
-- Dumping data for table `ec_product_variation_items`
--

INSERT INTO `ec_product_variation_items` (`id`, `attribute_id`, `variation_id`) VALUES
(5, 1, 3),
(7, 1, 4),
(75, 1, 38),
(77, 1, 39),
(91, 1, 46),
(103, 1, 52),
(105, 1, 53),
(107, 1, 54),
(73, 2, 37),
(85, 2, 43),
(99, 2, 50),
(3, 3, 2),
(79, 3, 40),
(83, 3, 42),
(87, 3, 44),
(89, 3, 45),
(93, 3, 47),
(95, 3, 48),
(109, 4, 55),
(1, 5, 1),
(81, 5, 41),
(97, 5, 49),
(101, 5, 51),
(111, 5, 56),
(113, 5, 57),
(78, 6, 39),
(84, 6, 42),
(92, 6, 46),
(104, 6, 52),
(110, 6, 55),
(112, 6, 56),
(114, 6, 57),
(331, 6, 166),
(332, 6, 166),
(333, 6, 167),
(334, 6, 167),
(100, 7, 50),
(106, 7, 53),
(2, 8, 1),
(6, 8, 3),
(94, 8, 47),
(96, 8, 48),
(4, 9, 2),
(74, 9, 37),
(80, 9, 40),
(82, 9, 41),
(90, 9, 45),
(102, 9, 51),
(8, 10, 4),
(76, 10, 38),
(86, 10, 43),
(88, 10, 44),
(98, 10, 49),
(108, 10, 54),
(119, 11, 60),
(123, 11, 62),
(125, 11, 63),
(157, 11, 79),
(167, 11, 84),
(177, 11, 89),
(179, 11, 90),
(217, 11, 109),
(233, 11, 117),
(253, 11, 127),
(271, 11, 136),
(283, 11, 142),
(299, 11, 150),
(305, 11, 153),
(317, 11, 159),
(325, 11, 163),
(117, 12, 59),
(137, 12, 69),
(231, 12, 116),
(255, 12, 128),
(257, 12, 129),
(273, 12, 137),
(281, 12, 141),
(295, 12, 148),
(311, 12, 156),
(159, 13, 80),
(161, 13, 81),
(163, 13, 82),
(169, 13, 85),
(225, 13, 113),
(241, 13, 121),
(245, 13, 123),
(263, 13, 132),
(265, 13, 133),
(285, 13, 143),
(115, 14, 58),
(129, 14, 65),
(133, 14, 67),
(135, 14, 68),
(145, 14, 73),
(147, 14, 74),
(155, 14, 78),
(173, 14, 87),
(183, 14, 92),
(243, 14, 122),
(247, 14, 124),
(259, 14, 130),
(275, 14, 138),
(277, 14, 139),
(291, 14, 146),
(309, 14, 155),
(313, 14, 157),
(315, 14, 158),
(121, 15, 61),
(139, 15, 70),
(165, 15, 83),
(171, 15, 86),
(175, 15, 88),
(199, 15, 100),
(229, 15, 115),
(261, 15, 131),
(267, 15, 134),
(269, 15, 135),
(279, 15, 140),
(293, 15, 147),
(327, 15, 164),
(118, 16, 59),
(120, 16, 60),
(122, 16, 61),
(136, 16, 68),
(148, 16, 74),
(164, 16, 82),
(226, 16, 113),
(232, 16, 116),
(234, 16, 117),
(244, 16, 122),
(254, 16, 127),
(278, 16, 139),
(284, 16, 142),
(296, 16, 148),
(124, 17, 62),
(126, 17, 63),
(140, 17, 70),
(146, 17, 73),
(156, 17, 78),
(166, 17, 83),
(230, 17, 115),
(264, 17, 132),
(268, 17, 134),
(286, 17, 143),
(292, 17, 146),
(300, 17, 150),
(306, 17, 153),
(318, 17, 159),
(134, 18, 67),
(162, 18, 81),
(172, 18, 86),
(176, 18, 88),
(200, 18, 100),
(274, 18, 137),
(282, 18, 141),
(294, 18, 147),
(310, 18, 155),
(314, 18, 157),
(130, 19, 65),
(138, 19, 69),
(158, 19, 79),
(168, 19, 84),
(170, 19, 85),
(180, 19, 90),
(256, 19, 128),
(258, 19, 129),
(262, 19, 131),
(266, 19, 133),
(270, 19, 135),
(272, 19, 136),
(280, 19, 140),
(316, 19, 158),
(326, 19, 163),
(116, 20, 58),
(160, 20, 80),
(174, 20, 87),
(178, 20, 89),
(184, 20, 92),
(218, 20, 109),
(242, 20, 121),
(246, 20, 123),
(248, 20, 124),
(260, 20, 130),
(276, 20, 138),
(312, 20, 156),
(328, 20, 164);

-- --------------------------------------------------------

--
-- Table structure for table `ec_product_views`
--

CREATE TABLE `ec_product_views` (
  `id` bigint(20) UNSIGNED NOT NULL,
  `product_id` bigint(20) UNSIGNED NOT NULL,
  `views` int(11) NOT NULL DEFAULT 1,
  `date` date NOT NULL DEFAULT '2023-05-03'
) ENGINE=InnoDB DEFAULT CHARSET=utf8mb4 COLLATE=utf8mb4_unicode_ci;

--
-- Dumping data for table `ec_product_views`
--

INSERT INTO `ec_product_views` (`id`, `product_id`, `views`, `date`) VALUES
(1, 63, 1, '2023-05-30'),
(2, 2, 1, '2023-05-30'),
(3, 63, 1, '2023-06-03'),
(4, 61, 1, '2023-06-04'),
(5, 2, 1, '2023-06-05'),
(6, 3, 1, '2023-06-06'),
(7, 26, 1, '2023-06-10'),
(8, 18, 1, '2023-06-20'),
(9, 2, 1, '2023-06-22'),
(10, 2, 1, '2023-06-23'),
(11, 65, 1, '2023-06-29'),
(12, 35, 1, '2023-06-29'),
(13, 59, 1, '2023-06-29'),
(14, 63, 3, '2023-07-02'),
(17, 62, 1, '2023-07-03'),
(18, 65, 1, '2023-07-07'),
(19, 30, 1, '2023-07-12'),
(20, 27, 1, '2023-07-12'),
(21, 63, 1, '2023-07-15'),
(22, 3, 1, '2023-07-24'),
(23, 18, 1, '2023-07-27'),
(24, 18, 1, '2023-08-02'),
(25, 37, 1, '2023-08-03'),
(26, 27, 1, '2023-08-03'),
(27, 52, 1, '2023-08-03'),
(28, 64, 1, '2023-08-03'),
(29, 49, 1, '2023-08-03'),
(30, 62, 1, '2023-08-03'),
(31, 23, 1, '2023-08-03'),
(32, 21, 1, '2023-08-03'),
(33, 51, 1, '2023-08-04'),
(34, 35, 1, '2023-08-04'),
(35, 43, 1, '2023-08-04'),
(36, 32, 1, '2023-08-04'),
(37, 63, 1, '2023-08-04'),
(38, 33, 1, '2023-08-04'),
(39, 42, 1, '2023-08-04'),
(40, 22, 1, '2023-08-04'),
(41, 61, 1, '2023-08-04'),
(42, 19, 1, '2023-08-04'),
(43, 3, 1, '2023-08-04'),
(44, 25, 1, '2023-08-04'),
(45, 36, 1, '2023-08-04'),
(46, 26, 1, '2023-08-04'),
(47, 46, 1, '2023-08-04'),
(48, 34, 1, '2023-08-04'),
(49, 40, 1, '2023-08-04'),
(50, 28, 1, '2023-08-04'),
(51, 50, 1, '2023-08-05'),
(52, 38, 1, '2023-08-05'),
(53, 18, 1, '2023-08-05'),
(54, 29, 1, '2023-08-05'),
(55, 48, 1, '2023-08-05'),
(56, 65, 1, '2023-08-06'),
(57, 30, 1, '2023-08-06'),
(58, 13, 1, '2023-08-06'),
(59, 1, 1, '2023-08-06'),
(60, 54, 1, '2023-08-06'),
(61, 41, 1, '2023-08-06'),
(62, 24, 1, '2023-08-06'),
(63, 47, 1, '2023-08-06'),
(64, 44, 1, '2023-08-06'),
(65, 31, 1, '2023-08-06'),
(66, 4, 1, '2023-08-06'),
(67, 10, 1, '2023-08-06'),
(68, 59, 1, '2023-08-06'),
(69, 53, 1, '2023-08-06'),
(70, 56, 1, '2023-08-06'),
(71, 39, 1, '2023-08-06'),
(72, 6, 1, '2023-08-07'),
(73, 11, 1, '2023-08-07'),
(74, 57, 1, '2023-08-07'),
(75, 15, 1, '2023-08-07'),
(76, 63, 1, '2023-08-07'),
(77, 1, 1, '2023-08-07'),
(78, 17, 1, '2023-08-07'),
(79, 14, 1, '2023-08-07'),
(80, 55, 1, '2023-08-08'),
(81, 8, 1, '2023-08-08'),
(82, 9, 1, '2023-08-08'),
(83, 60, 1, '2023-08-08'),
(84, 7, 1, '2023-08-09'),
(85, 58, 1, '2023-08-09'),
(86, 16, 1, '2023-08-09'),
(87, 5, 1, '2023-08-10'),
(88, 18, 1, '2023-08-10'),
(89, 2, 1, '2023-08-18'),
(90, 65, 1, '2023-08-24'),
(91, 46, 1, '2023-08-24'),
(92, 62, 1, '2023-08-24'),
(93, 42, 1, '2023-08-24'),
(94, 33, 1, '2023-08-24'),
(95, 19, 1, '2023-08-24'),
(96, 25, 1, '2023-08-24'),
(97, 29, 1, '2023-08-24'),
(98, 18, 1, '2023-08-24'),
(99, 14, 1, '2023-08-24'),
(100, 6, 1, '2023-08-24'),
(101, 8, 1, '2023-08-24'),
(102, 38, 1, '2023-08-24'),
(103, 39, 1, '2023-08-24'),
(104, 2, 1, '2023-08-24'),
(105, 59, 1, '2023-08-24'),
(106, 47, 1, '2023-08-24'),
(107, 37, 1, '2023-08-24'),
(108, 3, 3, '2023-08-24'),
(109, 22, 1, '2023-08-24'),
(110, 64, 1, '2023-08-24'),
(111, 48, 1, '2023-08-24'),
(112, 26, 1, '2023-08-24'),
(113, 24, 1, '2023-08-24'),
(114, 13, 1, '2023-08-24'),
(115, 11, 1, '2023-08-24'),
(116, 12, 1, '2023-08-24'),
(117, 35, 1, '2023-08-24'),
(118, 9, 1, '2023-08-24'),
(119, 52, 1, '2023-08-24'),
(120, 57, 1, '2023-08-24'),
(121, 50, 1, '2023-08-24'),
(122, 5, 1, '2023-08-24'),
(123, 56, 1, '2023-08-24'),
(125, 55, 1, '2023-08-24'),
(126, 1, 1, '2023-08-24'),
(127, 16, 1, '2023-08-24'),
(128, 45, 1, '2023-08-24'),
(129, 21, 1, '2023-08-24'),
(131, 1, 1, '2023-08-25'),
(132, 6, 1, '2023-08-25'),
(133, 28, 1, '2023-08-25'),
(134, 63, 1, '2023-08-25'),
(135, 63, 1, '2023-08-26'),
(136, 24, 2, '2023-08-26'),
(138, 3, 1, '2023-08-26'),
(139, 65, 1, '2023-08-27'),
(140, 24, 1, '2023-08-28'),
(141, 3, 1, '2023-09-03'),
(142, 30, 1, '2023-09-08'),
(143, 49, 1, '2023-09-11'),
(144, 28, 1, '2023-09-12'),
(145, 4, 1, '2023-09-14'),
(146, 37, 1, '2023-09-15'),
(147, 38, 1, '2023-09-15'),
(148, 8, 1, '2023-09-15'),
(149, 43, 1, '2023-09-16'),
(150, 47, 1, '2023-09-17'),
(151, 22, 1, '2023-09-19'),
(152, 14, 1, '2023-09-19'),
(153, 46, 2, '2023-09-19'),
(155, 1, 1, '2023-09-19'),
(156, 39, 1, '2023-09-20'),
(157, 24, 1, '2023-09-20'),
(158, 18, 1, '2023-09-20'),
(159, 21, 1, '2023-09-22'),
(160, 19, 1, '2023-09-23'),
(161, 63, 1, '2023-09-23'),
(162, 3, 1, '2023-09-23'),
(163, 2, 2, '2023-09-23'),
(165, 2, 3, '2023-09-24'),
(167, 3, 1, '2023-09-24'),
(169, 5, 1, '2023-09-25'),
(170, 56, 1, '2023-09-25'),
(171, 2, 1, '2023-09-26'),
(172, 62, 1, '2023-09-26'),
(173, 3, 1, '2023-09-26'),
(174, 2, 1, '2023-09-27'),
(175, 9, 1, '2023-09-27'),
(176, 29, 1, '2023-09-28'),
(177, 12, 1, '2023-09-28'),
(178, 13, 1, '2023-09-28'),
(179, 65, 1, '2023-09-28'),
(180, 45, 1, '2023-09-30'),
(181, 27, 1, '2023-10-03'),
(182, 55, 1, '2023-10-10'),
(183, 33, 1, '2023-10-16'),
(184, 2, 2, '2023-10-20'),
(185, 63, 1, '2023-10-20'),
(186, 19, 1, '2023-10-20'),
(188, 35, 1, '2023-10-21'),
(189, 16, 1, '2023-10-24'),
(190, 52, 1, '2023-10-24'),
(191, 6, 1, '2023-10-26'),
(192, 45, 1, '2023-11-05'),
(193, 38, 1, '2023-11-05'),
(194, 18, 1, '2023-11-05'),
(195, 29, 1, '2023-11-05'),
(196, 48, 1, '2023-11-05'),
(197, 65, 1, '2023-11-05'),
(198, 30, 1, '2023-11-06'),
(199, 13, 1, '2023-11-06'),
(200, 37, 1, '2023-11-06'),
(201, 57, 1, '2023-11-07'),
(202, 15, 1, '2023-11-07'),
(203, 52, 1, '2023-11-07'),
(204, 17, 1, '2023-11-07'),
(205, 64, 1, '2023-11-07'),
(206, 49, 1, '2023-11-07'),
(207, 62, 1, '2023-11-07'),
(208, 23, 1, '2023-11-07'),
(209, 21, 1, '2023-11-07'),
(210, 14, 1, '2023-11-07'),
(211, 51, 1, '2023-11-07'),
(212, 35, 1, '2023-11-07'),
(213, 43, 1, '2023-11-07'),
(214, 32, 1, '2023-11-07'),
(215, 63, 1, '2023-11-08'),
(216, 33, 1, '2023-11-08'),
(217, 19, 1, '2023-11-08'),
(218, 22, 1, '2023-11-08'),
(219, 61, 1, '2023-11-08'),
(220, 42, 1, '2023-11-08'),
(221, 55, 1, '2023-11-08'),
(222, 8, 1, '2023-11-08'),
(223, 3, 1, '2023-11-08'),
(224, 25, 1, '2023-11-08'),
(225, 36, 1, '2023-11-08'),
(226, 26, 1, '2023-11-08'),
(227, 9, 1, '2023-11-08'),
(228, 34, 1, '2023-11-08'),
(229, 40, 1, '2023-11-08'),
(230, 28, 1, '2023-11-08'),
(231, 2, 1, '2023-11-08'),
(232, 50, 1, '2023-11-08'),
(233, 60, 1, '2023-11-08'),
(234, 7, 1, '2023-11-09'),
(235, 58, 1, '2023-11-09'),
(236, 1, 1, '2023-11-10'),
(237, 54, 1, '2023-11-10'),
(238, 41, 1, '2023-11-10'),
(239, 24, 1, '2023-11-10'),
(240, 12, 1, '2023-11-10'),
(241, 44, 1, '2023-11-10'),
(242, 31, 1, '2023-11-10'),
(243, 4, 1, '2023-11-10'),
(244, 10, 1, '2023-11-10'),
(245, 59, 1, '2023-11-10'),
(246, 53, 1, '2023-11-10'),
(247, 56, 1, '2023-11-10'),
(248, 39, 1, '2023-11-10'),
(249, 6, 1, '2023-11-10'),
(250, 11, 1, '2023-11-11'),
(251, 64, 1, '2023-11-11'),
(252, 16, 1, '2023-11-13'),
(253, 5, 1, '2023-11-13'),
(254, 31, 1, '2023-11-21'),
(255, 63, 1, '2024-03-18'),
(256, 33, 1, '2024-03-18'),
(257, 50, 1, '2024-03-19'),
(258, 13, 1, '2024-03-19'),
(259, 65, 1, '2024-03-21'),
(260, 31, 1, '2024-03-21'),
(261, 63, 1, '2024-03-25'),
(262, 62, 1, '2024-04-15'),
(263, 58, 1, '2024-04-15'),
(264, 63, 1, '2024-08-02'),
(265, 2, 1, '2024-08-02'),
(266, 33, 1, '2024-08-19'),
(267, 3, 1, '2024-08-20'),
(268, 34, 1, '2024-08-20'),
(269, 60, 1, '2024-08-22'),
(270, 3, 1, '2024-08-23'),
(271, 26, 1, '2024-08-29'),
(272, 65, 1, '2024-09-20'),
(273, 18, 1, '2024-09-20'),
(274, 2, 1, '2024-09-20'),
(275, 24, 1, '2024-09-20'),
(276, 62, 1, '2024-09-20'),
(277, 62, 1, '2024-09-23'),
(278, 63, 1, '2024-09-26'),
(279, 9, 1, '2024-09-26'),
(280, 61, 2, '2024-09-26'),
(281, 17, 1, '2024-09-26'),
(282, 3, 1, '2024-09-26'),
(283, 62, 1, '2024-09-26'),
(285, 62, 1, '2024-09-28'),
(286, 35, 1, '2024-09-30'),
(287, 18, 1, '2024-09-30'),
(288, 65, 1, '2024-10-02'),
(289, 2, 1, '2024-10-05'),
(290, 3, 2, '2024-10-12'),
(291, 4, 1, '2024-10-12'),
(292, 60, 1, '2024-10-12'),
(293, 28, 1, '2024-10-12'),
(295, 63, 1, '2024-10-12'),
(296, 65, 1, '2024-10-26'),
(297, 3, 1, '2024-11-02'),
(298, 65, 1, '2024-11-02'),
(299, 2, 1, '2024-11-02'),
(300, 47, 1, '2024-11-03'),
(301, 62, 1, '2024-11-03'),
(302, 4, 1, '2024-11-03'),
(303, 14, 1, '2024-11-03'),
(304, 40, 1, '2024-11-03'),
(305, 63, 1, '2024-11-06'),
(306, 2, 1, '2024-11-11'),
(307, 63, 1, '2024-11-13'),
(308, 2, 1, '2024-11-13'),
(309, 2, 1, '2024-11-19'),
(310, 33, 2, '2024-11-20'),
(311, 64, 1, '2024-11-20'),
(312, 35, 1, '2024-11-20'),
(313, 63, 1, '2024-11-20'),
(315, 24, 1, '2024-11-20'),
(316, 60, 1, '2024-11-21'),
(317, 62, 1, '2024-11-21'),
(318, 63, 1, '2024-11-21'),
(319, 3, 1, '2024-11-26'),
(320, 60, 1, '2024-11-27'),
(321, 65, 2, '2024-11-27'),
(323, 63, 1, '2024-11-27'),
(324, 34, 1, '2024-11-28'),
(325, 63, 1, '2024-11-28'),
(326, 42, 1, '2024-11-28'),
(327, 65, 1, '2024-11-28'),
(328, 63, 1, '2024-11-29'),
(329, 24, 1, '2024-11-29'),
(330, 18, 1, '2024-11-30'),
(331, 2, 5, '2024-12-31'),
(332, 24, 3, '2024-12-31'),
(333, 60, 3, '2024-12-31'),
(334, 3, 5, '2024-12-31'),
(335, 63, 4, '2024-12-31'),
(336, 4, 2, '2024-12-31'),
(337, 19, 2, '2024-12-31'),
(338, 36, 2, '2024-12-31'),
(339, 64, 2, '2024-12-31'),
(340, 18, 2, '2024-12-31'),
(341, 23, 2, '2024-12-31'),
(342, 10, 2, '2024-12-31'),
(344, 22, 3, '2024-12-31'),
(348, 16, 2, '2024-12-31'),
(349, 65, 4, '2024-12-31'),
(350, 12, 2, '2024-12-31'),
(351, 56, 2, '2024-12-31'),
(353, 33, 2, '2024-12-31'),
(354, 8, 2, '2024-12-31'),
(355, 35, 1, '2024-12-31'),
(356, 57, 1, '2024-12-31'),
(357, 27, 1, '2024-12-31'),
(358, 40, 1, '2024-12-31'),
(360, 34, 2, '2024-12-31'),
(361, 29, 1, '2024-12-31'),
(362, 1, 2, '2024-12-31'),
(363, 30, 1, '2024-12-31'),
(364, 32, 1, '2024-12-31'),
(366, 14, 1, '2024-12-31'),
(370, 7, 1, '2024-12-31'),
(371, 13, 1, '2024-12-31'),
(373, 31, 1, '2024-12-31'),
(374, 11, 1, '2024-12-31'),
(375, 44, 1, '2024-12-31'),
(376, 5, 1, '2024-12-31'),
(377, 53, 2, '2024-12-31'),
(378, 43, 2, '2024-12-31'),
(379, 45, 2, '2024-12-31'),
(380, 55, 1, '2024-12-31'),
(381, 47, 2, '2024-12-31'),
(382, 61, 1, '2024-12-31'),
(383, 54, 1, '2024-12-31'),
(384, 17, 1, '2024-12-31'),
(385, 50, 2, '2024-12-31'),
(386, 59, 2, '2024-12-31'),
(387, 25, 3, '2024-12-31'),
(389, 41, 1, '2024-12-31'),
(390, 48, 2, '2024-12-31'),
(391, 58, 1, '2024-12-31'),
(393, 39, 2, '2024-12-31'),
(395, 28, 1, '2024-12-31'),
(396, 26, 2, '2024-12-31'),
(397, 49, 2, '2024-12-31'),
(398, 37, 1, '2024-12-31'),
(399, 38, 1, '2024-12-31'),
(400, 42, 1, '2024-12-31'),
(401, 51, 2, '2024-12-31'),
(402, 46, 2, '2024-12-31'),
(403, 62, 3, '2024-12-31'),
(404, 6, 1, '2024-12-31'),
(405, 9, 1, '2024-12-31'),
(406, 52, 2, '2024-12-31'),
(407, 21, 1, '2024-12-31'),
(408, 15, 2, '2024-12-31'),
(447, 230, 3, '2025-01-01'),
(450, 230, 2, '2025-01-02'),
(452, 230, 7, '2025-01-03'),
(459, 230, 7, '2025-01-04'),
(466, 230, 2, '2025-01-05'),
(468, 230, 3, '2025-01-06'),
(471, 230, 1, '2025-01-08'),
(472, 230, 1, '2025-01-09'),
(473, 230, 3, '2025-01-10'),
(476, 230, 6, '2025-01-11'),
(495, 230, 1, '2025-01-12'),
(497, 242, 1, '2025-01-12'),
(498, 244, 1, '2025-01-12'),
(499, 245, 2, '2025-01-12'),
(500, 248, 1, '2025-01-12'),
(501, 250, 1, '2025-01-12'),
(502, 247, 1, '2025-01-12'),
(503, 246, 1, '2025-01-12'),
(507, 243, 1, '2025-01-14'),
(510, 250, 3, '2025-01-14'),
(512, 245, 1, '2025-01-14'),
(516, 242, 2, '2025-01-14'),
(517, 246, 1, '2025-01-14'),
(518, 249, 1, '2025-01-14'),
(519, 247, 2, '2025-01-14'),
(520, 248, 2, '2025-01-14'),
(522, 244, 2, '2025-01-14'),
(532, 230, 1, '2025-01-14'),
(537, 243, 2, '2025-01-15'),
(539, 247, 3, '2025-01-15'),
(542, 250, 3, '2025-01-15'),
(543, 245, 7, '2025-01-15'),
(544, 249, 2, '2025-01-15'),
(547, 246, 2, '2025-01-15'),
(548, 242, 1, '2025-01-15'),
(549, 244, 1, '2025-01-15'),
(557, 230, 1, '2025-01-15'),
(559, 248, 2, '2025-01-15'),
(575, 249, 3, '2025-01-16'),
(577, 230, 2, '2025-01-16'),
(578, 250, 2, '2025-01-16'),
(579, 246, 3, '2025-01-16'),
(580, 248, 1, '2025-01-16'),
(582, 247, 2, '2025-01-16'),
(584, 242, 1, '2025-01-16'),
(585, 245, 1, '2025-01-16'),
(590, 243, 1, '2025-01-16'),
(595, 244, 1, '2025-01-16'),
(599, 253, 2, '2025-01-16'),
(604, 248, 2, '2025-01-17'),
(605, 243, 3, '2025-01-17'),
(606, 246, 2, '2025-01-17'),
(608, 253, 3, '2025-01-17'),
(611, 249, 2, '2025-01-17'),
(612, 247, 3, '2025-01-17'),
(622, 244, 1, '2025-01-17'),
(623, 250, 1, '2025-01-17'),
(624, 245, 1, '2025-01-17'),
(625, 230, 1, '2025-01-17'),
(626, 255, 1, '2025-01-17'),
(627, 254, 1, '2025-01-17'),
(628, 256, 6, '2025-01-18'),
(629, 257, 7, '2025-01-18'),
(630, 246, 1, '2025-01-18'),
(631, 245, 1, '2025-01-18'),
(634, 247, 2, '2025-01-18'),
(636, 250, 2, '2025-01-18'),
(638, 254, 1, '2025-01-18'),
(639, 255, 2, '2025-01-18'),
(642, 258, 3, '2025-01-18'),
(645, 244, 1, '2025-01-18'),
(651, 253, 1, '2025-01-18'),
(657, 248, 1, '2025-01-18'),
(658, 243, 1, '2025-01-18'),
(659, 230, 1, '2025-01-18'),
(660, 242, 1, '2025-01-18'),
(661, 257, 4, '2025-01-19'),
(662, 254, 2, '2025-01-19'),
(663, 255, 2, '2025-01-19'),
(664, 253, 2, '2025-01-19'),
(665, 249, 1, '2025-01-19'),
(666, 250, 1, '2025-01-19'),
(667, 256, 2, '2025-01-19'),
(668, 247, 3, '2025-01-19'),
(669, 244, 1, '2025-01-19'),
(670, 243, 1, '2025-01-19'),
(676, 258, 3, '2025-01-19'),
(683, 256, 6, '2025-01-20'),
(684, 254, 5, '2025-01-20'),
(685, 257, 3, '2025-01-20'),
(688, 258, 3, '2025-01-20'),
(689, 249, 2, '2025-01-20'),
(690, 255, 3, '2025-01-20'),
(691, 248, 2, '2025-01-20'),
(692, 247, 2, '2025-01-20'),
(693, 253, 10, '2025-01-20'),
(694, 250, 2, '2025-01-20'),
(695, 246, 2, '2025-01-20'),
(696, 245, 3, '2025-01-20'),
(697, 243, 2, '2025-01-20'),
(698, 244, 2, '2025-01-20'),
(699, 242, 2, '2025-01-20'),
(700, 230, 3, '2025-01-20'),
(735, 256, 2, '2025-01-21'),
(736, 253, 5, '2025-01-21'),
(739, 254, 3, '2025-01-21'),
(741, 257, 2, '2025-01-21'),
(743, 258, 1, '2025-01-21'),
(748, 253, 5, '2025-01-22'),
(749, 230, 1, '2025-01-22'),
(751, 255, 1, '2025-01-22'),
(752, 254, 1, '2025-01-22'),
(756, 253, 4, '2025-01-23'),
(758, 248, 1, '2025-01-23'),
(759, 249, 2, '2025-01-23'),
(761, 255, 1, '2025-01-23'),
(762, 243, 2, '2025-01-23'),
(764, 247, 1, '2025-01-23'),
(765, 244, 1, '2025-01-23'),
(766, 250, 1, '2025-01-23'),
(767, 245, 1, '2025-01-23'),
(768, 246, 1, '2025-01-23'),
(769, 256, 1, '2025-01-23'),
(770, 230, 2, '2025-01-23'),
(771, 242, 1, '2025-01-23'),
(775, 253, 1, '2025-01-24'),
(776, 248, 1, '2025-01-24'),
(777, 244, 1, '2025-01-24'),
(778, 256, 2, '2025-01-24'),
(780, 256, 2, '2025-01-25'),
(781, 245, 1, '2025-01-25'),
(782, 257, 1, '2025-01-25'),
(783, 255, 1, '2025-01-25'),
(785, 257, 2, '2025-01-26'),
(786, 254, 1, '2025-01-26'),
(787, 253, 1, '2025-01-26'),
(788, 255, 2, '2025-01-26'),
(791, 245, 1, '2025-01-26'),
(792, 258, 1, '2025-01-26'),
(793, 255, 2, '2025-01-27'),
(794, 253, 1, '2025-01-27'),
(795, 247, 1, '2025-01-27'),
(796, 248, 1, '2025-01-27'),
(797, 254, 1, '2025-01-27'),
(798, 256, 1, '2025-01-27'),
(800, 245, 1, '2025-01-28'),
(801, 247, 1, '2025-01-28'),
(802, 254, 1, '2025-01-28'),
(803, 255, 1, '2025-01-28'),
(804, 257, 1, '2025-01-28'),
(805, 257, 4, '2025-01-29'),
(806, 246, 2, '2025-01-29'),
(807, 254, 4, '2025-01-29'),
(810, 253, 1, '2025-01-29'),
(811, 243, 1, '2025-01-29'),
(812, 256, 3, '2025-01-29'),
(813, 258, 3, '2025-01-29'),
(814, 230, 2, '2025-01-29'),
(815, 249, 3, '2025-01-29'),
(817, 255, 2, '2025-01-29'),
(828, 247, 1, '2025-01-29'),
(831, 255, 1, '2025-01-30'),
(832, 257, 1, '2025-01-30'),
(833, 244, 1, '2025-01-30'),
(834, 253, 1, '2025-01-30'),
(835, 247, 1, '2025-01-30'),
(836, 254, 1, '2025-01-31'),
(837, 243, 6, '2025-01-31'),
(843, 258, 1, '2025-01-31'),
(844, 256, 1, '2025-01-31'),
(845, 255, 1, '2025-01-31'),
(846, 250, 1, '2025-01-31'),
(847, 253, 1, '2025-01-31'),
(848, 243, 4, '2025-02-01'),
(849, 247, 4, '2025-02-01'),
(850, 250, 5, '2025-02-01'),
(851, 244, 3, '2025-02-01'),
(852, 249, 3, '2025-02-01'),
(853, 230, 2, '2025-02-01'),
(855, 242, 4, '2025-02-01'),
(856, 248, 3, '2025-02-01'),
(857, 245, 4, '2025-02-01'),
(859, 253, 3, '2025-02-01'),
(860, 246, 4, '2025-02-01'),
(861, 255, 5, '2025-02-01'),
(862, 257, 3, '2025-02-01'),
(863, 258, 5, '2025-02-01'),
(864, 256, 3, '2025-02-01'),
(865, 254, 2, '2025-02-01'),
(905, 245, 1, '2025-02-02'),
(906, 255, 1, '2025-02-02'),
(907, 249, 1, '2025-02-02'),
(908, 258, 1, '2025-02-02'),
(909, 243, 6, '2025-02-03'),
(915, 256, 1, '2025-02-03'),
(916, 257, 1, '2025-02-03'),
(917, 245, 1, '2025-02-03'),
(918, 255, 1, '2025-02-03'),
(919, 243, 1, '2025-02-04'),
(920, 255, 1, '2025-02-04'),
(921, 249, 1, '2025-02-04'),
(922, 258, 1, '2025-02-04'),
(923, 242, 1, '2025-02-04'),
(924, 257, 2, '2025-02-05'),
(925, 245, 2, '2025-02-05'),
(927, 255, 2, '2025-02-05'),
(928, 256, 1, '2025-02-05'),
(929, 254, 4, '2025-02-05'),
(930, 243, 1, '2025-02-05'),
(931, 247, 2, '2025-02-05'),
(932, 246, 1, '2025-02-05'),
(933, 248, 1, '2025-02-05'),
(934, 242, 1, '2025-02-05'),
(935, 230, 2, '2025-02-05'),
(936, 258, 1, '2025-02-05'),
(937, 253, 1, '2025-02-05'),
(938, 244, 1, '2025-02-05'),
(939, 249, 1, '2025-02-05'),
(942, 250, 1, '2025-02-05'),
(948, 257, 3, '2025-02-06'),
(949, 250, 1, '2025-02-06'),
(950, 243, 6, '2025-02-06'),
(956, 258, 5, '2025-02-06'),
(957, 242, 1, '2025-02-06'),
(959, 244, 3, '2025-02-06'),
(960, 254, 2, '2025-02-06'),
(961, 253, 2, '2025-02-06'),
(962, 248, 2, '2025-02-06'),
(964, 230, 1, '2025-02-06'),
(971, 256, 1, '2025-02-06'),
(973, 245, 1, '2025-02-06'),
(976, 256, 1, '2025-02-07'),
(977, 244, 1, '2025-02-07'),
(978, 254, 1, '2025-02-07'),
(979, 257, 1, '2025-02-07'),
(980, 247, 1, '2025-02-07'),
(981, 249, 2, '2025-02-07'),
(983, 245, 1, '2025-02-08'),
(984, 255, 1, '2025-02-08'),
(985, 230, 1, '2025-02-08'),
(986, 258, 1, '2025-02-08'),
(987, 257, 1, '2025-02-08'),
(988, 256, 1, '2025-02-08'),
(989, 257, 2, '2025-02-09'),
(990, 243, 6, '2025-02-09'),
(996, 256, 2, '2025-02-09'),
(998, 253, 1, '2025-02-09'),
(999, 244, 2, '2025-02-09'),
(1001, 245, 1, '2025-02-09'),
(1002, 258, 1, '2025-02-09'),
(1003, 247, 1, '2025-02-09'),
(1004, 255, 1, '2025-02-09'),
(1006, 254, 1, '2025-02-10'),
(1007, 250, 1, '2025-02-10'),
(1008, 247, 1, '2025-02-10'),
(1009, 243, 1, '2025-02-10'),
(1010, 258, 1, '2025-02-10'),
(1011, 242, 2, '2025-02-10'),
(1012, 246, 1, '2025-02-10'),
(1013, 245, 1, '2025-02-10'),
(1014, 253, 1, '2025-02-10'),
(1015, 249, 2, '2025-02-10'),
(1017, 255, 1, '2025-02-10'),
(1019, 256, 1, '2025-02-11'),
(1020, 230, 1, '2025-02-11'),
(1021, 258, 1, '2025-02-11'),
(1022, 257, 2, '2025-02-11'),
(1024, 248, 2, '2025-02-12'),
(1025, 257, 1, '2025-02-12'),
(1026, 254, 1, '2025-02-12'),
(1027, 243, 6, '2025-02-12'),
(1033, 244, 2, '2025-02-12'),
(1035, 256, 1, '2025-02-12'),
(1036, 230, 1, '2025-02-12'),
(1037, 249, 1, '2025-02-12'),
(1039, 243, 2, '2025-02-13'),
(1040, 247, 1, '2025-02-13'),
(1041, 250, 1, '2025-02-13'),
(1042, 257, 2, '2025-02-13'),
(1043, 244, 2, '2025-02-13'),
(1045, 245, 1, '2025-02-13'),
(1047, 246, 1, '2025-02-13'),
(1048, 242, 1, '2025-02-13'),
(1049, 248, 1, '2025-02-13'),
(1051, 253, 1, '2025-02-14'),
(1052, 257, 1, '2025-02-14'),
(1053, 256, 1, '2025-02-15'),
(1054, 245, 1, '2025-02-15'),
(1055, 254, 1, '2025-02-16'),
(1056, 258, 1, '2025-02-17'),
(1057, 247, 1, '2025-02-17'),
(1058, 257, 3, '2025-02-18'),
(1059, 243, 1, '2025-02-18'),
(1060, 256, 2, '2025-02-18'),
(1061, 254, 1, '2025-02-18'),
(1062, 246, 1, '2025-02-18'),
(1063, 247, 3, '2025-02-18'),
(1064, 255, 1, '2025-02-18'),
(1066, 258, 2, '2025-02-18'),
(1067, 248, 1, '2025-02-18'),
(1068, 242, 1, '2025-02-18'),
(1069, 244, 1, '2025-02-18'),
(1070, 253, 2, '2025-02-18'),
(1071, 249, 1, '2025-02-18'),
(1072, 230, 2, '2025-02-18'),
(1073, 245, 1, '2025-02-18'),
(1074, 250, 2, '2025-02-18'),
(1083, 249, 1, '2025-02-19'),
(1084, 253, 3, '2025-02-19'),
(1085, 257, 1, '2025-02-19'),
(1086, 258, 2, '2025-02-19'),
(1087, 255, 1, '2025-02-19'),
(1088, 246, 1, '2025-02-19'),
(1089, 245, 1, '2025-02-19'),
(1090, 256, 2, '2025-02-19'),
(1091, 254, 1, '2025-02-19'),
(1094, 250, 1, '2025-02-19'),
(1097, 242, 1, '2025-02-19'),
(1098, 247, 1, '2025-02-19'),
(1099, 246, 5, '2025-02-20'),
(1100, 243, 2, '2025-02-20'),
(1101, 244, 2, '2025-02-20'),
(1102, 256, 3, '2025-02-20'),
(1104, 254, 4, '2025-02-20'),
(1105, 247, 2, '2025-02-20'),
(1106, 242, 2, '2025-02-20'),
(1107, 255, 2, '2025-02-20'),
(1108, 248, 2, '2025-02-20'),
(1109, 257, 3, '2025-02-20'),
(1110, 258, 2, '2025-02-20'),
(1111, 253, 2, '2025-02-20'),
(1112, 249, 3, '2025-02-20'),
(1113, 230, 2, '2025-02-20'),
(1114, 245, 2, '2025-02-20'),
(1115, 250, 3, '2025-02-20'),
(1140, 247, 1, '2025-02-21'),
(1141, 230, 1, '2025-02-21'),
(1142, 256, 2, '2025-02-21'),
(1144, 258, 2, '2025-02-22'),
(1146, 257, 1, '2025-02-22'),
(1147, 249, 1, '2025-02-22'),
(1148, 247, 1, '2025-02-23'),
(1149, 256, 2, '2025-02-23'),
(1150, 257, 1, '2025-02-23'),
(1151, 243, 2, '2025-02-23'),
(1152, 244, 1, '2025-02-23'),
(1155, 242, 1, '2025-02-23'),
(1156, 249, 2, '2025-02-23'),
(1158, 257, 5, '2025-02-24'),
(1159, 254, 6, '2025-02-24'),
(1160, 243, 3, '2025-02-24'),
(1161, 244, 2, '2025-02-24'),
(1162, 248, 2, '2025-02-24'),
(1163, 258, 2, '2025-02-24'),
(1166, 256, 2, '2025-02-24'),
(1175, 247, 1, '2025-02-24'),
(1176, 255, 1, '2025-02-24'),
(1177, 246, 1, '2025-02-24'),
(1180, 242, 1, '2025-02-24'),
(1183, 253, 1, '2025-02-24'),
(1184, 249, 1, '2025-02-24'),
(1185, 230, 1, '2025-02-24'),
(1186, 245, 1, '2025-02-24'),
(1187, 250, 1, '2025-02-24'),
(1189, 256, 1, '2025-02-25'),
(1190, 247, 1, '2025-02-25'),
(1191, 249, 1, '2025-02-25'),
(1192, 244, 1, '2025-02-25'),
(1193, 257, 3, '2025-02-26'),
(1194, 243, 3, '2025-02-26'),
(1195, 258, 3, '2025-02-26'),
(1196, 256, 3, '2025-02-26'),
(1197, 254, 2, '2025-02-26'),
(1199, 244, 2, '2025-02-26'),
(1201, 255, 2, '2025-02-26'),
(1202, 247, 2, '2025-02-26'),
(1203, 246, 2, '2025-02-26'),
(1204, 242, 2, '2025-02-26'),
(1205, 248, 2, '2025-02-26'),
(1207, 253, 2, '2025-02-26'),
(1208, 249, 3, '2025-02-26'),
(1209, 230, 2, '2025-02-26'),
(1210, 245, 2, '2025-02-26'),
(1211, 250, 2, '2025-02-26'),
(1230, 257, 4, '2025-02-27'),
(1232, 258, 2, '2025-02-27'),
(1233, 249, 2, '2025-02-27'),
(1234, 256, 3, '2025-02-27'),
(1236, 246, 1, '2025-02-27'),
(1238, 254, 1, '2025-02-27'),
(1240, 230, 1, '2025-02-27'),
(1242, 245, 1, '2025-02-27'),
(1243, 255, 2, '2025-02-27'),
(1244, 243, 1, '2025-02-27'),
(1245, 248, 1, '2025-02-27'),
(1246, 242, 1, '2025-02-27'),
(1247, 247, 1, '2025-02-27'),
(1248, 253, 1, '2025-02-27'),
(1249, 250, 1, '2025-02-27'),
(1250, 244, 1, '2025-02-27'),
(1254, 256, 4, '2025-02-28'),
(1255, 257, 3, '2025-02-28'),
(1257, 258, 1, '2025-02-28'),
(1258, 230, 3, '2025-02-28'),
(1261, 249, 1, '2025-02-28'),
(1262, 247, 1, '2025-02-28'),
(1266, 250, 1, '2025-02-28'),
(1267, 245, 1, '2025-02-28'),
(1269, 257, 2, '2025-03-01'),
(1270, 250, 3, '2025-03-01'),
(1271, 245, 3, '2025-03-01'),
(1272, 230, 2, '2025-03-01'),
(1273, 258, 2, '2025-03-01'),
(1275, 242, 1, '2025-03-01'),
(1276, 247, 2, '2025-03-01'),
(1277, 248, 2, '2025-03-01'),
(1280, 249, 2, '2025-03-01'),
(1281, 253, 1, '2025-03-01'),
(1282, 246, 2, '2025-03-01'),
(1285, 256, 2, '2025-03-01'),
(1286, 254, 1, '2025-03-01'),
(1288, 243, 2, '2025-03-01'),
(1289, 255, 1, '2025-03-01'),
(1290, 244, 2, '2025-03-01'),
(1299, 242, 1, '2025-03-02'),
(1300, 258, 1, '2025-03-02'),
(1301, 257, 1, '2025-03-02'),
(1302, 249, 1, '2025-03-02'),
(1303, 247, 1, '2025-03-02'),
(1304, 256, 1, '2025-03-03'),
(1305, 257, 2, '2025-03-03'),
(1306, 249, 2, '2025-03-03'),
(1309, 246, 2, '2025-03-04'),
(1310, 257, 2, '2025-03-04'),
(1311, 256, 3, '2025-03-04'),
(1312, 254, 2, '2025-03-04'),
(1313, 258, 2, '2025-03-04'),
(1314, 230, 2, '2025-03-04'),
(1315, 249, 3, '2025-03-04'),
(1325, 257, 1, '2025-03-05'),
(1326, 247, 1, '2025-03-05'),
(1327, 256, 1, '2025-03-05'),
(1328, 246, 1, '2025-03-06'),
(1329, 257, 2, '2025-03-06'),
(1330, 244, 1, '2025-03-06'),
(1332, 256, 2, '2025-03-06'),
(1333, 254, 1, '2025-03-06'),
(1335, 256, 2, '2025-03-07'),
(1336, 253, 1, '2025-03-07'),
(1337, 258, 2, '2025-03-07'),
(1338, 257, 2, '2025-03-07'),
(1341, 254, 1, '2025-03-07'),
(1343, 257, 3, '2025-03-08'),
(1344, 256, 3, '2025-03-08'),
(1345, 230, 1, '2025-03-08'),
(1348, 247, 1, '2025-03-08'),
(1351, 230, 2, '2025-03-09'),
(1352, 256, 2, '2025-03-09'),
(1354, 247, 1, '2025-03-09'),
(1355, 257, 2, '2025-03-09'),
(1356, 254, 1, '2025-03-09'),
(1358, 248, 1, '2025-03-09'),
(1359, 255, 1, '2025-03-09'),
(1361, 255, 2, '2025-03-10'),
(1362, 256, 6, '2025-03-10'),
(1363, 254, 2, '2025-03-10'),
(1364, 245, 3, '2025-03-10'),
(1365, 244, 2, '2025-03-10'),
(1367, 253, 3, '2025-03-10'),
(1368, 243, 3, '2025-03-10'),
(1369, 250, 3, '2025-03-10'),
(1370, 246, 1, '2025-03-10'),
(1371, 247, 2, '2025-03-10'),
(1372, 242, 2, '2025-03-10'),
(1373, 248, 2, '2025-03-10'),
(1374, 230, 2, '2025-03-10'),
(1376, 249, 2, '2025-03-10'),
(1377, 258, 2, '2025-03-10'),
(1382, 257, 4, '2025-03-10'),
(1402, 256, 3, '2025-03-11'),
(1403, 255, 2, '2025-03-11'),
(1405, 257, 3, '2025-03-11'),
(1406, 230, 3, '2025-03-11'),
(1407, 245, 1, '2025-03-11'),
(1410, 249, 2, '2025-03-11'),
(1412, 247, 1, '2025-03-11'),
(1415, 253, 1, '2025-03-11'),
(1417, 258, 1, '2025-03-11'),
(1419, 257, 2, '2025-03-12'),
(1420, 255, 2, '2025-03-12'),
(1422, 253, 1, '2025-03-12'),
(1423, 230, 1, '2025-03-12'),
(1424, 249, 3, '2025-03-12'),
(1426, 247, 1, '2025-03-12'),
(1429, 250, 1, '2025-03-12'),
(1430, 257, 4, '2025-03-13'),
(1433, 230, 2, '2025-03-13'),
(1435, 249, 1, '2025-03-13'),
(1436, 247, 1, '2025-03-13'),
(1438, 230, 4, '2025-03-14'),
(1439, 257, 2, '2025-03-14'),
(1440, 248, 2, '2025-03-14'),
(1441, 256, 2, '2025-03-14'),
(1442, 245, 1, '2025-03-14'),
(1443, 250, 1, '2025-03-14'),
(1444, 258, 1, '2025-03-14'),
(1448, 255, 1, '2025-03-14'),
(1452, 247, 1, '2025-03-15'),
(1453, 254, 1, '2025-03-15'),
(1454, 249, 1, '2025-03-15'),
(1455, 230, 2, '2025-03-15'),
(1456, 257, 1, '2025-03-15'),
(1457, 256, 2, '2025-03-15'),
(1458, 242, 1, '2025-03-15'),
(1461, 257, 1, '2025-03-16'),
(1462, 256, 1, '2025-03-16'),
(1463, 230, 2, '2025-03-16'),
(1464, 247, 2, '2025-03-16'),
(1467, 257, 2, '2025-03-17'),
(1468, 256, 2, '2025-03-17'),
(1470, 243, 1, '2025-03-17'),
(1471, 244, 1, '2025-03-17'),
(1472, 230, 1, '2025-03-17'),
(1474, 257, 2, '2025-03-18'),
(1475, 253, 1, '2025-03-18'),
(1476, 254, 1, '2025-03-18'),
(1477, 230, 1, '2025-03-18'),
(1479, 249, 1, '2025-03-18'),
(1480, 257, 2, '2025-03-19'),
(1481, 256, 1, '2025-03-19'),
(1482, 258, 1, '2025-03-19'),
(1483, 243, 1, '2025-03-19'),
(1484, 245, 1, '2025-03-19'),
(1485, 242, 1, '2025-03-19'),
(1487, 249, 1, '2025-03-19'),
(1488, 250, 1, '2025-03-19'),
(1489, 248, 1, '2025-03-19'),
(1490, 244, 2, '2025-03-20'),
(1491, 254, 1, '2025-03-20'),
(1492, 245, 1, '2025-03-20'),
(1493, 256, 3, '2025-03-20'),
(1495, 253, 1, '2025-03-20'),
(1496, 249, 1, '2025-03-20'),
(1498, 247, 2, '2025-03-20'),
(1499, 255, 1, '2025-03-20'),
(1500, 258, 2, '2025-03-20'),
(1504, 257, 5, '2025-03-21'),
(1505, 247, 6, '2025-03-21'),
(1506, 249, 2, '2025-03-21'),
(1507, 246, 3, '2025-03-21'),
(1508, 258, 3, '2025-03-21'),
(1509, 253, 4, '2025-03-21'),
(1510, 243, 4, '2025-03-21'),
(1511, 244, 3, '2025-03-21'),
(1513, 242, 3, '2025-03-21'),
(1520, 256, 3, '2025-03-21'),
(1525, 230, 1, '2025-03-21'),
(1526, 250, 3, '2025-03-21'),
(1530, 254, 1, '2025-03-21'),
(1533, 255, 1, '2025-03-21'),
(1534, 245, 2, '2025-03-21'),
(1535, 248, 1, '2025-03-21'),
(1549, 250, 1, '2025-03-22'),
(1550, 255, 1, '2025-03-22'),
(1551, 245, 1, '2025-03-22'),
(1552, 258, 4, '2025-03-22'),
(1553, 246, 2, '2025-03-22'),
(1555, 256, 1, '2025-03-22'),
(1556, 249, 1, '2025-03-22'),
(1557, 244, 1, '2025-03-22'),
(1560, 248, 1, '2025-03-22'),
(1561, 247, 2, '2025-03-22'),
(1562, 230, 1, '2025-03-22'),
(1564, 242, 1, '2025-03-22'),
(1565, 257, 2, '2025-03-22'),
(1566, 254, 1, '2025-03-22'),
(1569, 246, 1, '2025-03-23'),
(1570, 257, 1, '2025-03-23'),
(1571, 258, 1, '2025-03-23'),
(1572, 247, 2, '2025-03-23'),
(1573, 256, 2, '2025-03-23'),
(1575, 230, 2, '2025-03-23'),
(1578, 255, 1, '2025-03-24'),
(1579, 257, 2, '2025-03-24'),
(1580, 249, 3, '2025-03-24'),
(1581, 243, 1, '2025-03-24'),
(1583, 242, 1, '2025-03-24'),
(1584, 248, 1, '2025-03-24'),
(1585, 244, 1, '2025-03-24'),
(1586, 247, 1, '2025-03-24'),
(1589, 230, 2, '2025-03-25'),
(1590, 249, 3, '2025-03-25'),
(1591, 253, 1, '2025-03-25'),
(1592, 243, 1, '2025-03-25'),
(1593, 250, 1, '2025-03-25'),
(1594, 242, 1, '2025-03-25'),
(1595, 247, 3, '2025-03-25'),
(1596, 257, 2, '2025-03-25'),
(1597, 246, 1, '2025-03-25'),
(1598, 256, 2, '2025-03-25'),
(1599, 254, 1, '2025-03-25'),
(1600, 258, 1, '2025-03-25'),
(1602, 255, 1, '2025-03-25'),
(1603, 245, 1, '2025-03-25'),
(1604, 248, 1, '2025-03-25'),
(1605, 244, 1, '2025-03-25'),
(1612, 249, 2, '2025-03-26'),
(1613, 258, 1, '2025-03-26'),
(1614, 247, 2, '2025-03-26'),
(1615, 253, 1, '2025-03-26'),
(1616, 257, 2, '2025-03-26'),
(1617, 256, 1, '2025-03-26'),
(1621, 254, 2, '2025-03-26'),
(1623, 254, 2, '2025-03-27'),
(1624, 249, 2, '2025-03-27'),
(1625, 256, 1, '2025-03-27'),
(1626, 257, 2, '2025-03-27'),
(1627, 253, 4, '2025-03-27'),
(1628, 258, 1, '2025-03-27'),
(1633, 246, 1, '2025-03-27'),
(1635, 250, 1, '2025-03-27'),
(1637, 247, 2, '2025-03-27'),
(1639, 256, 6, '2025-03-28'),
(1640, 257, 2, '2025-03-28'),
(1641, 254, 1, '2025-03-28'),
(1642, 247, 1, '2025-03-28'),
(1644, 242, 2, '2025-03-28'),
(1651, 256, 1, '2025-03-29'),
(1652, 247, 2, '2025-03-29'),
(1653, 243, 1, '2025-03-29'),
(1654, 257, 2, '2025-03-29'),
(1655, 258, 1, '2025-03-29'),
(1658, 230, 1, '2025-03-29'),
(1659, 253, 1, '2025-03-29'),
(1660, 254, 1, '2025-03-29'),
(1661, 256, 4, '2025-03-30'),
(1662, 257, 2, '2025-03-30'),
(1663, 247, 3, '2025-03-30'),
(1665, 244, 1, '2025-03-30'),
(1668, 242, 1, '2025-03-30'),
(1669, 249, 1, '2025-03-30'),
(1673, 248, 1, '2025-03-30'),
(1674, 255, 3, '2025-03-31'),
(1675, 257, 4, '2025-03-31'),
(1676, 250, 4, '2025-03-31'),
(1678, 249, 4, '2025-03-31'),
(1680, 247, 2, '2025-03-31'),
(1683, 230, 2, '2025-03-31'),
(1685, 246, 2, '2025-03-31'),
(1686, 256, 2, '2025-03-31'),
(1687, 254, 2, '2025-03-31'),
(1688, 258, 2, '2025-03-31'),
(1691, 245, 2, '2025-03-31'),
(1700, 248, 1, '2025-03-31'),
(1701, 243, 1, '2025-03-31'),
(1703, 253, 1, '2025-03-31'),
(1704, 242, 1, '2025-03-31'),
(1706, 244, 1, '2025-03-31'),
(1708, 253, 2, '2025-04-01'),
(1709, 256, 7, '2025-04-01'),
(1710, 244, 1, '2025-04-01'),
(1712, 243, 2, '2025-04-01'),
(1713, 255, 1, '2025-04-01'),
(1714, 250, 1, '2025-04-01'),
(1715, 245, 2, '2025-04-01'),
(1716, 230, 1, '2025-04-01'),
(1717, 249, 2, '2025-04-01'),
(1718, 242, 1, '2025-04-01'),
(1719, 248, 1, '2025-04-01'),
(1720, 246, 1, '2025-04-01'),
(1721, 258, 1, '2025-04-01'),
(1722, 254, 1, '2025-04-01'),
(1723, 247, 6, '2025-04-01'),
(1724, 257, 2, '2025-04-01'),
(1740, 248, 1, '2025-04-02'),
(1741, 254, 1, '2025-04-02'),
(1742, 249, 1, '2025-04-02'),
(1743, 257, 1, '2025-04-02'),
(1744, 255, 1, '2025-04-02'),
(1745, 256, 1, '2025-04-02'),
(1746, 247, 2, '2025-04-03'),
(1747, 257, 1, '2025-04-03'),
(1748, 230, 1, '2025-04-03'),
(1749, 256, 1, '2025-04-03'),
(1750, 243, 1, '2025-04-03'),
(1752, 255, 1, '2025-04-03'),
(1753, 257, 2, '2025-04-04'),
(1754, 249, 1, '2025-04-04'),
(1755, 258, 2, '2025-04-04'),
(1756, 253, 1, '2025-04-04'),
(1757, 247, 1, '2025-04-04'),
(1758, 255, 1, '2025-04-04'),
(1759, 230, 1, '2025-04-04'),
(1760, 245, 1, '2025-04-04'),
(1761, 250, 1, '2025-04-04'),
(1763, 246, 1, '2025-04-04'),
(1764, 256, 1, '2025-04-04'),
(1766, 254, 1, '2025-04-04'),
(1767, 243, 6, '2025-04-05'),
(1768, 255, 2, '2025-04-05'),
(1769, 245, 3, '2025-04-05'),
(1771, 257, 2, '2025-04-05'),
(1772, 256, 6, '2025-04-05'),
(1773, 254, 2, '2025-04-05'),
(1774, 247, 3, '2025-04-05'),
(1775, 258, 2, '2025-04-05'),
(1785, 242, 1, '2025-04-05'),
(1786, 248, 1, '2025-04-05'),
(1789, 250, 1, '2025-04-05'),
(1790, 253, 1, '2025-04-05'),
(1791, 246, 1, '2025-04-05'),
(1793, 249, 1, '2025-04-05'),
(1794, 230, 1, '2025-04-05'),
(1800, 244, 1, '2025-04-05'),
(1801, 258, 2, '2025-04-06'),
(1802, 250, 1, '2025-04-06'),
(1803, 246, 1, '2025-04-06'),
(1804, 245, 1, '2025-04-06'),
(1805, 243, 1, '2025-04-06'),
(1806, 256, 1, '2025-04-06'),
(1807, 248, 1, '2025-04-06'),
(1808, 247, 2, '2025-04-06'),
(1809, 257, 2, '2025-04-06'),
(1810, 242, 1, '2025-04-06'),
(1811, 244, 1, '2025-04-06'),
(1812, 253, 1, '2025-04-06'),
(1814, 255, 2, '2025-04-06'),
(1815, 254, 1, '2025-04-06'),
(1816, 230, 1, '2025-04-06'),
(1817, 249, 2, '2025-04-06'),
(1822, 256, 2, '2025-04-07'),
(1823, 249, 1, '2025-04-07'),
(1824, 244, 1, '2025-04-07'),
(1825, 257, 1, '2025-04-07'),
(1826, 255, 1, '2025-04-07'),
(1827, 230, 1, '2025-04-07'),
(1828, 246, 4, '2025-04-07'),
(1829, 253, 2, '2025-04-07'),
(1834, 247, 1, '2025-04-07'),
(1836, 247, 3, '2025-04-08'),
(1837, 257, 3, '2025-04-08'),
(1838, 244, 1, '2025-04-08'),
(1839, 254, 1, '2025-04-08'),
(1840, 249, 2, '2025-04-08'),
(1841, 256, 1, '2025-04-08'),
(1842, 258, 1, '2025-04-08'),
(1843, 255, 2, '2025-04-08'),
(1850, 256, 5, '2025-04-09'),
(1851, 257, 3, '2025-04-09'),
(1852, 249, 1, '2025-04-09'),
(1854, 243, 3, '2025-04-09'),
(1859, 247, 1, '2025-04-09'),
(1863, 256, 2, '2025-04-10'),
(1864, 243, 3, '2025-04-10'),
(1865, 249, 2, '2025-04-10'),
(1866, 247, 3, '2025-04-10'),
(1867, 250, 2, '2025-04-10'),
(1868, 257, 2, '2025-04-10'),
(1870, 254, 1, '2025-04-10'),
(1871, 253, 1, '2025-04-10'),
(1872, 255, 3, '2025-04-10'),
(1873, 245, 1, '2025-04-10'),
(1874, 242, 1, '2025-04-10'),
(1877, 230, 1, '2025-04-10'),
(1878, 246, 1, '2025-04-10'),
(1882, 244, 1, '2025-04-10'),
(1883, 248, 1, '2025-04-10'),
(1884, 258, 1, '2025-04-10'),
(1889, 243, 1, '2025-04-11'),
(1890, 246, 5, '2025-04-11'),
(1894, 256, 3, '2025-04-11'),
(1895, 247, 2, '2025-04-11'),
(1897, 245, 1, '2025-04-11'),
(1899, 250, 1, '2025-04-11'),
(1900, 257, 2, '2025-04-11'),
(1902, 242, 1, '2025-04-11'),
(1903, 248, 1, '2025-04-11'),
(1904, 255, 1, '2025-04-11'),
(1905, 244, 1, '2025-04-11'),
(1908, 257, 2, '2025-04-12'),
(1909, 253, 3, '2025-04-12'),
(1910, 246, 1, '2025-04-12'),
(1911, 245, 1, '2025-04-12'),
(1912, 250, 1, '2025-04-12'),
(1913, 256, 2, '2025-04-12'),
(1914, 247, 3, '2025-04-12'),
(1915, 249, 1, '2025-04-12'),
(1916, 230, 1, '2025-04-12'),
(1917, 248, 1, '2025-04-12'),
(1918, 242, 1, '2025-04-12'),
(1919, 254, 1, '2025-04-12'),
(1920, 255, 1, '2025-04-12'),
(1921, 244, 1, '2025-04-12'),
(1922, 243, 2, '2025-04-12'),
(1923, 258, 1, '2025-04-12'),
(1931, 230, 2, '2025-04-13'),
(1932, 256, 2, '2025-04-13'),
(1934, 247, 1, '2025-04-13'),
(1935, 248, 1, '2025-04-13'),
(1937, 258, 1, '2025-04-13'),
(1938, 257, 1, '2025-04-13'),
(1939, 247, 1, '2025-04-14'),
(1940, 258, 1, '2025-04-14'),
(1941, 246, 4, '2025-04-14'),
(1945, 230, 1, '2025-04-14'),
(1946, 244, 2, '2025-04-15'),
(1947, 243, 1, '2025-04-15'),
(1948, 257, 1, '2025-04-15'),
(1949, 256, 1, '2025-04-15'),
(1951, 247, 2, '2025-04-15'),
(1952, 230, 1, '2025-04-15'),
(1953, 246, 1, '2025-04-15'),
(1955, 255, 2, '2025-04-16'),
(1957, 253, 2, '2025-04-16'),
(1958, 257, 2, '2025-04-16'),
(1960, 256, 1, '2025-04-16'),
(1961, 258, 1, '2025-04-16'),
(1963, 250, 1, '2025-04-16'),
(1964, 249, 1, '2025-04-16'),
(1965, 247, 2, '2025-04-17'),
(1966, 254, 3, '2025-04-17'),
(1967, 245, 1, '2025-04-17'),
(1968, 257, 1, '2025-04-17'),
(1969, 255, 2, '2025-04-17'),
(1972, 256, 2, '2025-04-17'),
(1973, 246, 4, '2025-04-17'),
(1980, 255, 4, '2025-04-18'),
(1981, 258, 4, '2025-04-18'),
(1982, 243, 4, '2025-04-18'),
(1983, 249, 4, '2025-04-18'),
(1984, 256, 4, '2025-04-18'),
(1985, 254, 5, '2025-04-18'),
(1987, 247, 4, '2025-04-18'),
(1989, 246, 3, '2025-04-18'),
(1990, 257, 4, '2025-04-18'),
(1991, 242, 3, '2025-04-18'),
(1992, 248, 5, '2025-04-18'),
(1994, 244, 3, '2025-04-18'),
(1995, 253, 3, '2025-04-18'),
(1997, 230, 3, '2025-04-18'),
(1998, 245, 5, '2025-04-18'),
(1999, 250, 5, '2025-04-18'),
(2043, 249, 2, '2025-04-19'),
(2044, 246, 1, '2025-04-19'),
(2045, 256, 1, '2025-04-19'),
(2046, 247, 1, '2025-04-19'),
(2047, 245, 1, '2025-04-19'),
(2049, 253, 2, '2025-04-19'),
(2051, 256, 1, '2025-04-20'),
(2052, 250, 4, '2025-04-20'),
(2053, 242, 1, '2025-04-20'),
(2054, 248, 2, '2025-04-20'),
(2056, 257, 2, '2025-04-20'),
(2057, 247, 1, '2025-04-20'),
(2059, 254, 1, '2025-04-20'),
(2060, 245, 1, '2025-04-20'),
(2062, 249, 1, '2025-04-20'),
(2063, 243, 1, '2025-04-20'),
(2066, 246, 4, '2025-04-21'),
(2069, 255, 1, '2025-04-21'),
(2071, 230, 1, '2025-04-21'),
(2072, 247, 2, '2025-04-21'),
(2073, 258, 1, '2025-04-21'),
(2074, 256, 1, '2025-04-21'),
(2075, 244, 1, '2025-04-21'),
(2076, 253, 1, '2025-04-21'),
(2078, 257, 3, '2025-04-22'),
(2080, 250, 1, '2025-04-22'),
(2081, 258, 4, '2025-04-22'),
(2083, 247, 1, '2025-04-22'),
(2084, 245, 1, '2025-04-22'),
(2085, 230, 1, '2025-04-22'),
(2089, 249, 1, '2025-04-22'),
(2090, 244, 1, '2025-04-23'),
(2091, 249, 2, '2025-04-23'),
(2092, 256, 2, '2025-04-23'),
(2093, 246, 1, '2025-04-23'),
(2094, 247, 2, '2025-04-23'),
(2095, 245, 1, '2025-04-23'),
(2096, 230, 3, '2025-04-23'),
(2097, 243, 2, '2025-04-23'),
(2098, 242, 1, '2025-04-23'),
(2099, 248, 1, '2025-04-23'),
(2100, 250, 1, '2025-04-23'),
(2102, 258, 3, '2025-04-23'),
(2110, 255, 1, '2025-04-24'),
(2111, 258, 1, '2025-04-24'),
(2112, 247, 4, '2025-04-24'),
(2116, 246, 2, '2025-04-24'),
(2118, 250, 1, '2025-04-24'),
(2119, 254, 1, '2025-04-24'),
(2120, 257, 1, '2025-04-24'),
(2121, 249, 2, '2025-04-24'),
(2123, 244, 1, '2025-04-25'),
(2124, 258, 2, '2025-04-25'),
(2125, 249, 2, '2025-04-25'),
(2126, 256, 1, '2025-04-25'),
(2127, 255, 1, '2025-04-25'),
(2129, 254, 1, '2025-04-25'),
(2131, 230, 1, '2025-04-25'),
(2132, 247, 1, '2025-04-25'),
(2133, 255, 3, '2025-04-26'),
(2134, 250, 2, '2025-04-26'),
(2136, 257, 1, '2025-04-26'),
(2138, 247, 3, '2025-04-26'),
(2140, 258, 4, '2025-04-26'),
(2141, 248, 1, '2025-04-26'),
(2143, 256, 1, '2025-04-26'),
(2144, 249, 2, '2025-04-26'),
(2145, 246, 1, '2025-04-26'),
(2151, 253, 1, '2025-04-26'),
(2152, 245, 3, '2025-04-27'),
(2153, 247, 3, '2025-04-27'),
(2154, 250, 1, '2025-04-27'),
(2155, 256, 2, '2025-04-27'),
(2157, 230, 1, '2025-04-27'),
(2161, 254, 1, '2025-04-27'),
(2163, 255, 1, '2025-04-27'),
(2164, 249, 1, '2025-04-27'),
(2165, 257, 1, '2025-04-28'),
(2166, 250, 1, '2025-04-28'),
(2167, 242, 1, '2025-04-28'),
(2168, 249, 1, '2025-04-28'),
(2169, 254, 2, '2025-04-28'),
(2170, 256, 1, '2025-04-28'),
(2171, 243, 1, '2025-04-28'),
(2172, 255, 1, '2025-04-28'),
(2173, 258, 1, '2025-04-28'),
(2175, 244, 2, '2025-04-29'),
(2176, 247, 3, '2025-04-29'),
(2177, 257, 2, '2025-04-29'),
(2178, 230, 1, '2025-04-29'),
(2179, 258, 2, '2025-04-29'),
(2182, 250, 2, '2025-04-29'),
(2183, 254, 1, '2025-04-29'),
(2186, 246, 1, '2025-04-29'),
(2189, 255, 3, '2025-04-30'),
(2190, 258, 1, '2025-04-30'),
(2191, 248, 1, '2025-04-30'),
(2192, 244, 1, '2025-04-30'),
(2193, 250, 1, '2025-04-30'),
(2194, 256, 1, '2025-04-30'),
(2195, 247, 2, '2025-04-30'),
(2198, 257, 3, '2025-04-30'),
(2202, 256, 1, '2025-05-01'),
(2203, 257, 2, '2025-05-01'),
(2205, 254, 1, '2025-05-01'),
(2206, 255, 4, '2025-05-01'),
(2207, 245, 3, '2025-05-01'),
(2212, 243, 1, '2025-05-01'),
(2213, 244, 2, '2025-05-01'),
(2214, 249, 1, '2025-05-01'),
(2215, 248, 2, '2025-05-01'),
(2216, 246, 1, '2025-05-01'),
(2217, 250, 3, '2025-05-01'),
(2221, 247, 1, '2025-05-01'),
(2222, 258, 1, '2025-05-01'),
(2225, 242, 1, '2025-05-01'),
(2226, 256, 2, '2025-05-02'),
(2227, 257, 2, '2025-05-02'),
(2229, 246, 1, '2025-05-02'),
(2231, 254, 2, '2025-05-02'),
(2232, 258, 2, '2025-05-02'),
(2233, 230, 1, '2025-05-02'),
(2234, 249, 1, '2025-05-02'),
(2235, 255, 3, '2025-05-02'),
(2236, 245, 1, '2025-05-02'),
(2237, 248, 1, '2025-05-02'),
(2238, 243, 1, '2025-05-02'),
(2239, 247, 2, '2025-05-02'),
(2240, 253, 1, '2025-05-02'),
(2241, 242, 1, '2025-05-02'),
(2242, 250, 4, '2025-05-02'),
(2243, 244, 2, '2025-05-02'),
(2253, 247, 4, '2025-05-03'),
(2254, 254, 2, '2025-05-03'),
(2255, 248, 2, '2025-05-03'),
(2256, 256, 2, '2025-05-03'),
(2257, 245, 3, '2025-05-03'),
(2258, 250, 2, '2025-05-03'),
(2259, 255, 2, '2025-05-03'),
(2261, 258, 2, '2025-05-03'),
(2262, 253, 3, '2025-05-03'),
(2263, 230, 2, '2025-05-03'),
(2264, 257, 2, '2025-05-03'),
(2265, 242, 2, '2025-05-03'),
(2266, 243, 2, '2025-05-03'),
(2267, 244, 3, '2025-05-03'),
(2268, 246, 2, '2025-05-03'),
(2269, 249, 2, '2025-05-03'),
(2290, 250, 4, '2025-05-04'),
(2291, 253, 2, '2025-05-04'),
(2293, 249, 1, '2025-05-04'),
(2294, 230, 1, '2025-05-04'),
(2295, 247, 2, '2025-05-04'),
(2296, 242, 2, '2025-05-04'),
(2297, 248, 1, '2025-05-04'),
(2298, 245, 1, '2025-05-04'),
(2301, 246, 1, '2025-05-04'),
(2302, 257, 4, '2025-05-04'),
(2303, 255, 1, '2025-05-04'),
(2304, 256, 1, '2025-05-04'),
(2305, 254, 1, '2025-05-04'),
(2306, 258, 1, '2025-05-04'),
(2307, 243, 1, '2025-05-04'),
(2308, 244, 1, '2025-05-04'),
(2315, 250, 2, '2025-05-05'),
(2316, 242, 1, '2025-05-05'),
(2317, 256, 1, '2025-05-05'),
(2318, 255, 1, '2025-05-05'),
(2319, 257, 1, '2025-05-05'),
(2321, 230, 1, '2025-05-05'),
(2322, 254, 1, '2025-05-05'),
(2323, 247, 3, '2025-05-06'),
(2324, 242, 1, '2025-05-06'),
(2325, 255, 2, '2025-05-06'),
(2326, 258, 5, '2025-05-06'),
(2328, 257, 1, '2025-05-06'),
(2333, 254, 2, '2025-05-06'),
(2335, 250, 2, '2025-05-06'),
(2337, 256, 1, '2025-05-06'),
(2339, 253, 1, '2025-05-06'),
(2341, 248, 2, '2025-05-06'),
(2343, 255, 1, '2025-05-07'),
(2344, 250, 2, '2025-05-07'),
(2345, 254, 3, '2025-05-07'),
(2348, 244, 1, '2025-05-07'),
(2349, 247, 2, '2025-05-07'),
(2350, 243, 1, '2025-05-07'),
(2353, 258, 5, '2025-05-07'),
(2356, 257, 2, '2025-05-07'),
(2360, 230, 1, '2025-05-07'),
(2361, 246, 1, '2025-05-07'),
(2362, 256, 1, '2025-05-08'),
(2363, 257, 2, '2025-05-08'),
(2364, 247, 1, '2025-05-08'),
(2365, 258, 1, '2025-05-08'),
(2366, 255, 1, '2025-05-08'),
(2367, 244, 1, '2025-05-08'),
(2369, 250, 1, '2025-05-08'),
(2370, 247, 1, '2025-05-09'),
(2371, 258, 4, '2025-05-09'),
(2373, 257, 2, '2025-05-09'),
(2374, 253, 2, '2025-05-09'),
(2376, 250, 3, '2025-05-09'),
(2378, 248, 1, '2025-05-09'),
(2381, 255, 1, '2025-05-09'),
(2382, 254, 1, '2025-05-09'),
(2384, 256, 1, '2025-05-09'),
(2386, 249, 1, '2025-05-09'),
(2387, 246, 1, '2025-05-10'),
(2388, 255, 1, '2025-05-10'),
(2389, 256, 1, '2025-05-10'),
(2390, 243, 2, '2025-05-10'),
(2391, 250, 1, '2025-05-10'),
(2392, 244, 1, '2025-05-10'),
(2393, 253, 2, '2025-05-10'),
(2394, 230, 1, '2025-05-10'),
(2396, 257, 2, '2025-05-10'),
(2397, 248, 1, '2025-05-10'),
(2398, 247, 3, '2025-05-10'),
(2400, 249, 2, '2025-05-10'),
(2404, 254, 1, '2025-05-10'),
(2405, 258, 1, '2025-05-10'),
(2406, 242, 1, '2025-05-10'),
(2408, 255, 2, '2025-05-11'),
(2409, 254, 2, '2025-05-11'),
(2410, 250, 1, '2025-05-11'),
(2412, 247, 4, '2025-05-11'),
(2414, 257, 3, '2025-05-11'),
(2417, 249, 2, '2025-05-11'),
(2421, 258, 1, '2025-05-11'),
(2422, 242, 1, '2025-05-11'),
(2424, 250, 2, '2025-05-12'),
(2425, 253, 1, '2025-05-12'),
(2427, 246, 1, '2025-05-12'),
(2428, 258, 2, '2025-05-12'),
(2430, 256, 1, '2025-05-12'),
(2431, 245, 1, '2025-05-12'),
(2432, 249, 2, '2025-05-12'),
(2433, 255, 1, '2025-05-12'),
(2434, 257, 1, '2025-05-12'),
(2436, 244, 1, '2025-05-12'),
(2437, 230, 2, '2025-05-13'),
(2438, 256, 2, '2025-05-13'),
(2439, 257, 2, '2025-05-13'),
(2440, 250, 3, '2025-05-13'),
(2442, 255, 2, '2025-05-13'),
(2443, 249, 4, '2025-05-13'),
(2444, 258, 2, '2025-05-13'),
(2445, 247, 4, '2025-05-13'),
(2446, 242, 2, '2025-05-13'),
(2448, 244, 3, '2025-05-13'),
(2452, 253, 1, '2025-05-13'),
(2453, 243, 2, '2025-05-13'),
(2454, 254, 2, '2025-05-13'),
(2455, 246, 1, '2025-05-13'),
(2459, 248, 2, '2025-05-13'),
(2471, 249, 2, '2025-05-14'),
(2472, 258, 1, '2025-05-14'),
(2474, 230, 1, '2025-05-14'),
(2475, 250, 1, '2025-05-14'),
(2476, 253, 1, '2025-05-14'),
(2477, 246, 1, '2025-05-15'),
(2478, 250, 1, '2025-05-15'),
(2479, 249, 3, '2025-05-15'),
(2481, 258, 2, '2025-05-15'),
(2482, 247, 1, '2025-05-15'),
(2483, 257, 2, '2025-05-15'),
(2487, 255, 1, '2025-05-15'),
(2488, 250, 1, '2025-05-16'),
(2489, 249, 2, '2025-05-16'),
(2490, 257, 1, '2025-05-16'),
(2492, 254, 1, '2025-05-16'),
(2493, 244, 1, '2025-05-16'),
(2494, 255, 1, '2025-05-16'),
(2495, 245, 1, '2025-05-16'),
(2496, 247, 1, '2025-05-16'),
(2497, 250, 2, '2025-05-17'),
(2498, 257, 3, '2025-05-17'),
(2499, 249, 4, '2025-05-17'),
(2501, 230, 2, '2025-05-17'),
(2503, 256, 1, '2025-05-17'),
(2507, 258, 1, '2025-05-17'),
(2509, 242, 1, '2025-05-17'),
(2510, 254, 1, '2025-05-17'),
(2512, 247, 1, '2025-05-17'),
(2513, 254, 1, '2025-05-18'),
(2514, 255, 3, '2025-05-18'),
(2515, 258, 1, '2025-05-18'),
(2516, 248, 1, '2025-05-18'),
(2517, 256, 1, '2025-05-18'),
(2518, 249, 3, '2025-05-18'),
(2519, 247, 2, '2025-05-18'),
(2520, 243, 1, '2025-05-18'),
(2521, 246, 1, '2025-05-18'),
(2522, 230, 1, '2025-05-18'),
(2523, 257, 3, '2025-05-18'),
(2524, 250, 1, '2025-05-18'),
(2525, 242, 2, '2025-05-18'),
(2526, 245, 1, '2025-05-18'),
(2528, 253, 1, '2025-05-18'),
(2536, 245, 3, '2025-05-19'),
(2537, 257, 1, '2025-05-19'),
(2539, 247, 4, '2025-05-19'),
(2541, 255, 1, '2025-05-19'),
(2542, 254, 1, '2025-05-19'),
(2543, 230, 3, '2025-05-19'),
(2544, 250, 5, '2025-05-19'),
(2545, 249, 2, '2025-05-19'),
(2549, 258, 2, '2025-05-19'),
(2553, 256, 1, '2025-05-19'),
(2556, 248, 1, '2025-05-19'),
(2557, 246, 1, '2025-05-19'),
(2561, 250, 3, '2025-05-20'),
(2562, 245, 3, '2025-05-20'),
(2563, 249, 4, '2025-05-20'),
(2564, 243, 1, '2025-05-20'),
(2565, 255, 1, '2025-05-20'),
(2566, 244, 2, '2025-05-20'),
(2567, 257, 5, '2025-05-20'),
(2568, 256, 1, '2025-05-20'),
(2569, 254, 1, '2025-05-20'),
(2571, 246, 1, '2025-05-20'),
(2572, 253, 2, '2025-05-20'),
(2573, 258, 2, '2025-05-20'),
(2574, 242, 1, '2025-05-20'),
(2575, 248, 1, '2025-05-20'),
(2578, 230, 2, '2025-05-20'),
(2579, 247, 3, '2025-05-20'),
(2594, 250, 2, '2025-05-21'),
(2595, 253, 1, '2025-05-21'),
(2596, 247, 1, '2025-05-21'),
(2597, 245, 1, '2025-05-21'),
(2598, 246, 1, '2025-05-21'),
(2599, 256, 1, '2025-05-21'),
(2600, 249, 1, '2025-05-21'),
(2601, 248, 1, '2025-05-21'),
(2602, 257, 1, '2025-05-21'),
(2603, 243, 1, '2025-05-21'),
(2605, 243, 1, '2025-05-22'),
(2606, 244, 2, '2025-05-22'),
(2607, 255, 2, '2025-05-22'),
(2608, 246, 2, '2025-05-22'),
(2609, 256, 4, '2025-05-22'),
(2610, 257, 3, '2025-05-22'),
(2611, 253, 1, '2025-05-22'),
(2612, 254, 1, '2025-05-22'),
(2613, 242, 3, '2025-05-22'),
(2614, 248, 3, '2025-05-22'),
(2615, 250, 3, '2025-05-22'),
(2616, 258, 2, '2025-05-22'),
(2617, 249, 5, '2025-05-22'),
(2618, 245, 1, '2025-05-22'),
(2619, 230, 3, '2025-05-22'),
(2620, 247, 2, '2025-05-22'),
(2643, 250, 3, '2025-05-23'),
(2644, 249, 3, '2025-05-23'),
(2645, 253, 1, '2025-05-23'),
(2646, 245, 2, '2025-05-23'),
(2647, 257, 2, '2025-05-23'),
(2648, 247, 2, '2025-05-23'),
(2649, 255, 1, '2025-05-23'),
(2651, 230, 1, '2025-05-23'),
(2652, 254, 2, '2025-05-23'),
(2656, 256, 1, '2025-05-23'),
(2658, 258, 1, '2025-05-23'),
(2662, 247, 1, '2025-05-24'),
(2663, 244, 1, '2025-05-24'),
(2664, 258, 2, '2025-05-24'),
(2665, 250, 2, '2025-05-24'),
(2667, 254, 1, '2025-05-24'),
(2668, 230, 1, '2025-05-24'),
(2669, 255, 4, '2025-05-24'),
(2670, 243, 1, '2025-05-24'),
(2675, 244, 1, '2025-05-25'),
(2676, 250, 2, '2025-05-25'),
(2677, 257, 1, '2025-05-25'),
(2678, 247, 4, '2025-05-25'),
(2683, 248, 1, '2025-05-25'),
(2684, 255, 4, '2025-05-25'),
(2688, 256, 1, '2025-05-26'),
(2689, 255, 3, '2025-05-26'),
(2690, 257, 2, '2025-05-26'),
(2693, 243, 1, '2025-05-26'),
(2694, 250, 2, '2025-05-26'),
(2696, 242, 1, '2025-05-26'),
(2698, 244, 1, '2025-05-26'),
(2699, 249, 1, '2025-05-26'),
(2700, 244, 5, '2025-05-27'),
(2701, 256, 4, '2025-05-27'),
(2704, 247, 5, '2025-05-27'),
(2705, 257, 3, '2025-05-27'),
(2706, 253, 2, '2025-05-27'),
(2708, 258, 2, '2025-05-27'),
(2710, 254, 3, '2025-05-27'),
(2715, 246, 1, '2025-05-27'),
(2719, 230, 1, '2025-05-27'),
(2720, 249, 2, '2025-05-27'),
(2721, 255, 2, '2025-05-27'),
(2722, 245, 1, '2025-05-27'),
(2723, 248, 1, '2025-05-27'),
(2724, 243, 1, '2025-05-27'),
(2727, 242, 1, '2025-05-27'),
(2728, 250, 2, '2025-05-27'),
(2736, 256, 2, '2025-05-28'),
(2737, 254, 2, '2025-05-28'),
(2738, 247, 2, '2025-05-28'),
(2740, 243, 1, '2025-05-28'),
(2741, 257, 2, '2025-05-28'),
(2743, 245, 1, '2025-05-28'),
(2744, 253, 1, '2025-05-28'),
(2745, 255, 1, '2025-05-28'),
(2747, 258, 1, '2025-05-28'),
(2749, 248, 1, '2025-05-28'),
(2750, 247, 4, '2025-05-29'),
(2753, 249, 1, '2025-05-29'),
(2754, 255, 1, '2025-05-29'),
(2755, 230, 1, '2025-05-29'),
(2756, 254, 2, '2025-05-29'),
(2757, 250, 1, '2025-05-29'),
(2758, 248, 2, '2025-05-29'),
(2759, 256, 2, '2025-05-29'),
(2761, 246, 1, '2025-05-29'),
(2762, 257, 1, '2025-05-29'),
(2763, 243, 1, '2025-05-29'),
(2766, 244, 1, '2025-05-29'),
(2768, 242, 1, '2025-05-30'),
(2769, 258, 3, '2025-05-30'),
(2770, 248, 1, '2025-05-30'),
(2771, 249, 3, '2025-05-30'),
(2772, 247, 5, '2025-05-30'),
(2773, 243, 1, '2025-05-30'),
(2774, 257, 2, '2025-05-30'),
(2775, 250, 3, '2025-05-30'),
(2776, 230, 1, '2025-05-30'),
(2777, 255, 4, '2025-05-30'),
(2778, 253, 1, '2025-05-30'),
(2779, 256, 3, '2025-05-30'),
(2788, 246, 1, '2025-05-30'),
(2789, 244, 1, '2025-05-30'),
(2797, 245, 1, '2025-05-30'),
(2799, 253, 2, '2025-05-31'),
(2800, 244, 1, '2025-05-31'),
(2801, 255, 2, '2025-05-31'),
(2802, 247, 3, '2025-05-31'),
(2803, 256, 2, '2025-05-31'),
(2805, 243, 1, '2025-05-31'),
(2806, 246, 2, '2025-05-31'),
(2808, 258, 1, '2025-05-31'),
(2810, 248, 1, '2025-05-31'),
(2811, 254, 1, '2025-05-31'),
(2815, 256, 5, '2025-06-01'),
(2816, 245, 3, '2025-06-01'),
(2817, 243, 3, '2025-06-01'),
(2818, 258, 7, '2025-06-01'),
(2820, 247, 4, '2025-06-01'),
(2821, 250, 4, '2025-06-01'),
(2822, 257, 3, '2025-06-01'),
(2824, 249, 2, '2025-06-01'),
(2825, 246, 2, '2025-06-01'),
(2827, 253, 2, '2025-06-01'),
(2830, 230, 2, '2025-06-01'),
(2831, 255, 3, '2025-06-01'),
(2835, 244, 2, '2025-06-01'),
(2836, 242, 2, '2025-06-01'),
(2837, 254, 2, '2025-06-01'),
(2839, 248, 2, '2025-06-01'),
(2863, 250, 3, '2025-06-02'),
(2865, 256, 1, '2025-06-02'),
(2866, 257, 2, '2025-06-02'),
(2867, 243, 2, '2025-06-02'),
(2868, 230, 2, '2025-06-02'),
(2869, 246, 1, '2025-06-02'),
(2872, 254, 1, '2025-06-02'),
(2873, 249, 1, '2025-06-02'),
(2875, 255, 1, '2025-06-02'),
(2876, 258, 1, '2025-06-02'),
(2878, 257, 2, '2025-06-03'),
(2879, 256, 2, '2025-06-03'),
(2880, 247, 1, '2025-06-03'),
(2881, 246, 1, '2025-06-03'),
(2882, 230, 3, '2025-06-03'),
(2883, 255, 2, '2025-06-03'),
(2885, 245, 3, '2025-06-03'),
(2888, 253, 1, '2025-06-03'),
(2889, 243, 1, '2025-06-03'),
(2894, 249, 1, '2025-06-03'),
(2895, 250, 1, '2025-06-03'),
(2896, 248, 2, '2025-06-04'),
(2898, 255, 2, '2025-06-04'),
(2900, 243, 1, '2025-06-04'),
(2901, 247, 1, '2025-06-04'),
(2902, 257, 2, '2025-06-04'),
(2903, 249, 1, '2025-06-04'),
(2904, 258, 1, '2025-06-04'),
(2906, 249, 2, '2025-06-05'),
(2907, 244, 3, '2025-06-05'),
(2909, 250, 1, '2025-06-05'),
(2910, 256, 2, '2025-06-05'),
(2911, 247, 1, '2025-06-05'),
(2912, 255, 1, '2025-06-05'),
(2914, 253, 1, '2025-06-05'),
(2915, 254, 2, '2025-06-05'),
(2919, 250, 2, '2025-06-06'),
(2920, 245, 2, '2025-06-06'),
(2921, 243, 2, '2025-06-06'),
(2922, 256, 3, '2025-06-06'),
(2923, 257, 2, '2025-06-06'),
(2924, 258, 1, '2025-06-06'),
(2926, 246, 1, '2025-06-06'),
(2927, 247, 2, '2025-06-06'),
(2928, 230, 1, '2025-06-06'),
(2930, 249, 1, '2025-06-06'),
(2931, 253, 2, '2025-06-06'),
(2933, 254, 1, '2025-06-06'),
(2939, 256, 3, '2025-06-07'),
(2940, 257, 3, '2025-06-07'),
(2942, 254, 2, '2025-06-07'),
(2944, 253, 1, '2025-06-07'),
(2946, 255, 2, '2025-06-07'),
(2947, 244, 2, '2025-06-07'),
(2950, 249, 1, '2025-06-07'),
(2951, 258, 1, '2025-06-07'),
(2952, 245, 1, '2025-06-07'),
(2953, 247, 1, '2025-06-07'),
(2956, 247, 3, '2025-06-08'),
(2957, 258, 3, '2025-06-08'),
(2958, 250, 1, '2025-06-08'),
(2960, 257, 1, '2025-06-08'),
(2963, 254, 1, '2025-06-08'),
(2965, 257, 3, '2025-06-09'),
(2967, 246, 2, '2025-06-09'),
(2968, 256, 1, '2025-06-09'),
(2969, 254, 3, '2025-06-09'),
(2970, 258, 2, '2025-06-09'),
(2971, 249, 1, '2025-06-09'),
(2972, 255, 2, '2025-06-09'),
(2973, 245, 3, '2025-06-09'),
(2974, 248, 1, '2025-06-09'),
(2975, 243, 1, '2025-06-09'),
(2976, 247, 1, '2025-06-09'),
(2977, 253, 2, '2025-06-09'),
(2978, 242, 1, '2025-06-09'),
(2979, 250, 2, '2025-06-09'),
(2980, 244, 1, '2025-06-09'),
(2991, 256, 2, '2025-06-10'),
(2992, 258, 3, '2025-06-10'),
(2993, 247, 6, '2025-06-10'),
(2994, 250, 5, '2025-06-10'),
(2997, 254, 1, '2025-06-10'),
(2998, 245, 2, '2025-06-10'),
(2999, 244, 1, '2025-06-10'),
(3001, 257, 2, '2025-06-10'),
(3002, 248, 1, '2025-06-10'),
(3003, 249, 1, '2025-06-10'),
(3005, 243, 1, '2025-06-10'),
(3006, 246, 2, '2025-06-10'),
(3007, 230, 2, '2025-06-10'),
(3009, 242, 1, '2025-06-10'),
(3010, 255, 1, '2025-06-10'),
(3011, 253, 3, '2025-06-10'),
(3025, 250, 4, '2025-06-11'),
(3027, 243, 3, '2025-06-11'),
(3028, 254, 3, '2025-06-11'),
(3029, 256, 2, '2025-06-11'),
(3031, 253, 3, '2025-06-11'),
(3032, 248, 2, '2025-06-11'),
(3033, 247, 5, '2025-06-11'),
(3034, 258, 3, '2025-06-11'),
(3037, 244, 2, '2025-06-11'),
(3038, 257, 2, '2025-06-11'),
(3040, 255, 2, '2025-06-11'),
(3041, 242, 2, '2025-06-11'),
(3046, 249, 1, '2025-06-11'),
(3047, 230, 1, '2025-06-11'),
(3049, 245, 1, '2025-06-11'),
(3052, 246, 1, '2025-06-11'),
(3062, 255, 2, '2025-06-12'),
(3063, 243, 1, '2025-06-12'),
(3064, 254, 1, '2025-06-12'),
(3065, 247, 1, '2025-06-12'),
(3066, 257, 3, '2025-06-12'),
(3067, 256, 4, '2025-06-12'),
(3070, 258, 1, '2025-06-12'),
(3072, 242, 1, '2025-06-12'),
(3076, 244, 2, '2025-06-13'),
(3077, 254, 3, '2025-06-13'),
(3079, 243, 2, '2025-06-13'),
(3080, 247, 3, '2025-06-13'),
(3082, 253, 1, '2025-06-13'),
(3086, 250, 1, '2025-06-13'),
(3087, 245, 1, '2025-06-13'),
(3088, 258, 2, '2025-06-13'),
(3090, 255, 3, '2025-06-13'),
(3091, 256, 3, '2025-06-13'),
(3097, 257, 1, '2025-06-13'),
(3098, 250, 3, '2025-06-14'),
(3099, 247, 1, '2025-06-14'),
(3100, 256, 1, '2025-06-14'),
(3103, 258, 2, '2025-06-14'),
(3105, 247, 4, '2025-06-15'),
(3108, 253, 1, '2025-06-15'),
(3109, 250, 4, '2025-06-15'),
(3111, 255, 1, '2025-06-15');
INSERT INTO `ec_product_views` (`id`, `product_id`, `views`, `date`) VALUES
(3112, 258, 4, '2025-06-15'),
(3114, 254, 7, '2025-06-15'),
(3117, 257, 2, '2025-06-15'),
(3118, 256, 1, '2025-06-15'),
(3129, 258, 6, '2025-06-16'),
(3130, 257, 2, '2025-06-16'),
(3131, 250, 4, '2025-06-16'),
(3132, 244, 2, '2025-06-16'),
(3133, 253, 2, '2025-06-16'),
(3136, 255, 2, '2025-06-16'),
(3139, 242, 1, '2025-06-16'),
(3141, 247, 1, '2025-06-16'),
(3142, 243, 1, '2025-06-16'),
(3143, 248, 1, '2025-06-16'),
(3144, 245, 2, '2025-06-16'),
(3146, 249, 1, '2025-06-16'),
(3147, 230, 1, '2025-06-16'),
(3149, 254, 1, '2025-06-16'),
(3150, 256, 4, '2025-06-16'),
(3151, 246, 1, '2025-06-16'),
(3161, 254, 5, '2025-06-17'),
(3162, 258, 11, '2025-06-17'),
(3164, 256, 3, '2025-06-17'),
(3165, 249, 2, '2025-06-17'),
(3166, 250, 2, '2025-06-17'),
(3167, 257, 4, '2025-06-17'),
(3169, 244, 1, '2025-06-17'),
(3170, 247, 6, '2025-06-17'),
(3172, 242, 1, '2025-06-17'),
(3196, 255, 3, '2025-06-18'),
(3198, 243, 3, '2025-06-18'),
(3200, 249, 2, '2025-06-18'),
(3201, 250, 1, '2025-06-18'),
(3202, 258, 4, '2025-06-18'),
(3203, 245, 1, '2025-06-18'),
(3208, 242, 1, '2025-06-18'),
(3209, 254, 2, '2025-06-18'),
(3210, 247, 1, '2025-06-18'),
(3214, 256, 2, '2025-06-18'),
(3216, 257, 1, '2025-06-19'),
(3217, 243, 2, '2025-06-19'),
(3218, 249, 3, '2025-06-19'),
(3219, 247, 2, '2025-06-19'),
(3221, 256, 1, '2025-06-19'),
(3222, 254, 2, '2025-06-19'),
(3223, 255, 2, '2025-06-19'),
(3229, 254, 4, '2025-06-20'),
(3230, 248, 2, '2025-06-20'),
(3233, 242, 1, '2025-06-20'),
(3234, 249, 4, '2025-06-20'),
(3235, 256, 3, '2025-06-20'),
(3236, 257, 2, '2025-06-20'),
(3237, 247, 1, '2025-06-20'),
(3241, 255, 4, '2025-06-20'),
(3248, 243, 1, '2025-06-20'),
(3251, 247, 3, '2025-06-21'),
(3252, 249, 7, '2025-06-21'),
(3256, 255, 3, '2025-06-21'),
(3257, 254, 6, '2025-06-21'),
(3258, 246, 1, '2025-06-21'),
(3260, 243, 2, '2025-06-21'),
(3267, 253, 1, '2025-06-21'),
(3268, 258, 1, '2025-06-21'),
(3270, 230, 2, '2025-06-21'),
(3272, 257, 2, '2025-06-21'),
(3275, 244, 2, '2025-06-21'),
(3278, 256, 1, '2025-06-21'),
(3282, 243, 3, '2025-06-22'),
(3283, 249, 3, '2025-06-22'),
(3284, 254, 3, '2025-06-22'),
(3285, 245, 2, '2025-06-22'),
(3286, 244, 2, '2025-06-22'),
(3289, 258, 3, '2025-06-22'),
(3290, 248, 2, '2025-06-22'),
(3291, 246, 1, '2025-06-22'),
(3292, 230, 1, '2025-06-22'),
(3293, 257, 3, '2025-06-22'),
(3299, 255, 2, '2025-06-22'),
(3302, 256, 6, '2025-06-22'),
(3304, 247, 2, '2025-06-22'),
(3315, 249, 2, '2025-06-23'),
(3316, 243, 4, '2025-06-23'),
(3317, 255, 5, '2025-06-23'),
(3318, 253, 3, '2025-06-23'),
(3320, 257, 2, '2025-06-23'),
(3322, 254, 6, '2025-06-23'),
(3326, 258, 5, '2025-06-23'),
(3329, 256, 2, '2025-06-23'),
(3330, 247, 3, '2025-06-23'),
(3335, 250, 1, '2025-06-23'),
(3336, 245, 1, '2025-06-23'),
(3338, 230, 1, '2025-06-23'),
(3340, 244, 1, '2025-06-23'),
(3351, 243, 5, '2025-06-24'),
(3352, 244, 1, '2025-06-24'),
(3353, 256, 2, '2025-06-24'),
(3354, 255, 7, '2025-06-24'),
(3356, 230, 2, '2025-06-24'),
(3360, 249, 1, '2025-06-24'),
(3361, 247, 1, '2025-06-24'),
(3364, 254, 3, '2025-06-24'),
(3368, 257, 1, '2025-06-24'),
(3370, 258, 1, '2025-06-24'),
(3375, 243, 7, '2025-06-25'),
(3376, 254, 6, '2025-06-25'),
(3379, 255, 7, '2025-06-25'),
(3380, 249, 2, '2025-06-25'),
(3382, 256, 1, '2025-06-25'),
(3385, 257, 1, '2025-06-25'),
(3388, 247, 2, '2025-06-25'),
(3401, 258, 2, '2025-06-26'),
(3402, 256, 2, '2025-06-26'),
(3403, 247, 2, '2025-06-26'),
(3404, 243, 7, '2025-06-26'),
(3405, 255, 7, '2025-06-26'),
(3408, 244, 1, '2025-06-26'),
(3410, 249, 2, '2025-06-26'),
(3411, 254, 5, '2025-06-26'),
(3413, 248, 3, '2025-06-26'),
(3420, 242, 1, '2025-06-26'),
(3422, 245, 2, '2025-06-26'),
(3424, 253, 1, '2025-06-26'),
(3432, 230, 1, '2025-06-26'),
(3437, 256, 2, '2025-06-27'),
(3438, 255, 7, '2025-06-27'),
(3439, 254, 4, '2025-06-27'),
(3440, 243, 4, '2025-06-27'),
(3442, 249, 4, '2025-06-27'),
(3444, 258, 2, '2025-06-27'),
(3445, 248, 1, '2025-06-27'),
(3446, 247, 4, '2025-06-27'),
(3447, 242, 1, '2025-06-27'),
(3453, 257, 1, '2025-06-27'),
(3467, 243, 4, '2025-06-28'),
(3468, 244, 2, '2025-06-28'),
(3469, 255, 5, '2025-06-28'),
(3470, 257, 3, '2025-06-28'),
(3471, 256, 4, '2025-06-28'),
(3472, 254, 6, '2025-06-28'),
(3473, 250, 2, '2025-06-28'),
(3474, 249, 3, '2025-06-28'),
(3475, 246, 1, '2025-06-28'),
(3476, 253, 1, '2025-06-28'),
(3477, 242, 1, '2025-06-28'),
(3478, 248, 1, '2025-06-28'),
(3479, 258, 1, '2025-06-28'),
(3480, 245, 4, '2025-06-28'),
(3481, 230, 4, '2025-06-28'),
(3482, 247, 1, '2025-06-28'),
(3510, 249, 4, '2025-06-29'),
(3511, 255, 4, '2025-06-29'),
(3512, 256, 2, '2025-06-29'),
(3513, 254, 11, '2025-06-29'),
(3514, 243, 4, '2025-06-29'),
(3515, 244, 2, '2025-06-29'),
(3517, 247, 3, '2025-06-29'),
(3522, 257, 1, '2025-06-29'),
(3523, 250, 2, '2025-06-29'),
(3531, 248, 1, '2025-06-29'),
(3533, 242, 1, '2025-06-29'),
(3535, 258, 3, '2025-06-29'),
(3547, 246, 1, '2025-06-29'),
(3549, 258, 1, '2025-06-30'),
(3550, 255, 3, '2025-06-30'),
(3551, 254, 5, '2025-06-30'),
(3552, 248, 1, '2025-06-30'),
(3553, 249, 2, '2025-06-30'),
(3556, 243, 3, '2025-06-30'),
(3557, 250, 4, '2025-06-30'),
(3561, 257, 1, '2025-06-30'),
(3562, 247, 7, '2025-06-30'),
(3564, 253, 1, '2025-06-30'),
(3569, 256, 1, '2025-06-30'),
(3573, 246, 1, '2025-06-30'),
(3579, 253, 2, '2025-07-01'),
(3580, 254, 2, '2025-07-01'),
(3581, 243, 1, '2025-07-01'),
(3582, 255, 4, '2025-07-01'),
(3583, 242, 1, '2025-07-01'),
(3584, 256, 1, '2025-07-01'),
(3585, 245, 1, '2025-07-01'),
(3586, 257, 2, '2025-07-01'),
(3587, 247, 2, '2025-07-01'),
(3588, 246, 1, '2025-07-01'),
(3589, 249, 2, '2025-07-01'),
(3591, 244, 1, '2025-07-01'),
(3592, 248, 1, '2025-07-01'),
(3596, 250, 1, '2025-07-01'),
(3601, 254, 6, '2025-07-02'),
(3603, 253, 2, '2025-07-02'),
(3604, 242, 1, '2025-07-02'),
(3605, 247, 6, '2025-07-02'),
(3607, 256, 2, '2025-07-02'),
(3608, 250, 1, '2025-07-02'),
(3610, 230, 2, '2025-07-02'),
(3616, 258, 3, '2025-07-02'),
(3617, 243, 2, '2025-07-02'),
(3625, 255, 2, '2025-07-02'),
(3627, 249, 1, '2025-07-02'),
(3628, 244, 1, '2025-07-02'),
(3630, 257, 2, '2025-07-03'),
(3631, 248, 3, '2025-07-03'),
(3632, 230, 1, '2025-07-03'),
(3633, 243, 3, '2025-07-03'),
(3634, 249, 4, '2025-07-03'),
(3636, 254, 1, '2025-07-03'),
(3637, 256, 2, '2025-07-03'),
(3639, 247, 2, '2025-07-03'),
(3645, 253, 2, '2025-07-03'),
(3648, 258, 2, '2025-07-03'),
(3649, 255, 1, '2025-07-03'),
(3650, 250, 6, '2025-07-03'),
(3659, 242, 3, '2025-07-04'),
(3660, 248, 1, '2025-07-04'),
(3661, 247, 3, '2025-07-04'),
(3662, 249, 5, '2025-07-04'),
(3663, 245, 2, '2025-07-04'),
(3664, 230, 2, '2025-07-04'),
(3665, 250, 2, '2025-07-04'),
(3666, 253, 2, '2025-07-04'),
(3667, 246, 2, '2025-07-04'),
(3668, 257, 2, '2025-07-04'),
(3669, 255, 5, '2025-07-04'),
(3670, 254, 4, '2025-07-04'),
(3671, 256, 2, '2025-07-04'),
(3672, 243, 1, '2025-07-04'),
(3673, 244, 1, '2025-07-04'),
(3674, 258, 2, '2025-07-04'),
(3698, 254, 4, '2025-07-05'),
(3699, 249, 2, '2025-07-05'),
(3700, 257, 2, '2025-07-05'),
(3701, 258, 3, '2025-07-05'),
(3703, 256, 6, '2025-07-05'),
(3704, 247, 8, '2025-07-05'),
(3709, 244, 4, '2025-07-05'),
(3710, 243, 3, '2025-07-05'),
(3713, 253, 1, '2025-07-05'),
(3714, 255, 4, '2025-07-05'),
(3716, 245, 1, '2025-07-05'),
(3717, 242, 1, '2025-07-05'),
(3719, 250, 1, '2025-07-05'),
(3724, 248, 1, '2025-07-05'),
(3726, 230, 1, '2025-07-05'),
(3740, 256, 9, '2025-07-06'),
(3741, 243, 3, '2025-07-06'),
(3742, 244, 2, '2025-07-06'),
(3743, 249, 2, '2025-07-06'),
(3744, 230, 1, '2025-07-06'),
(3745, 257, 2, '2025-07-06'),
(3751, 254, 1, '2025-07-06'),
(3752, 255, 2, '2025-07-06'),
(3753, 247, 1, '2025-07-06'),
(3758, 248, 1, '2025-07-06'),
(3760, 258, 2, '2025-07-06'),
(3761, 250, 1, '2025-07-06');

-- --------------------------------------------------------

--
